000
CXUS56 KMTR 011353
CLMOAK


CLIMATE REPORT
NATIONAL WEATHER SERVICE SAN FRANCISCO BAY AREA
652 AM PDT SUN JUL 1 2018

...................................

...THE OAKLAND AIRPORT CLIMATE SUMMARY FOR THE MONTH OF JUNE 2018...

CLIMATE NORMAL PERIOD 1981 TO 2010
CLIMATE RECORD PERIOD 1948 TO 2018

WEATHER         OBSERVED          NORMAL  DEPART  LAST YEAR`S
                 VALUE   DATE(S)  VALUE   FROM    VALUE  DATE(S)
                                          NORMAL
................................................................
TEMPERATURE (F)
RECORD
 HIGH             107   06/02/1960
 LOW               18   06/06/2010
HIGHEST            86   06/23                         97  06/18
LOWEST             49   06/10                         51  06/05
AVG. MAXIMUM     70.9              70.5     0.4     73.3
AVG. MINIMUM     53.4              53.8    -0.4     57.3
MEAN             62.2                               65.3
DAYS MAX >= 90      0                                  1
DAYS MAX <= 32      0                                  0
DAYS MIN <= 32      0                                  0
DAYS MIN <= 0       0                                  0

PRECIPITATION (INCHES)
RECORD
 MAXIMUM         1.88   2011
 MINIMUM         0.00   1949
TOTALS              T              0.18   -0.18     0.03
DAILY AVG.          T              0.01   -0.01     0.00
DAYS >= .01         0                                  1
DAYS >= .10         0                                  0
DAYS >= .50         0                                  0
DAYS >= 1.00        0                                  0
GREATEST
 24 HR. TOTAL       T   06/09 TO 06/09           06/08 TO 06/08
                                                          06/30 TO 06/30EATHER         OBSERVED          NORMAL  DEPART  LAST YEAR`S
                                                          06/30 TO 06/30EATHER         OBSERVED          NORMAL  DEPART  LAST YEAR`S

DEGREE_DAYS
HEATING TOTAL      92               103     -11       39
 SINCE 7/1       2626              2873    -247     2028
COOLING TOTAL      15                18      -3       54
 SINCE 1/1         18                34     -16       90
.................................................................

WIND (MPH)
AVERAGE WIND SPEED              10.3
RESULTANT WIND SPEED/DIRECTION   9/269
HIGHEST WIND SPEED/DIRECTION    31/260    DATE  06/16
HIGHEST GUST SPEED/DIRECTION    36/260    DATE  06/16

SKY COVER
POSSIBLE SUNSHINE (PERCENT)   MM
AVERAGE SKY COVER           0.30
NUMBER OF DAYS FAIR           18
NUMBER OF DAYS PC             10
NUMBER OF DAYS CLOUDY          2

AVERAGE RH (PERCENT)     72

WEATHER CONDITIONS. NUMBER OF DAYS WITH
  0
  0
  0
  0
  0
  0
  0
HAZE                     18

-  INDICATES NEGATIVE NUMBERS.
R  INDICATES RECORD WAS SET OR TIED.
MM INDICATES DATA IS MISSING.
T  INDICATES TRACE AMOUNT.

$$
