247
CXUS56 KMTR 011843
CLMOAK


CLIMATE REPORT
NATIONAL WEATHER SERVICE SAN FRANCISCO BAY AREA
1142 AM PDT SUN APR 1 2018

...................................

...THE OAKLAND AIRPORT CLIMATE SUMMARY FOR THE MONTH OF MARCH 2018...

CLIMATE NORMAL PERIOD 1981 TO 2010
CLIMATE RECORD PERIOD 1948 TO 2018

WEATHER         OBSERVED          NORMAL  DEPART  LAST YEAR`S
                 VALUE   DATE(S)  VALUE   FROM    VALUE  DATE(S)
                                          NORMAL
................................................................
TEMPERATURE (F)
RECORD
 HIGH              87   03/08/1986
 LOW               32   03/03/1953
HIGHEST            77   03/30                         78  03/14
                        03/29
LOWEST             37   03/05                         41  03/02
                        03/04                             03/01
AVG. MAXIMUM     61.6              62.6    -1.0     66.1
AVG. MINIMUM     44.7              46.1    -1.4     49.9
MEAN             53.1                               58.0
DAYS MAX >= 90      0                                  0
DAYS MAX <= 32      0                                  0
DAYS MIN <= 32      0                                  0
DAYS MIN <= 0       0                                  0

PRECIPITATION (INCHES)
RECORD
 MAXIMUM         5.88   2012
 MINIMUM         0.04   1956
TOTALS           3.65              3.08    0.57     2.69
DAILY AVG.       0.12              0.10    0.02     0.09
DAYS >= .01        16                                  8
DAYS >= .10        12                                  7
DAYS >= .50         2                                  2
DAYS >= 1.00        0                                  0
GREATEST
 24 HR. TOTAL    0.77   03/01 TO 03/01           03/24 TO 03/24
                                                          03/31 TO 03/31EATHER         OBSERVED          NORMAL  DEPART  LAST YEAR`S
                                                          03/31 TO 03/31EATHER         OBSERVED          NORMAL  DEPART  LAST YEAR`S

DEGREE_DAYS
HEATING TOTAL     361               331      30      210
 SINCE 7/1       2106              2353    -247     1739
COOLING TOTAL       0                 1      -1        1
 SINCE 1/1          0                 1      -1        1
.................................................................

WIND (MPH)
AVERAGE WIND SPEED              8.6
RESULTANT WIND SPEED/DIRECTION   4/251
HIGHEST WIND SPEED/DIRECTION    35/270    DATE  03/01
HIGHEST GUST SPEED/DIRECTION    42/270    DATE  03/01

SKY COVER
POSSIBLE SUNSHINE (PERCENT)   MM
AVERAGE SKY COVER           0.60
NUMBER OF DAYS FAIR            8
NUMBER OF DAYS PC             15
NUMBER OF DAYS CLOUDY          8

AVERAGE RH (PERCENT)     77

WEATHER CONDITIONS. NUMBER OF DAYS WITH
  0
  8
  0
  0
  0
  0
  3
HAZE                     10

-  INDICATES NEGATIVE NUMBERS.
R  INDICATES RECORD WAS SET OR TIED.
MM INDICATES DATA IS MISSING.
T  INDICATES TRACE AMOUNT.

$$
