000
CXUS53 KGID 011819
CLMODX


CLIMATE REPORT
NATIONAL WEATHER SERVICE HASTINGS NE
118 PM CDT SUN JUL 1 2018

...................................

...THE ORD NE CLIMATE SUMMARY FOR THE MONTH OF JUNE 2018...

CLIMATE NORMAL PERIOD 1981 TO 2010
CLIMATE RECORD PERIOD 1895 TO 2018

WEATHER         OBSERVED          NORMAL  DEPART  LAST YEAR`S
                 VALUE   DATE(S)  VALUE   FROM    VALUE
                                          NORMAL
.............................................................
TEMPERATURE (F)
HIGHEST            95   06/16        MM      MM       98
                        06/15
                        06/14
LOWEST             47   06/03        MM      MM       41
AVG. MAXIMUM     84.0              81.2     2.8     86.3
AVG. MINIMUM     60.8              57.1     3.7     56.9
MEAN             72.4              69.2     3.2     71.6
DAYS MAX >= 90      8               4.1     3.9        9
DAYS MAX <= 32      0
DAYS MIN <= 32      0               0.0     0.0        0
DAYS MIN <= 0       0

PRECIPITATION (INCHES)
TOTALS           7.57              4.12    3.45     0.59
DAILY AVG.       0.25              0.14    0.11     0.02
DAYS >= .01        13                MM      MM        4
DAYS >= .10         9                MM      MM        3
DAYS >= .50         5                MM      MM        0
DAYS >= 1.00        2                MM      MM        0
GREATEST
 24 HR. TOTAL    3.01   06/25 TO 06/25

DEGREE_DAYS
HEATING TOTAL       3
 SINCE 7/1       6832
COOLING TOTAL     231
 SINCE 1/1        327
..............................................................

WIND (MPH)
AVERAGE WIND SPEED              9.7
HIGHEST WIND SPEED/DIRECTION    41/340    DATE  06/08
HIGHEST GUST SPEED/DIRECTION    64/360    DATE  06/08

SKY COVER
POSSIBLE SUNSHINE (PERCENT)   MM
NUMBER OF DAYS FAIR           22
NUMBER OF DAYS PC              4
NUMBER OF DAYS CLOUDY          4

AVERAGE RH (PERCENT)     73

WEATHER CONDITIONS. NUMBER OF DAYS WITH
THUNDERSTORM             12     MIXED PRECIP               0
HEAVY RAIN                7     RAIN                       8
LIGHT RAIN               13     FREEZING RAIN              0
LT FREEZING RAIN          0     HAIL                       0
HEAVY SNOW                0     SNOW                       0
LIGHT SNOW                0     SLEET                      0
FOG                      12     FOG W/VIS <= 1/4 MILE      0
HAZE                      0

-  INDICATES NEGATIVE NUMBERS.
R  INDICATES RECORD WAS SET OR TIED.
MM INDICATES DATA IS MISSING.
T  INDICATES TRACE AMOUNT.

$$
