000
CXUS53 KGID 011455
CLMODX


CLIMATE REPORT
NATIONAL WEATHER SERVICE HASTINGS NE
953 AM CDT MON OCT 1 2018

...................................

...THE ORD NE CLIMATE SUMMARY FOR THE MONTH OF SEPTEMBER 2018...

CLIMATE NORMAL PERIOD 1981 TO 2010
CLIMATE RECORD PERIOD 1895 TO 2018

WEATHER         OBSERVED          NORMAL  DEPART  LAST YEAR`S
                 VALUE   DATE(S)  VALUE   FROM    VALUE
                                          NORMAL
.............................................................
TEMPERATURE (F)
HIGHEST            92   09/17        MM      MM       97
LOWEST             33   09/26        MM      MM       38
AVG. MAXIMUM     75.4              78.1    -2.7     78.0
AVG. MINIMUM     54.5              49.1     5.4     51.2
MEAN             65.0              63.6     1.4     64.6
DAYS MAX >= 90      2               3.3    -1.3        5
DAYS MAX <= 32      0
DAYS MIN <= 32      0               0.5    -0.5        0
DAYS MIN <= 0       0

PRECIPITATION (INCHES)
TOTALS           1.53              2.44   -0.91     2.89
DAILY AVG.       0.05              0.08   -0.03     0.10
DAYS >= .01        11                MM      MM       10
DAYS >= .10         4                MM      MM        4
DAYS >= .50         1                MM      MM        2
DAYS >= 1.00        0                MM      MM        0
GREATEST
 24 HR. TOTAL    0.75   09/04 TO 09/04

DEGREE_DAYS
HEATING TOTAL     122
 SINCE 7/1        141
COOLING TOTAL     131
 SINCE 1/1        917
..............................................................

WIND (MPH)
AVERAGE WIND SPEED              8.0
HIGHEST WIND SPEED/DIRECTION    26/330    DATE  09/25
HIGHEST GUST SPEED/DIRECTION    37/320    DATE  09/25

SKY COVER
POSSIBLE SUNSHINE (PERCENT)   MM
NUMBER OF DAYS FAIR           15
NUMBER OF DAYS PC              7
NUMBER OF DAYS CLOUDY          8

AVERAGE RH (PERCENT)     78

WEATHER CONDITIONS. NUMBER OF DAYS WITH
THUNDERSTORM              5     MIXED PRECIP               0
HEAVY RAIN                4     RAIN                       2
LIGHT RAIN               14     FREEZING RAIN              0
LT FREEZING RAIN          0     HAIL                       0
HEAVY SNOW                0     SNOW                       0
LIGHT SNOW                0     SLEET                      0
FOG                      15     FOG W/VIS <= 1/4 MILE      1
HAZE                      0

-  INDICATES NEGATIVE NUMBERS.
R  INDICATES RECORD WAS SET OR TIED.
MM INDICATES DATA IS MISSING.
T  INDICATES TRACE AMOUNT.

$$
