000
CXUS53 KOAX 011652 RRA
CLMOFK

CLIMATE REPORT
NATIONAL WEATHER SERVICE OMAHA NEBRASKA

1038 AM CST FRI FEB 1 2019

...................................

...THE NORFOLK CLIMATE SUMMARY FOR THE MONTH OF JANUARY 2019...

CLIMATE NORMAL PERIOD 1981 TO 2010
CLIMATE RECORD PERIOD 1888 TO 2019

WEATHER         OBSERVED          NORMAL  DEPART
                 VALUE   DATE(S)  VALUE   FROM
                                          NORMAL
................................................
TEMPERATURE (F)
HIGHEST            50   01/07
LOWEST            -14   01/30
AVG. MAXIMUM     32.0              33.0    -1.0
AVG. MINIMUM     14.2              12.1     2.1
MEAN             23.1              22.6     0.5
DAYS MAX >= 90      0
DAYS MAX <= 32     15
DAYS MIN <= 32     29
DAYS MIN <= 0       6

PRECIPITATION (INCHES)
RECORD
 MAXIMUM         2.33   1949
 MINIMUM         0.05   1928
TOTALS           0.16              0.59   -0.43
DAILY AVG.       0.01
DAYS >= .01         6
DAYS >= .10         0
DAYS >= .50         0
DAYS >= 1.00        0
GREATEST
 24 HR. TOTAL    0.06   01/26 TO 01/26

SNOWFALL (INCHES)
RECORDS
 TOTAL           21.2   1932
TOTALS            1.7               6.4
SINCE 7/1        11.8
SNOWDEPTH AVG.      0                 3      -3
DAYS >= 1.0         1
GREATEST
 SNOW DEPTH         2   01/03
                        01/02
                        01/01
 24 HR TOTAL      1.0   01/26 TO 01/26

DEGREE_DAYS
HEATING TOTAL    1292              1316     -24
 SINCE 7/1       4153              4022     131
COOLING TOTAL       0                 0       0
 SINCE 1/1          0                 0       0
.................................................

WIND (MPH)
AVERAGE WIND SPEED              11.0
HIGHEST WIND SPEED/DIRECTION    47/330    DATE  01/28
HIGHEST GUST SPEED/DIRECTION    62/340    DATE  01/28

SKY COVER
AVERAGE SKY COVER           0.50


WEATHER CONDITIONS. NUMBER OF DAYS WITH
THUNDERSTORM              0     MIXED PRECIP               0
HEAVY RAIN                0     RAIN                       0
LIGHT RAIN                1     FREEZING RAIN              0
LT FREEZING RAIN          3     HAIL                       0
HEAVY SNOW                0     SNOW                       0
LIGHT SNOW               13     SLEET                      0
FOG                      13     FOG W/VIS <= 1/4 MILE      2
HAZE                      5

-  INDICATES NEGATIVE NUMBERS.
R  INDICATES RECORD WAS SET OR TIED.
MM INDICATES DATA IS MISSING.
T  INDICATES TRACE AMOUNT.
>= INDICATES GREATER THAN OR EQUAL TO.
<= INDICATES LESS THAN OR EQUAL TO.

&&

$$
