000
CXUS53 KOAX 021546
CLMOFK

CLIMATE REPORT
NATIONAL WEATHER SERVICE OMAHA NEBRASKA
1120 AM CDT SUN JUL 1 2018

...................................

...THE NORFOLK CLIMATE SUMMARY FOR THE MONTH OF JUNE 2018...

CLIMATE NORMAL PERIOD 1981 TO 2010
CLIMATE RECORD PERIOD 1888 TO 2018

WEATHER         OBSERVED          NORMAL  DEPART
                 VALUE   DATE(S)  VALUE   FROM
                                          NORMAL
................................................
TEMPERATURE (F)
HIGHEST            96   06/16
LOWEST             52   06/13
AVG. MAXIMUM     83.9              81.8     2.1
AVG. MINIMUM     63.2              58.6     4.6
MEAN             73.5              70.2     3.3
DAYS MAX >= 90      8
DAYS MAX <= 32      0
DAYS MIN <= 32      0
DAYS MIN <= 0       0

PRECIPITATION (INCHES)
RECORD
 MAXIMUM        12.28   1924
 MINIMUM         0.44   1933
TOTALS          10.75              4.26    6.49
DAILY AVG.       0.36
DAYS >= .01        17
DAYS >= .10        13
DAYS >= .50         6
DAYS >= 1.00        4
GREATEST
 24 HR. TOTAL    2.66   06/25 TO 06/25

SNOWFALL (INCHES)
RECORDS
 TOTAL            0.0   2002
                        2001
                        1996
TOTALS            0.0               0.0
SINCE 7/1        45.2
DAYS >= 1.0         0
GREATEST
 SNOW DEPTH         0
 24 HR TOTAL      0.0

DEGREE DAYS
HEATING TOTAL       6                30     -24
 SINCE 7/1       6876              6643     233
COOLING TOTAL     270               186      84
 SINCE 1/1        410               247     163
.................................................

WIND (MPH)
AVERAGE WIND SPEED              11.0
HIGHEST WIND SPEED/DIRECTION    40/150    DATE  06/28
HIGHEST GUST SPEED/DIRECTION    59/150    DATE  06/28

SKY COVER
AVERAGE SKY COVER           0.30

WEATHER CONDITIONS. NUMBER OF DAYS WITH
THUNDERSTORM             13     MIXED PRECIP               0
HEAVY RAIN                9     RAIN                      10
LIGHT RAIN               19     FREEZING RAIN              0
LT FREEZING RAIN          0     HAIL                       0
HEAVY SNOW                0     SNOW                       0
LIGHT SNOW                0     SLEET                      0
FOG                      19     FOG W/VIS <= 1/4 MILE      1
HAZE                      2

-  INDICATES NEGATIVE NUMBERS.
R  INDICATES RECORD WAS SET OR TIED.
MM INDICATES DATA IS MISSING.
T  INDICATES TRACE AMOUNT.
>= INDICATES GREATER THAN OR EQUAL TO.
<= INDICATES LESS THAN OR EQUAL TO.

&&

...JUNE WAS WARMER AND WETTER THAN NORMAL IN NORFOLK...

THE AVERAGE TEMPERATURE FOR THE MONTH WAS 73.5 DEGREES OR 3.3
DEGREES ABOVE NORMAL. THE WARMEST ON RECORD WAS 80.0 IN 1933.

PRECIPITATION MEASURED 10.75 INCHES, MORE THAN 6 INCHES ABOVE
THE NORMAL OF 4.26 INCHES. THIS WAS THE 5TH WETTEST JUNE ON
RECORD. THE WETTEST WAS 12.28 INCHES IN 1924.

JUNE WAS QUITE WARM WITH ONLY 10 DAYS AVERAGING AT OR BELOW NORMAL.
THE DAILY HIGH TEMPERATURE REACHED 90 OR ABOVE ON 8 DAYS IN JUNE.
THE WARMEST TEMPERATURE WAS 96 DEGREES ON THE 16TH. THE COOLEST WAS
52 DEGREES ON THE 13TH.

ONLY ONE NEW RECORD WAS SET DURING THE MONTH.

RECORD WARM MINIMUM
77 DEGREES ON THE 15TH. OLD RECORD 75 IN 1952.

RAIN WAS REPORTED ON 17 DAYS DURING THE MONTH WITH 4 DAYS RECEIVING
AMOUNTS OF 1 INCH OR MORE.

THE HIGHEST WINDS OF THE MONTH OCCURRED ON THE 28TH WITH GUSTS
REACHING 59 MPH FROM THE SOUTHEAST.

THERE WERE 20 CLEAR DAYS DURING THE MONTH WITH 7 PARTLY CLOUDY
AND 3 CLOUDY DAYS.

$$
