000
CXHW52 PHFO 011643
CLMOGG


CLIMATE REPORT
NATIONAL WEATHER SERVICE HONOLULU HI
627 AM HST TUE JAN 1 2019

...................................

...THE KAHULUI HI CLIMATE SUMMARY FOR THE MONTH OF DECEMBER 2018...

CLIMATE NORMAL PERIOD 1981 TO 2010
CLIMATE RECORD PERIOD 1946 TO 2018

WEATHER         OBSERVED          NORMAL  DEPART  LAST YEAR`S
                 VALUE   DATE(S)  VALUE   FROM    VALUE  DATE(S)
                                          NORMAL
................................................................
TEMPERATURE (F)
RECORD
 HIGH              90   12/06/1995
                        12/24/1992
                        12/13/1991
 LOW               49   12/08/2008
HIGHEST            87   12/07        82       5       83  12/26
                                                          12/12
                                                          12/01
LOWEST             58   12/18        65      -7       57  12/07
AVG. MAXIMUM     83.9              81.6     2.3     79.6
AVG. MINIMUM     67.1              65.1     2.0     64.2
MEAN             75.5              73.3     2.2     71.9
DAYS MAX >= 90      0               0.1    -0.1        0
DAYS MAX <= 32      0               0.0     0.0        0
DAYS MIN <= 32      0               0.0     0.0        0
DAYS MIN <= 0       0               0.0     0.0        0

PRECIPITATION (INCHES)
RECORD
 MAXIMUM        10.21   1996
 MINIMUM         0.00   2011
TOTALS           0.54              3.35   -2.81     7.92
DAILY AVG.       0.02              0.11   -0.09     0.26
DAYS >= .01        12              10.7     1.3       14
DAYS >= .10         2               5.0    -3.0        5
DAYS >= .50         0               1.9    -1.9        2
DAYS >= 1.00        0               0.7    -0.7        1
GREATEST
 24 HR. TOTAL    0.14   12/08 TO 12/08              6.40

SNOWFALL (INCHES)
RECORDS
 TOTAL            0.0   5
                        0
                        -26215
TOTALS            0.0               0.0     0.0      0.0
SINCE 7/1         0.0               0.0     0.0      0.0
SNOWDEPTH AVG.    0.0               0.0     0.0      0.0
DAYS >= 1.0         0               0.0     0.0        0
GREATEST
 SNOW DEPTH       0.0                                0.0
 24 HR TOTAL      0.0   12/31 TO 12/31               0.0

DEGREE_DAYS
HEATING TOTAL       0                 0       0        0
 SINCE 7/1          0                 0       0        0
COOLING TOTAL     323               259      64      223
 SINCE 1/1       4219              3966     253     4169
.................................................................

WIND (MPH)
AVERAGE WIND SPEED              12.7
HIGHEST WIND SPEED/DIRECTION    32/040    DATE  12/14
HIGHEST GUST SPEED/DIRECTION    40/050    DATE  12/11

SKY COVER
POSSIBLE SUNSHINE (PERCENT)   MM
AVERAGE SKY COVER             MM
NUMBER OF DAYS FAIR            0
NUMBER OF DAYS PC              0
NUMBER OF DAYS CLOUDY          0

AVERAGE RH (PERCENT)     MM

WEATHER CONDITIONS. NUMBER OF DAYS WITH
THUNDERSTORM              0     MIXED PRECIP               0
HEAVY RAIN                0     RAIN                       0
LIGHT RAIN                0     FREEZING RAIN              0
LT FREEZING RAIN          0     HAIL                       0
HEAVY SNOW                0     SNOW                       0
LIGHT SNOW                0     SLEET                      0
FOG                      12     FOG W/VIS <= 1/4 MILE      0
HAZE                      5

-  INDICATES NEGATIVE NUMBERS.
R  INDICATES RECORD WAS SET OR TIED.
MM INDICATES DATA IS MISSING.
T  INDICATES TRACE AMOUNT.

$$
