000
CXHW52 PHFO 011625
CLMOGG


CLIMATE REPORT
NATIONAL WEATHER SERVICE HONOLULU HI
625 AM HST SUN JUL 1 2018

...................................

...THE KAHULUI HI CLIMATE SUMMARY FOR THE MONTH OF JUNE 2018...

CLIMATE NORMAL PERIOD 1981 TO 2010
CLIMATE RECORD PERIOD 1946 TO 2018

WEATHER         OBSERVED          NORMAL  DEPART  LAST YEAR`S
                 VALUE   DATE(S)  VALUE   FROM    VALUE  DATE(S)
                                          NORMAL
................................................................
TEMPERATURE (F)
RECORD
 HIGH              94   06/12/1996
                        06/07/1953
                        06/15/1952
 LOW               58   06/02/1985
HIGHEST            91   06/15        86       5       92  06/25
LOWEST             64   06/18        69      -5       65  06/25
                        06/17
AVG. MAXIMUM     87.2              86.3     0.9     87.8
AVG. MINIMUM     68.5              69.6    -1.1     71.0
MEAN             77.8              78.0    -0.2     79.4
DAYS MAX >= 90      3               1.0     2.0        4
DAYS MAX <= 32      0               0.0     0.0        0
DAYS MIN <= 32      0               0.0     0.0        0
DAYS MIN <= 0       0               0.0     0.0        0

PRECIPITATION (INCHES)
RECORD
 MAXIMUM         2.50   1967
 MINIMUM         0.00   1957
TOTALS           0.01              0.20   -0.19     0.12
DAILY AVG.       0.00              0.01   -0.01     0.00
DAYS >= .01         1               5.1    -4.1        4
DAYS >= .10         0               0.5    -0.5        0
DAYS >= .50         0               0.0     0.0        0
DAYS >= 1.00        0               0.0     0.0        0
GREATEST
 24 HR. TOTAL    0.01   06/26 TO 06/26              0.05

SNOWFALL (INCHES)
RECORDS
 TOTAL             MM   0
TOTALS            0.0               0.0     0.0      0.0
SINCE 7/1         0.0               0.0     0.0      0.0
SNOWDEPTH AVG.     MM                MM      MM       MM
DAYS >= 1.0         0               0.0     0.0        0
GREATEST
 SNOW DEPTH        MM                                 MM  MM
 24 HR TOTAL      0.0   06/30 TO 06/30               0.0

DEGREE_DAYS
HEATING TOTAL       0                 0       0        0
 SINCE 7/1          0                 0       0        0
COOLING TOTAL     368               388     -20      440
 SINCE 1/1       1593              1647     -54     1803
.................................................................

WIND (MPH)
AVERAGE WIND SPEED              13.9
HIGHEST WIND SPEED/DIRECTION    32/040    DATE  06/23
HIGHEST GUST SPEED/DIRECTION    43/040    DATE  06/26

SKY COVER
POSSIBLE SUNSHINE (PERCENT)   MM
AVERAGE SKY COVER             MM
NUMBER OF DAYS FAIR            0
NUMBER OF DAYS PC              0
NUMBER OF DAYS CLOUDY          0

AVERAGE RH (PERCENT)     MM

WEATHER CONDITIONS. NUMBER OF DAYS WITH
THUNDERSTORM              0     MIXED PRECIP               0
HEAVY RAIN                0     RAIN                       0
LIGHT RAIN                0     FREEZING RAIN              0
LT FREEZING RAIN          0     HAIL                       0
HEAVY SNOW                0     SNOW                       0
LIGHT SNOW                0     SLEET                      0
FOG                      10     FOG W/VIS <= 1/4 MILE      0
HAZE                      0

-  INDICATES NEGATIVE NUMBERS.
R  INDICATES RECORD WAS SET OR TIED.
MM INDICATES DATA IS MISSING.
T  INDICATES TRACE AMOUNT.

$$
