000
CXUS53 KEAX 010819 RRA
CLMOJC

CLIMATE REPORT
NATIONAL WEATHER SERVICE KANSAS CITY/PLEASANT HILL MO
212 AM CST THU FEB 1 2018

...................................

...THE JOHNSON COUNTY EXECUTIVE CLIMATE SUMMARY FOR THE MONTH OF JANUARY 2018...

CLIMATE NORMAL PERIOD 1981 TO 2010
CLIMATE RECORD PERIOD 9999 TO 9999

WEATHER         OBSERVED          NORMAL  DEPART  LAST YEAR`S
                 VALUE   DATE(S)  VALUE   FROM    VALUE  DATE(S)
                                          NORMAL
................................................................
TEMPERATURE (F)
HIGHEST            64   01/21        61       3       63  01/30
                                                          01/11
LOWEST             -9R  01/01         2     -11        0  01/07
                                                          01/06
AVG. MAXIMUM     38.4              39.1    -0.7     41.9
AVG. MINIMUM     18.9              21.0    -2.1     24.4
MEAN             28.6              30.1    -1.5     33.1
DAYS MAX >= 90      0               0.0     0.0        0
DAYS MAX <= 32     12               8.4     3.6        8
DAYS MIN <= 32     25              26.1    -1.1       25
DAYS MIN <= 0       5               1.2     3.8        2

PRECIPITATION (INCHES)
TOTALS           0.70              1.12   -0.42     0.89
DAILY AVG.       0.02              0.04   -0.02     0.03
DAYS >= .01         6               5.6     0.4        8
DAYS >= .10         2               2.8    -0.8        2
DAYS >= .50         0               0.6    -0.6        1
DAYS >= 1.00        0               0.2    -0.2        0
GREATEST
 24 HR. TOTAL    0.36   01/11 TO 01/11

DEGREE_DAYS
HEATING TOTAL    1122              1083      39      982
 SINCE 7/1       2983              3048     -65     2560
COOLING TOTAL       0                 0       0        0
 SINCE 1/1          0                 0       0        0
.................................................................

WIND (MPH)
AVERAGE WIND SPEED              9.7
HIGHEST WIND SPEED/DIRECTION    35/190    DATE  01/26
HIGHEST GUST SPEED/DIRECTION    48/190    DATE  01/26

SKY COVER
POSSIBLE SUNSHINE (PERCENT)   MM
AVERAGE SKY COVER           0.30
NUMBER OF DAYS FAIR           20
NUMBER OF DAYS PC              5
NUMBER OF DAYS CLOUDY          6

AVERAGE RH (PERCENT)     68

WEATHER CONDITIONS. NUMBER OF DAYS WITH
THUNDERSTORM              2     MIXED PRECIP               0
HEAVY RAIN                2     RAIN                       3
LIGHT RAIN                3     FREEZING RAIN              1
LT FREEZING RAIN          2     HAIL                       0
HEAVY SNOW                0     SNOW                       0
LIGHT SNOW                4     SLEET                      0
FOG                      10     FOG W/VIS <= 1/4 MILE      1
HAZE                      3

-  INDICATES NEGATIVE NUMBERS.
R  INDICATES RECORD WAS SET OR TIED.
MM INDICATES DATA IS MISSING.
T  INDICATES TRACE AMOUNT.

$$
