000
CXUS53 KEAX 010802
CLMOJC

CLIMATE REPORT
NATIONAL WEATHER SERVICE KANSAS CITY/PLEASANT HILL MO
254 AM CDT WED AUG 1 2018

...................................

...THE JOHNSON COUNTY EXECUTIVE CLIMATE SUMMARY FOR THE MONTH OF JULY 2018...

CLIMATE NORMAL PERIOD 1981 TO 2010
CLIMATE RECORD PERIOD 9999 TO 9999

WEATHER         OBSERVED          NORMAL  DEPART  LAST YEAR`S
                 VALUE   DATE(S)  VALUE   FROM    VALUE  DATE(S)
                                          NORMAL
................................................................
TEMPERATURE (F)
HIGHEST            99   07/12        97       2       98  07/22
LOWEST             61   07/31        59       2       60  07/01
AVG. MAXIMUM     88.5              87.7     0.8     87.2
AVG. MINIMUM     68.7              68.8    -0.1     69.0
MEAN             78.6              78.3     0.3     78.1
DAYS MAX >= 90     13              12.8     0.2       11
DAYS MAX <= 32      0               0.0     0.0        0
DAYS MIN <= 32      0               0.0     0.0        0
DAYS MIN <= 0       0               0.0     0.0        0

PRECIPITATION (INCHES)
TOTALS           3.27              3.72   -0.45     9.88
DAILY AVG.       0.11              0.12   -0.01     0.32
DAYS >= .01         7               8.8    -1.8        8
DAYS >= .10         4               6.2    -2.2        5
DAYS >= .50         2               2.5    -0.5        5
DAYS >= 1.00        2               1.3     0.7        3
GREATEST
 24 HR. TOTAL    1.27   07/17 TO 07/17
                        07/14 TO 07/14

DEGREE_DAYS
HEATING TOTAL       0                 0       0        0
 SINCE 7/1          0                 0       0        0
COOLING TOTAL     430               411      19      417
 SINCE 1/1       1076               772     304      781
.................................................................

WIND (MPH)
AVERAGE WIND SPEED              6.1
HIGHEST WIND SPEED/DIRECTION    29/330    DATE  07/17
HIGHEST GUST SPEED/DIRECTION    46/240    DATE  07/14

SKY COVER
POSSIBLE SUNSHINE (PERCENT)   MM
AVERAGE SKY COVER           0.20
NUMBER OF DAYS FAIR           25
NUMBER OF DAYS PC              6
NUMBER OF DAYS CLOUDY          0

AVERAGE RH (PERCENT)     69


-  INDICATES NEGATIVE NUMBERS.
R  INDICATES RECORD WAS SET OR TIED.
MM INDICATES DATA IS MISSING.
T  INDICATES TRACE AMOUNT.

$$
