000
CXUS53 KEAX 011124
CLMOJC

CLIMATE REPORT
NATIONAL WEATHER SERVICE KANSAS CITY/PLEASANT HILL MO
618 AM CDT MON OCT 1 2018

...................................

...THE JOHNSON COUNTY EXECUTIVE CLIMATE SUMMARY FOR THE MONTH OF SEPTEMBER 2018...

CLIMATE NORMAL PERIOD 1981 TO 2010
CLIMATE RECORD PERIOD 9999 TO 9999

WEATHER         OBSERVED          NORMAL  DEPART  LAST YEAR`S
                 VALUE   DATE(S)  VALUE   FROM    VALUE  DATE(S)
                                          NORMAL
................................................................
TEMPERATURE (F)
HIGHEST            91   09/20        92      -1       89  09/21
                        09/19
                        09/18
LOWEST             40   09/27        42      -2       49  09/06
AVG. MAXIMUM     79.3              78.7     0.6     80.7
AVG. MINIMUM     61.1              58.5     2.6     60.3
MEAN             70.2              68.6     1.6     70.5
DAYS MAX >= 90      3               3.1    -0.1        0
DAYS MAX <= 32      0               0.0     0.0        0
DAYS MIN <= 32      0               0.0     0.0        0
DAYS MIN <= 0       0               0.0     0.0        0

PRECIPITATION (INCHES)
TOTALS           3.17              4.51   -1.34     2.21
DAILY AVG.       0.11              0.15   -0.04     0.07
DAYS >= .01        10               8.1     1.9        6
DAYS >= .10         6               5.4     0.6        4
DAYS >= .50         2               2.7    -0.7        1
DAYS >= 1.00        1               1.4    -0.4        1
GREATEST
 24 HR. TOTAL    1.48   09/05 TO 09/05

DEGREE_DAYS
HEATING TOTAL      38                48     -10       14
 SINCE 7/1         38                49     -11       17
COOLING TOTAL     205               156      49      186
 SINCE 1/1       1660              1321     339     1193
.................................................................

WIND (MPH)
AVERAGE WIND SPEED              7.0
HIGHEST WIND SPEED/DIRECTION    25/200    DATE  09/20
HIGHEST GUST SPEED/DIRECTION    38/210    DATE  09/20

SKY COVER
POSSIBLE SUNSHINE (PERCENT)   MM
AVERAGE SKY COVER           0.30
NUMBER OF DAYS FAIR           17
NUMBER OF DAYS PC              8
NUMBER OF DAYS CLOUDY          5

AVERAGE RH (PERCENT)     79

WEATHER CONDITIONS. NUMBER OF DAYS WITH
  0
  5
  0
  0
  0
  0
  1
HAZE                      3

-  INDICATES NEGATIVE NUMBERS.
R  INDICATES RECORD WAS SET OR TIED.
MM INDICATES DATA IS MISSING.
T  INDICATES TRACE AMOUNT.

$$
