000
CXUS56 KSGX 020741
CLMOKB


CLIMATE REPORT
NATIONAL WEATHER SERVICE SAN DIEGO, CA
1241 AM PDT TUE OCT 2 2018

...................................

...THE OCEANSIDE AIRPORT CA CLIMATE SUMMARY FOR THE MONTH OF SEPTEMBER 2018...

CLIMATE NORMAL PERIOD 1981 TO 2010
CLIMATE RECORD PERIOD 1999 TO 2018

WEATHER         OBSERVED          NORMAL  DEPART  LAST YEAR`S
                 VALUE   DATE(S)  VALUE   FROM    VALUE  DATE(S)
                                          NORMAL
................................................................
TEMPERATURE (F)
RECORD
 HIGH             105   09/27/2010
 LOW               45   09/28/2005
HIGHEST            80   09/15        MM      MM       92  09/03
                        09/14                             09/02
LOWEST             54   09/21        MM      MM       47  09/26
                        09/18
                        09/13
AVG. MAXIMUM     76.3              76.5    -0.2     79.3
AVG. MINIMUM     60.3              59.1     1.2     59.5
MEAN             68.3              67.8     0.5     69.4
DAYS MAX >= 90      0               0.3    -0.3        3
DAYS MAX <= 32      0               0.0     0.0        0
DAYS MIN <= 32      0               0.0     0.0        0

PRECIPITATION (INCHES)
RECORD
 MAXIMUM         1.14   2015
 MINIMUM           MM   MM
TOTALS              T              0.24   -0.24        T
DAILY AVG.          T              0.01   -0.01        T
DAYS >= .01         0                MM      MM        0
DAYS >= .10         0                MM      MM        0
DAYS >= .50         0                MM      MM        0
DAYS >= 1.00        0                MM      MM        0
GREATEST
 24 HR. TOTAL       T   09/03 TO 09/03           09/21 TO 09/21
                                                          09/20 TO 09/20EATHER         OBSERVED          NORMAL  DEPART  LAST YEAR`S
                                                          09/17 TO 09/17EATHER         OBSERVED          NORMAL  DEPART  LAST YEAR`S
 STORM TOTAL       MM                                 MM
 (MM/DD(HH))            MM                    09/21(00) TO 09/21(00)
                                                 09/20(00) TO 09/20(00)7EATHER         OBSERVED          NORMAL  DEPART  LAST YEAR`S
                                                 09/17(00) TO 09/17(00)7EATHER         OBSERVED          NORMAL  DEPART  LAST YEAR`S

DEGREE_DAYS
HEATING TOTAL       1                10      -9       10
 SINCE 7/1          1                15     -14       10
COOLING TOTAL     100                94       6      148
 SINCE 1/1        732               394     338      667

FREEZE DATES
RECORD
 EARLIEST     MM
 LATEST       MM
EARLIEST                        MM
LATEST                          MM
.................................................................

WIND (MPH)
AVERAGE WIND SPEED              4.8
RESULTANT WIND SPEED/DIRECTION   3/249
HIGHEST WIND SPEED/DIRECTION    18/250    DATE  09/05
HIGHEST GUST SPEED/DIRECTION    28/210    DATE  09/19

SKY COVER
POSSIBLE SUNSHINE (PERCENT)   MM
AVERAGE SKY COVER           0.50
NUMBER OF DAYS FAIR            8
NUMBER OF DAYS PC             13
NUMBER OF DAYS CLOUDY          9

AVERAGE RH (PERCENT)     75

WEATHER CONDITIONS. NUMBER OF DAYS WITH
  0
  0
  0
  0
  0
  0
  1
HAZE                     15

-  INDICATES NEGATIVE NUMBERS.
R  INDICATES RECORD WAS SET OR TIED.
MM INDICATES DATA IS MISSING.
T  INDICATES TRACE AMOUNT.

$$
