000
CXUS56 KSGX 012143
CLMOKB


CLIMATE REPORT
NATIONAL WEATHER SERVICE SAN DIEGO, CA
142 PM PST FRI FEB 1 2019

...................................

...THE OCEANSIDE AIRPORT CA CLIMATE SUMMARY FOR THE MONTH OF JANUARY 2019...

CLIMATE NORMAL PERIOD 1981 TO 2010
CLIMATE RECORD PERIOD 1999 TO 2019

WEATHER         OBSERVED          NORMAL  DEPART  LAST YEAR`S
                 VALUE   DATE(S)  VALUE   FROM    VALUE  DATE(S)
                                          NORMAL
................................................................
TEMPERATURE (F)
RECORD
 HIGH              90   01/28/2018
 LOW               25   01/15/2007
HIGHEST            77   01/25        MM      MM       90  01/28
LOWEST             27   01/04        MM      MM       34  01/25
                                                          01/23
AVG. MAXIMUM     65.5              65.8    -0.3     71.2
AVG. MINIMUM     41.6              40.3     1.3     43.4
MEAN             53.5              53.0     0.5     57.3
DAYS MAX >= 90      0               0.0     0.0        1
DAYS MAX <= 32      0               0.0     0.0        0
DAYS MIN <= 32      3               2.4     0.6        0

PRECIPITATION (INCHES)
RECORD
 MAXIMUM         5.70   2005
 MINIMUM           MM   MM
TOTALS           2.94              2.65    0.29     2.63
DAILY AVG.       0.09              0.09    0.00     0.08
DAYS >= .01         9                MM      MM        3
DAYS >= .10         7                MM      MM        2
DAYS >= .50         1                MM      MM        1
DAYS >= 1.00        0                MM      MM        1
GREATEST
 24 HR. TOTAL    0.83   01/31 TO 01/31           01/09 TO 01/09
                                                          01/31 TO 01/31EATHER         OBSERVED          NORMAL  DEPART  LAST YEAR`S
                                                          01/31 TO 01/31EATHER         OBSERVED          NORMAL  DEPART  LAST YEAR`S
 STORM TOTAL       MM                                 MM
 (MM/DD(HH))            MM                    01/09(00) TO 01/09(00)
                                                 01/31(00) TO 01/31(00)1EATHER         OBSERVED          NORMAL  DEPART  LAST YEAR`S
                                                 01/31(00) TO 01/31(00)1EATHER         OBSERVED          NORMAL  DEPART  LAST YEAR`S

DEGREE_DAYS
HEATING TOTAL     346               371     -25      230
 SINCE 7/1        901              1105    -204      642
COOLING TOTAL       0                 0       0        3
 SINCE 1/1          0                 0       0        3

FREEZE DATES
RECORD
 EARLIEST     MM
 LATEST       MM
EARLIEST                        MM
LATEST                          MM
.................................................................

WIND (MPH)
AVERAGE WIND SPEED              4.0
RESULTANT WIND SPEED/DIRECTION   1/323
HIGHEST WIND SPEED/DIRECTION    24/090    DATE  01/31
HIGHEST GUST SPEED/DIRECTION    31/090    DATE  01/31

SKY COVER
POSSIBLE SUNSHINE (PERCENT)   MM
AVERAGE SKY COVER           0.30
NUMBER OF DAYS FAIR           21
NUMBER OF DAYS PC              6
NUMBER OF DAYS CLOUDY          4

AVERAGE RH (PERCENT)     75

WEATHER CONDITIONS. NUMBER OF DAYS WITH
  0
  8
  0
  0
  0
  0
  7
HAZE                      5

-  INDICATES NEGATIVE NUMBERS.
R  INDICATES RECORD WAS SET OR TIED.
MM INDICATES DATA IS MISSING.
T  INDICATES TRACE AMOUNT.

$$
