529
CXUS54 KOUN 011546 CCA
CLMOKC

OUNCLMOKC 000
TTAA00 KOUN 011542


CLIMATE REPORT...CORRECTED REMARKS
NATIONAL WEATHER SERVICE NORMAN OK
942 AM CST SAT DEC 1 2018

...................................

...THE OKLAHOMA CITY CLIMATE SUMMARY FOR THE MONTH OF NOVEMBER 2018...

CLIMATE NORMAL PERIOD 1981 TO 2010
CLIMATE RECORD PERIOD 1890 TO 2018

WEATHER         OBSERVED          NORMAL  DEPART  LAST YEAR`S
                 VALUE   DATE(S)  VALUE   FROM    VALUE
                                          NORMAL
.............................................................
TEMPERATURE (F)
RECORD
 HIGH              87   11/08/1980
                        11/05/1891
 LOW                9   11/17/1894
HIGHEST            71                78      -7       82
LOWEST             17                22      -5       28
AVG. MAXIMUM     57.1              61.5    -4.4     64.3
AVG. MINIMUM     32.3              40.0    -7.7     40.8
MEAN             44.7              50.7    -6.0     52.6
DAYS MAX >= 90      0               0.0     0.0        0
DAYS MAX <= 32      0               0.2    -0.2        0
DAYS MIN <= 32     15               5.7     9.3        5
DAYS MIN <= 0       0               0.0     0.0        0

PRECIPITATION (INCHES)
RECORD
 MAXIMUM         9.63   1931
 MINIMUM            T   1910
                        1949
                        2005
TOTALS           0.55              1.98   -1.43     0.07
DAILY AVG.       0.02              0.07   -0.05     0.00
DAYS >= .01         4               6.0    -2.0        2
DAYS >= .10         2               3.5    -1.5        0
DAYS >= .50         0               1.5    -1.5        0
DAYS >= 1.00        0               0.5    -0.5        0
GREATEST
 24 HR. TOTAL    0.36   11/30 TO 11/30

SNOWFALL (INCHES)
TOTALS            0.8               0.4     0.4
SINCE 7/1         0.8               0.4     0.4

DEGREE_DAYS
HEATING TOTAL     597               435     162      369
 SINCE 7/1        831               599     232      550
..............................................................

WIND (MPH)
AVERAGE WIND SPEED              10.8
HIGHEST WIND SPEED/DIRECTION    43/320    DATE  11/25
HIGHEST GUST SPEED/DIRECTION    53/330    DATE  11/25


WEATHER CONDITIONS. NUMBER OF DAYS WITH
THUNDERSTORM              1     MIXED PRECIP               0
HEAVY RAIN                1     RAIN                       1
LIGHT RAIN                4     FREEZING RAIN              0
LT FREEZING RAIN          1     HAIL                       1
HEAVY SNOW                0     SNOW                       0
LIGHT SNOW                1     SLEET                      0
FOG                       6     FOG W/VIS <= 1/4 MILE      1
HAZE                      5

-  INDICATES NEGATIVE NUMBERS.
R  INDICATES RECORD WAS SET OR TIED.
MM INDICATES DATA IS MISSING.
T  INDICATES TRACE AMOUNT.
..............................................................
RECORDS/REMARKS
RECORD LOWEST MINIMUM TEMPERATURE OF 20 DEGREES SET ON NOVEMBER 10TH
RECORD DAILY SNOWFALL OF 0.8 INCHES SET ON NOVEMBER 12TH
RECORD LOWEST MAXIMUM TEMPERATURE OF 35 DEGREES NOVEMBER 18TH
8TH COLDEST NOVEMBER ON RECORD
THE JANUARY THROUGH NOVEMBER TOTAL PRECIPITATION IS 41.69 INCHES.

$$
