000
CXUS54 KOUN 011516
CLMOKC

CLIMATE REPORT
NATIONAL WEATHER SERVICE NORMAN OK
1015 AM CDT FRI JUN 1 2018

...................................

...THE OKLAHOMA CITY CLIMATE SUMMARY FOR THE MONTH OF MAY 2018...

CLIMATE NORMAL PERIOD 1981 TO 2010
CLIMATE RECORD PERIOD 1890 TO 2018

WEATHER         OBSERVED          NORMAL  DEPART  LAST YEAR`S
                 VALUE   DATE(S)  VALUE   FROM    VALUE
                                          NORMAL
.............................................................
TEMPERATURE (F)
RECORD
 HIGH             104   05/30/1985
 LOW               32   05/03/1954
HIGHEST            93   05/30        92       1       95
LOWEST             52   05/05        44       8       41
AVG. MAXIMUM     85.0              80.2     4.8     79.7
AVG. MINIMUM     63.3              59.6     3.7     54.7
MEAN             74.2              69.9     4.3     67.2
DAYS MAX >= 90      4               3.1     0.9        1
DAYS MAX <= 32      0               0.0     0.0        0
DAYS MIN <= 32      0               0.0     0.0        0
DAYS MIN <= 0       0               0.0     0.0        0

PRECIPITATION (INCHES)
RECORD
 MAXIMUM        19.48   2015
 MINIMUM         0.43   1942
TOTALS           4.30              4.65   -0.35     1.10
DAILY AVG.       0.14              0.15   -0.01     0.04
DAYS >= .01         9               9.8    -0.8        7
DAYS >= .10         6               6.4    -0.4        4
DAYS >= .50         3               3.0     0.0        0
DAYS >= 1.00        2               1.1     0.9        0
GREATEST
 24 HR. TOTAL    1.17   05/02 TO 05/02

DEGREE_DAYS
COOLING TOTAL     292               184     108      125
 SINCE 1/1        326               250      76      225
..............................................................

WIND (MPH)
AVERAGE WIND SPEED              11.2
HIGHEST WIND SPEED/DIRECTION    41/200    DATE  05/03
HIGHEST GUST SPEED/DIRECTION    56/200    DATE  05/03


WEATHER CONDITIONS. NUMBER OF DAYS WITH
THUNDERSTORM              9     MIXED PRECIP               0
HEAVY RAIN                4     RAIN                       5
LIGHT RAIN               13     FREEZING RAIN              0
LT FREEZING RAIN          0     HAIL                       0
HEAVY SNOW                0     SNOW                       0
LIGHT SNOW                0     SLEET                      0
FOG                       9     FOG W/VIS <= 1/4 MILE      0
HAZE                      1

-  INDICATES NEGATIVE NUMBERS.
R  INDICATES RECORD WAS SET OR TIED.
MM INDICATES DATA IS MISSING.
T  INDICATES TRACE AMOUNT.

..............................................................
RECORD EVENTS/REMARKS

RANKED 2ND WARMEST MAY ON RECORD.
THE JANUARY THROUGH MAY 2018 TOTAL PRECIPITATION IS 10.02 INCHES.

$$
