000
CXUS54 KOUN 011425 CCA
CLMOKC

CLIMATE REPORT
NATIONAL WEATHER SERVICE NORMAN OK
631 AM CDT SAT SEP 1 2018

...................................

...THE OKLAHOMA CITY CLIMATE SUMMARY FOR THE MONTH OF AUGUST 2018...

CLIMATE NORMAL PERIOD 1981 TO 2010
CLIMATE RECORD PERIOD 1890 TO 2018

WEATHER         OBSERVED          NORMAL  DEPART  LAST YEAR`S
                 VALUE   DATE(S)  VALUE   FROM    VALUE
                                          NORMAL
.............................................................
TEMPERATURE (F)
RECORD
 HIGH             113   08/03/2012
                        08/11/1936
 LOW               49   08/30/1915
                        08/23/1891
HIGHEST            97               102      -5       99
LOWEST             62                60       2       61
AVG. MAXIMUM     89.1              93.4    -4.3     87.0
AVG. MINIMUM     69.0              71.3    -2.3     67.7
MEAN             79.1              82.4    -3.3     77.3
DAYS MAX >= 90     17              22.9    -5.9       10
DAYS MAX <= 32      0               0.0     0.0        0
DAYS MIN <= 32      0               0.0     0.0        0
DAYS MIN <= 0       0               0.0     0.0        0

PRECIPITATION (INCHES)
RECORD
 MAXIMUM         9.95   2008
 MINIMUM         0.00   2000
TOTALS           9.04              3.28    5.76     7.13
DAILY AVG.       0.29              0.11    0.18     0.23
DAYS >= .01         8               6.7     1.3       13
DAYS >= .10         6               4.9     1.1        9
DAYS >= .50         2               2.2    -0.2        8
DAYS >= 1.00        2               1.1     0.9        3
GREATEST
 24 HR. TOTAL    5.06   08/14 TO 08/14

DEGREE_DAYS
COOLING TOTAL     445               538     -93      390
 SINCE 1/1       1755              1737      18     1571
..............................................................

WIND (MPH)
AVERAGE WIND SPEED              9.6
HIGHEST WIND SPEED/DIRECTION    40/020    DATE  08/14
HIGHEST GUST SPEED/DIRECTION    52/030    DATE  08/14


WEATHER CONDITIONS. NUMBER OF DAYS WITH
THUNDERSTORM              9     MIXED PRECIP               0
HEAVY RAIN                4     RAIN                       4
LIGHT RAIN                9     FREEZING RAIN              0
LT FREEZING RAIN          0     HAIL                       1
HEAVY SNOW                0     SNOW                       0
LIGHT SNOW                0     SLEET                      0
FOG                       9     FOG W/VIS <= 1/4 MILE      1
HAZE                      3

-  INDICATES NEGATIVE NUMBERS.
R  INDICATES RECORD WAS SET OR TIED.
MM INDICATES DATA IS MISSING.
T  INDICATES TRACE AMOUNT.
...............................................................
RECORDS/REMARKS

NEW DAILY RAINFALL RECORD OF 2.78 INCHES ON THE 8TH.
NEW DAILY RAINFALL RECORD OF 5.06 INCHES ON THE 14TH.
NEW DAILY RAINFALL RECORD FOR ANY AUG CALENDAR DAY OF 5.06 INCHES.
2ND WETTEST AUGUST ON RECORD.
THE JANUARY THROUGH AUGUST TOTAL PRECIPITATION IS 27.35 INCHES.
$$
