000
CXUS53 KOAX 021719
CLMOMA

CLIMATE REPORT
NATIONAL WEATHER SERVICE OMAHA NEBRASKA
1219 PM CDT THU AUG 2 2018

...................................

...THE OMAHA EPPLEY, NEBRASKA CLIMATE SUMMARY FOR THE MONTH OF JULY 2018...

CLIMATE NORMAL PERIOD 1981 TO 2010
CLIMATE RECORD PERIOD 1871 TO 2018

WEATHER         OBSERVED          NORMAL  DEPART
                 VALUE   DATE(S)  VALUE   FROM
                                          NORMAL
................................................
TEMPERATURE (F)
HIGHEST            98   07/12
LOWEST             57   07/27
AVG. MAXIMUM     87.5              87.3     0.2
AVG. MINIMUM     67.4              66.2     1.2
MEAN             77.5              76.7     0.8
DAYS MAX >= 90      8
DAYS MAX <= 32      0
DAYS MIN <= 32      0
DAYS MIN <= 0       0

PRECIPITATION (INCHES)
RECORD
 MAXIMUM        10.35   1884
 MINIMUM         0.01   2012
TOTALS           2.93              3.83   -0.90
DAILY AVG.       0.09
DAYS >= .01         9
DAYS >= .10         5
DAYS >= .50         2
DAYS >= 1.00        1
GREATEST
 24 HR. TOTAL    1.06   07/17 TO 07/17

SNOWFALL (INCHES)
RECORDS
 TOTAL              T   2016
                        2008
                        2002
TOTALS            0.0               0.0
SINCE 7/1         0.0
DAYS >= 1.0         0
GREATEST
 SNOW DEPTH         0
 24 HR TOTAL      0.0

DEGREE DAYS
HEATING TOTAL       0                 1      -1
 SINCE 7/1          0                 1      -1
COOLING TOTAL     392               365      27
 SINCE 1/1       1000               677     323
.................................................

WIND (MPH)
AVERAGE WIND SPEED              7.5
HIGHEST WIND SPEED/DIRECTION    45/340    DATE  07/04
HIGHEST GUST SPEED/DIRECTION    62/340    DATE  07/04

SKY COVER
AVERAGE SKY COVER           0.50


WEATHER CONDITIONS. NUMBER OF DAYS WITH
THUNDERSTORM              7     MIXED PRECIP               0
HEAVY RAIN                2     RAIN                       4
LIGHT RAIN               10     FREEZING RAIN              0
LT FREEZING RAIN          0     HAIL                       0
HEAVY SNOW                0     SNOW                       0
LIGHT SNOW                0     SLEET                      0
FOG                      12     FOG W/VIS <= 1/4 MILE      2
HAZE                      2

-  INDICATES NEGATIVE NUMBERS.
R  INDICATES RECORD WAS SET OR TIED.
MM INDICATES DATA IS MISSING.
T  INDICATES TRACE AMOUNT.
>= INDICATES GREATER THAN OR EQUAL TO.
<= INDICATES LESS THAN OR EQUAL TO.

&&

...JULY WAS SLIGHTLY WARMER AND DRIER THAN NORMAL IN OMAHA...

THE AVERAGE TEMPERATURE FOR THE MONTH WAS 77.5 DEGREES OR 0.8
DEGREES ABOVE NORMAL.

PRECIPITATION MEASURED 2.93 INCHES, ALMOST AN INCH BELOW THE NORMAL
OF 3.83 INCHES. THE AREA REMAINS BELOW NORMAL FOR THE YEAR WITH A
DEFECIT OF 2.67 INCHES.

THE FIRST HALF OF THE MONTH TENDED TO BE QUITE WARM WITH ONLY 2 DAYS
AVERAGING BELOW NORMAL. DURING THE SECOND HALF HOWEVER ONLY 3 DAYS
AVERAGED AT OR ABOVE NORMAL. THE DAILY HIGH TEMPERATURE REACHED 90
OR ABOVE ON 8 DAYS IN JULY. THE WARMEST TEMPERATURE WAS 98 DEGREES
ON THE 12TH.

RAIN WAS REPORTED ON 10 DAYS WITH THE GREATEST 24 HOUR RAINFALL
ON THE 17TH WITH 1.06 INCHES.

THE HIGHEST WINDS OF THE MONTH OCCURRED ON THE 4TH WITH GUSTS
REACHING 45 MPH FROM THE NORTH.

NO TEMPERATURE OR PRECIPITATION RECORDS WERE SET DURING THE MONTH.

$$
