000
CXUS53 KOAX 011653
CLMOMA

CLIMATE REPORT
NATIONAL WEATHER SERVICE OMAHA NEBRASKA

1038 AM CST FRI FEB 1 2019

...................................

...THE OMAHA EPPLEY, NEBRASKA CLIMATE SUMMARY FOR THE MONTH OF JANUARY 2019...

CLIMATE NORMAL PERIOD 1981 TO 2010
CLIMATE RECORD PERIOD 1871 TO 2019

WEATHER         OBSERVED          NORMAL  DEPART
                 VALUE   DATE(S)  VALUE   FROM
                                          NORMAL
................................................
TEMPERATURE (F)
HIGHEST            56   01/07
                        01/05
LOWEST            -14   01/30
AVG. MAXIMUM     33.4              33.4     0.0
AVG. MINIMUM     15.7              13.6     2.1
MEAN             24.5              23.5     1.0
DAYS MAX >= 90      0
DAYS MAX <= 32     16
DAYS MIN <= 32     29
DAYS MIN <= 0       5

PRECIPITATION (INCHES)
RECORD
 MAXIMUM         3.70   1949
 MINIMUM            T   1986
TOTALS           0.86              0.72    0.14
DAILY AVG.       0.03
DAYS >= .01         9
DAYS >= .10         2
DAYS >= .50         0
DAYS >= 1.00        0
GREATEST
 24 HR. TOTAL    0.41   01/11 TO 01/12

SNOWFALL (INCHES)
RECORDS
 TOTAL           25.7   1936
TOTALS           12.9               6.1
SINCE 7/1        22.8
SNOWDEPTH AVG.      2                 4      -2
DAYS >= 1.0         3
GREATEST
 SNOW DEPTH         6   01/13
 24 HR TOTAL      5.7   01/11 TO 01/12

DEGREE_DAYS
HEATING TOTAL    1246              1286     -40
 SINCE 7/1       3742              3765     -23
COOLING TOTAL       0                 0       0
 SINCE 1/1          0                 0       0
.................................................

WIND (MPH)
AVERAGE WIND SPEED              11.0
HIGHEST WIND SPEED/DIRECTION    41/330    DATE  01/28
HIGHEST GUST SPEED/DIRECTION    54/310    DATE  01/28

SKY COVER
AVERAGE SKY COVER           0.70


WEATHER CONDITIONS. NUMBER OF DAYS WITH
THUNDERSTORM              0     MIXED PRECIP               0
HEAVY RAIN                0     RAIN                       0
LIGHT RAIN                6     FREEZING RAIN              0
LT FREEZING RAIN          2     HAIL                       0
HEAVY SNOW                1     SNOW                       3
LIGHT SNOW               18     SLEET                      0
FOG                      12     FOG W/VIS <= 1/4 MILE      1
HAZE                      8

-  INDICATES NEGATIVE NUMBERS.
R  INDICATES RECORD WAS SET OR TIED.
MM INDICATES DATA IS MISSING.
T  INDICATES TRACE AMOUNT.
>= INDICATES GREATER THAN OR EQUAL TO.
<= INDICATES LESS THAN OR EQUAL TO.

&&

$$
