030
CXAK59 PAFG 020021
CLMOME


CLIMATE REPORT
NATIONAL WEATHER SERVICE FAIRBANKS, AK
313 PM AKST THU FEB 1 2018

...................................

...THE NOME AK CLIMATE SUMMARY FOR THE MONTH OF JANUARY 2018...

CLIMATE NORMAL PERIOD 1981 TO 2010
CLIMATE RECORD PERIOD 1906 TO 2018

WEATHER         OBSERVED          NORMAL  DEPART  LAST YEAR`S
                 VALUE   DATE(S)  VALUE   FROM    VALUE  DATE(S)
                                          NORMAL
................................................................
TEMPERATURE (F)
RECORD
 HIGH              51   01/27/2014
 LOW              -54   01/28/1989
                        01/27/1989
HIGHEST            35   01/13        MM      MM       34  01/26
                                                          01/01
LOWEST            -25   01/21        MM      MM      -28  01/19
                                                          01/18
AVG. MAXIMUM     15.1              13.1     2.0     11.8
AVG. MINIMUM      0.7              -2.8     3.5     -0.1
MEAN              7.9               5.2     2.7      5.8
DAYS MAX >= 90      0               0.0     0.0        0
DAYS MAX <= 32     29              27.7     1.3       29
DAYS MIN <= 32     31              30.7     0.3       31
DAYS MIN <= 0      15              17.1    -2.1       16

PRECIPITATION (INCHES)
RECORD
 MAXIMUM         4.48   1937
 MINIMUM            T   1970
TOTALS           0.46              0.94   -0.48     0.72
DAILY AVG.       0.01              0.03   -0.02     0.02
DAYS >= .01        11              10.7     0.3       12
DAYS >= .10         2               3.2    -1.2        4
DAYS >= .50         0               0.1    -0.1        0
DAYS >= 1.00        0               0.0     0.0        0
GREATEST
 24 HR. TOTAL    0.14   01/14 TO 01/14           01/01 TO 01/02

SNOWFALL (INCHES)
RECORDS
 TOTAL           40.9   1937
 24 HR TOTAL       MM
 SNOW DEPTH        60   01/22/1995
                        01/21/1995
TOTALS            5.8              12.7    -6.9     10.4
SINCE 7/1        56.1              44.5    11.6     35.0
SNOWDEPTH AVG.     25                15      10       18
DAYS >= TRACE      15              11.3     3.7       15
DAYS >= 1.0         2               4.2    -2.2        5
GREATEST
 SNOW DEPTH        27   01/23                         23  01/31
 24 HR TOTAL      1.6   01/14 TO 01/14           01/02 TO 01/02

DEGREE_DAYS
HEATING TOTAL    1760              1855     -95     1827
 SINCE 7/1       6880              7668    -788     7044
COOLING TOTAL       0                 0       0        0
 SINCE 1/1          0                 0       0        0
...................................................

WIND (MPH)
AVERAGE WIND SPEED              7.6
HIGHEST WIND SPEED/DIRECTION    33/100    DATE  01/01
HIGHEST GUST SPEED/DIRECTION    41/110    DATE  01/01

SKY COVER
AVERAGE SKY COVER           0.50


WEATHER CONDITIONS. NUMBER OF DAYS WITH
THUNDERSTORM              0     MIXED PRECIP               0
HEAVY RAIN                0     RAIN                       0
LIGHT RAIN                0     FREEZING RAIN              1
LT FREEZING RAIN          5     HAIL                       0
HEAVY SNOW                0     SNOW                       2
LIGHT SNOW               13     SLEET                      0
FOG                      20     FOG W/VIS <= 1/4 MILE      3
HAZE                      6

-  INDICATES NEGATIVE NUMBERS.
R  INDICATES RECORD WAS SET OR TIED.
MM INDICATES DATA IS MISSING.
T  INDICATES TRACE AMOUNT.

$$
