000
CXAK59 PAFG 021914
CLMOME


CLIMATE REPORT
NATIONAL WEATHER SERVICE FAIRBANKS, AK
1103 AM AKDT MON JUL 2 2018

...................................

...THE NOME AK CLIMATE SUMMARY FOR THE MONTH OF JUNE 2018...

CLIMATE NORMAL PERIOD 1981 TO 2010
CLIMATE RECORD PERIOD 1906 TO 2018

WEATHER         OBSERVED          NORMAL  DEPART  LAST YEAR`S
                 VALUE   DATE(S)  VALUE   FROM    VALUE  DATE(S)
                                          NORMAL
................................................................
TEMPERATURE (F)
RECORD
 HIGH              98   06/25/1919
 LOW               20   06/02/1931
HIGHEST            70   06/05        MM      MM       76  06/08
LOWEST             33   06/01        MM      MM       36  06/18

AVG. MAXIMUM     58.4              54.9     3.5     58.7
AVG. MINIMUM     43.4              40.7     2.7     46.7
MEAN             50.9              47.8     3.1     52.7
DAYS MAX >= 90      0               0.0     0.0        0
DAYS MAX <= 32      0               0.0     0.0        0
DAYS MIN <= 32      0               1.9    -1.9        0
DAYS MIN <= 0       0               0.0     0.0        0

PRECIPITATION (INCHES)
RECORD
 MAXIMUM         4.41   1917
 MINIMUM            T   1920
TOTALS           0.27              0.98   -0.71     1.18
DAILY AVG.       0.01              0.03   -0.02     0.04
DAYS >= .01         5               8.5    -3.5       10
DAYS >= .10         1               3.0    -2.0        6
DAYS >= .50         0               0.3    -0.3        0
DAYS >= 1.00        0               0.0     0.0        0
GREATEST
 24 HR. TOTAL    0.13   06/19 TO 06/19           06/09 TO 06/09

SNOWFALL (INCHES)
RECORDS
 TOTAL            5.0   1924
 24 HR TOTAL       MM
 SNOW DEPTH        16   06/01/1920
TOTALS            0.0               0.3    -0.3      0.0
SINCE 7/1       116.2              75.7    40.5     54.6
SNOWDEPTH AVG.      0                 0       0        0
DAYS >= TRACE       0               0.3    -0.3        0
DAYS >= 1.0         0               0.1    -0.1        0
GREATEST
 SNOW DEPTH         0   MM                             0  MM
 24 HR TOTAL      0.0   06/30 TO 06/30           06/30 TO 06/30

DEGREE_DAYS
HEATING TOTAL     415               517    -102      365
 SINCE 7/1      12113             13701   -1588    12983
COOLING TOTAL       0                 1      -1        4
 SINCE 1/1          0                 1      -1        4
.................................................................

WIND (MPH)
AVERAGE WIND SPEED              9.3
HIGHEST WIND SPEED/DIRECTION    29/040    DATE  06/21
HIGHEST GUST SPEED/DIRECTION    37/040    DATE  06/21

SKY COVER
AVERAGE SKY COVER           0.50

-  INDICATES NEGATIVE NUMBERS.
R  INDICATES RECORD WAS SET OR TIED.
MM INDICATES DATA IS MISSING.
T  INDICATES TRACE AMOUNT.

$$
