223
CXAK59 PAFG 030241
CLMOME


CLIMATE REPORT
NATIONAL WEATHER SERVICE FAIRBANKS, AK
632 PM AKDT TUE OCT 2 2018

...................................

...THE NOME AK CLIMATE SUMMARY FOR THE MONTH OF SEPTEMBER 2018...

CLIMATE NORMAL PERIOD 1981 TO 2010
CLIMATE RECORD PERIOD 1906 TO 2018

WEATHER         OBSERVED          NORMAL  DEPART  LAST YEAR`S
                 VALUE   DATE(S)  VALUE   FROM    VALUE  DATE(S)
                                          NORMAL
................................................................
TEMPERATURE (F)
RECORD
 HIGH              71   09/11/1979
 LOW                9   09/28/1992
HIGHEST            61   09/30        MM      MM       60  09/06
LOWEST             31   09/26        MM      MM       22  09/29
AVG. MAXIMUM     51.9              48.7     3.2     48.6
AVG. MINIMUM     42.6              36.9     5.7     35.2
MEAN             47.3              42.8     4.5     41.9
DAYS MAX >= 90      0               0.0     0.0        0
DAYS MAX <= 32      0               0.1    -0.1        0
DAYS MIN <= 32      1               8.6    -7.6       10
DAYS MIN <= 0       0               0.0     0.0        0

PRECIPITATION (INCHES)
RECORD
 MAXIMUM         7.46   1986
 MINIMUM         0.07   2008
TOTALS           1.31              2.45   -1.14     2.73
DAILY AVG.       0.04              0.08   -0.04     0.09
DAYS >= .01        12              14.9    -2.9        9
DAYS >= .10         5               7.2    -2.2        6
DAYS >= .50         0               1.1    -1.1        3
DAYS >= 1.00        0               0.1    -0.1        0
GREATEST
 24 HR. TOTAL    0.31   09/14 TO 09/14           09/02 TO 09/02

SNOWFALL (INCHES)
RECORDS
 TOTAL            4.0   1920
 24 HR TOTAL       MM
 SNOW DEPTH         2   09/30/1993
                        09/29/1957
TOTALS            0.0               0.6    -0.6        T
SINCE 7/1         0.0               0.6    -0.6        T
SNOWDEPTH AVG.      0                 0       0        0
DAYS >= TRACE       0               0.9    -0.9        1
DAYS >= 1.0         0               0.2    -0.2        0
GREATEST
 SNOW DEPTH         0   MM                             0  MM
 24 HR TOTAL      0.0   09/30 TO 09/30           09/19 TO 09/19

DEGREE_DAYS
HEATING TOTAL     524               666    -142      684
 SINCE 7/1       1328              1526    -198     1530
COOLING TOTAL       0                 0       0        0
 SINCE 1/1          0                 3      -3        4
.................................................................

WIND (MPH)
AVERAGE WIND SPEED              10.4
HIGHEST WIND SPEED/DIRECTION    28/100    DATE  09/29
HIGHEST GUST SPEED/DIRECTION    37/070    DATE  09/28

SKY COVER
AVERAGE SKY COVER           0.70


-  INDICATES NEGATIVE NUMBERS.
R  INDICATES RECORD WAS SET OR TIED.
MM INDICATES DATA IS MISSING.
T  INDICATES TRACE AMOUNT.

$$
