092
CXAK59 PAFG 041432
CLMOME


CLIMATE REPORT
NATIONAL WEATHER SERVICE FAIRBANKS, AK
626 AM AKDT WED APR 4 2018

...................................

...THE NOME AK CLIMATE SUMMARY FOR THE MONTH OF MARCH 2018...

CLIMATE NORMAL PERIOD 1981 TO 2010
CLIMATE RECORD PERIOD 1906 TO 2018

WEATHER         OBSERVED          NORMAL  DEPART  LAST YEAR`S
                 VALUE   DATE(S)  VALUE   FROM    VALUE  DATE(S)
                                          NORMAL
................................................................
TEMPERATURE (F)
RECORD
 HIGH              44   03/02/1938
 LOW              -46   03/11/1971
HIGHEST            34   03/31        MM      MM       26  03/31
LOWEST            -13   03/16        MM      MM      -23  03/01
                        03/15
AVG. MAXIMUM     22.5              18.5     4.0     11.3
AVG. MINIMUM     11.3               2.1     9.2    -10.0
MEAN             16.9              10.3     6.6      0.6
DAYS MAX >= 90      0               0.0     0.0        0
DAYS MAX <= 32     30              26.8     3.2       31
DAYS MIN <= 32     31              30.8     0.2       31
DAYS MIN <= 0       7              14.0    -7.0       26

PRECIPITATION (INCHES)
RECORD
 MAXIMUM         3.37   1907
 MINIMUM            T   1971
                        1960
                        1927
TOTALS           2.48              0.65    1.83     0.01
DAILY AVG.       0.08              0.02    0.06     0.00
DAYS >= .01        18               8.6     9.4        1
DAYS >= .10        10               1.9     8.1        0
DAYS >= .50         1               0.1     0.9        0
DAYS >= 1.00        0               0.0     0.0        0
GREATEST
 24 HR. TOTAL    0.55   03/21 TO 03/21           03/17 TO 03/17

SNOWFALL (INCHES)
RECORDS
 TOTAL           35.0   1935
 24 HR TOTAL       MM
 SNOW DEPTH        78   03/12/2009
TOTALS           34.0               8.9    25.1      0.9
SINCE 7/1       107.3              65.6    41.7     53.1
SNOWDEPTH AVG.     54                20      34       37
DAYS >= TRACE      25               9.1    15.9       11
DAYS >= 1.0        12               2.6     9.4        0
GREATEST
 SNOW DEPTH        67   03/22                         38  03/12

 24 HR TOTAL      5.9   03/21 TO 03/21           03/17 TO 03/17

DEGREE_DAYS
HEATING TOTAL    1483              1696    -213     1988
 SINCE 7/1       9664             10975   -1311    10783
COOLING TOTAL       0                 0       0        0
 SINCE 1/1          0                 0       0        0
........................................................

WIND (MPH)
AVERAGE WIND SPEED              11.1
HIGHEST WIND SPEED/DIRECTION    32/090    DATE  03/22
HIGHEST GUST SPEED/DIRECTION    40/100    DATE  03/22

SKY COVER
AVERAGE SKY COVER           0.80


WEATHER CONDITIONS. NUMBER OF DAYS WITH
THUNDERSTORM              0     MIXED PRECIP               0
HEAVY RAIN                0     RAIN                       0
LIGHT RAIN                0     FREEZING RAIN              0
LT FREEZING RAIN          0     HAIL                       0
HEAVY SNOW                2     SNOW                       9
LIGHT SNOW               23     SLEET                      1
FOG                      23     FOG W/VIS <= 1/4 MILE      7
HAZE                      3

-  INDICATES NEGATIVE NUMBERS.
R  INDICATES RECORD WAS SET OR TIED.
MM INDICATES DATA IS MISSING.
T  INDICATES TRACE AMOUNT.

$$
