000
CXUS56 KOTX 011659 CCA
CLMOMK

CLIMATE REPORT
NATIONAL WEATHER SERVICE SPOKANE, WA
541 AM PDT SAT SEP 1 2018

...................................

...THE OMAK WA AIRPORT CLIMATE SUMMARY FOR THE MONTH OF AUGUST 2018...

CLIMATE NORMAL PERIOD 1981 TO 2010
CLIMATE RECORD PERIOD 9999 TO 9999

WEATHER         OBSERVED          NORMAL  DEPART  LAST YEAR`S
                 VALUE   DATE(S)  VALUE   FROM    VALUE  DATE(S)
                                          NORMAL
................................................................
TEMPERATURE (F)
RECORD
 HIGH             106   08/01/2009
                        08/17/2008
                        08/05/1998
 LOW               34   08/30/1965
HIGHEST           105   08/09        MM      MM      103  08/11
LOWEST             46   08/28        MM      MM       49  08/27
AVG. MAXIMUM     88.7              87.9     0.8     92.7
AVG. MINIMUM     57.0              56.9     0.1     58.4
MEAN             72.8              72.4     0.4     75.6
DAYS MAX >= 90     15              12.9     2.1       23
DAYS MAX <= 32      0               0.0     0.0        0
DAYS MIN <= 32      0               0.0     0.0        0
DAYS MIN <= 0       0               0.0     0.0        0

PRECIPITATION (INCHES)
RECORD
 MAXIMUM         2.88   1951
 MINIMUM            T   2017
                        2016
                        2012
TOTALS           0.02              0.49   -0.47        T
DAILY AVG.       0.00              0.02   -0.02        T
DAYS >= .01         1                MM      MM        0
DAYS >= .10         0                MM      MM        0
DAYS >= .50         0                MM      MM        0
DAYS >= 1.00        0                MM      MM        0
GREATEST
 24 HR. TOTAL    0.02   08/26 TO 08/26                 T

DEGREE_DAYS
HEATING TOTAL      13                16      -3        0
 SINCE 7/1         19                31     -12        0
COOLING TOTAL     264               245      19      335
 SINCE 1/1        722               606     116      792
.................................................................

WIND (MPH)
AVERAGE WIND SPEED              8.0
HIGHEST WIND SPEED/DIRECTION    30/190    DATE  08/11
HIGHEST GUST SPEED/DIRECTION    39/190    DATE  08/11

SKY COVER
POSSIBLE SUNSHINE (PERCENT)   MM
AVERAGE SKY COVER           0.30
NUMBER OF DAYS FAIR           24
NUMBER OF DAYS PC              4
NUMBER OF DAYS CLOUDY          3

AVERAGE RH (PERCENT)     42

WEATHER CONDITIONS. NUMBER OF DAYS WITH
THUNDERSTORM              0     MIXED PRECIP               0
HEAVY RAIN                0     RAIN                       0
LIGHT RAIN                3     FREEZING RAIN              0
LT FREEZING RAIN          0     HAIL                       0
HEAVY SNOW                0     SNOW                       0
LIGHT SNOW                0     SLEET                      0
FOG                       0     FOG W/VIS <= 1/4 MILE      0
HAZE                     24

-  INDICATES NEGATIVE NUMBERS.
R  INDICATES RECORD WAS SET OR TIED.
MM INDICATES DATA IS MISSING.
T  INDICATES TRACE AMOUNT.

$$
