000
CXUS56 KOTX 011509
CLMOMK


CLIMATE REPORT
NATIONAL WEATHER SERVICE SPOKANE, WA
702 AM PST THU FEB 1 2018

...................................

...THE OMAK WA AIRPORT CLIMATE SUMMARY FOR THE MONTH OF JANUARY 2018...

CLIMATE NORMAL PERIOD 1981 TO 2010
CLIMATE RECORD PERIOD 9999 TO 9999

WEATHER         OBSERVED          NORMAL  DEPART  LAST YEAR`S
                 VALUE   DATE(S)  VALUE   FROM    VALUE  DATE(S)
                                          NORMAL
................................................................
TEMPERATURE (F)
RECORD
 HIGH              61   01/13/2014
 LOW              -22   01/25/1949
HIGHEST            42   01/18        MM      MM       37  01/23
                                                          01/20
LOWEST              9   01/03        MM      MM       -8  01/07
AVG. MAXIMUM     34.3              33.0     1.3     26.4
AVG. MINIMUM     25.8              20.6     5.2     17.6
MEAN             30.1              26.8     3.3     22.0
DAYS MAX >= 90      0               0.0     0.0        0
DAYS MAX <= 32      6              11.6    -5.6       19
DAYS MIN <= 32     27              28.9    -1.9       28
DAYS MIN <= 0       0               1.3    -1.3        4

PRECIPITATION (INCHES)
RECORD
 MAXIMUM         3.31   1959
 MINIMUM         0.02   2008
TOTALS           3.20              1.89    1.31     2.03
DAILY AVG.       0.10              0.06    0.04     0.07
DAYS >= .01        15                MM      MM        7
DAYS >= .10         9                MM      MM        6
DAYS >= .50         2                MM      MM        1
DAYS >= 1.00        0                MM      MM        0
GREATEST
 24 HR. TOTAL    0.79   01/24 TO 01/24           01/18 TO 01/19
                                                          01/15 TO 01/15
                                                          01/15 TO 01/15

SNOWFALL (INCHES)
RECORDS
 TOTAL           21.5   1933
TOTALS             MM                MM      MM      0.0
SINCE 7/1          MM                MM      MM      0.0
SNOWDEPTH AVG.     MM                MM      MM        0
DAYS >= 1.0        MM                MM      MM        0
GREATEST
 SNOW DEPTH        MM                                  0  MM
 24 HR TOTAL       MM                            01/15 TO 01/15
                                                          01/15 TO 01/15
                                                          01/15 TO 01/15

DEGREE_DAYS
HEATING TOTAL    1077              1184    -107     1326
 SINCE 7/1       3750              3933    -183     3857
COOLING TOTAL       0                 0       0        0
 SINCE 1/1          0                 0       0        0
......................................................

WIND (MPH)
AVERAGE WIND SPEED              4.8
HIGHEST WIND SPEED/DIRECTION    23/360    DATE  01/11
HIGHEST GUST SPEED/DIRECTION    27/360    DATE  01/11

SKY COVER
POSSIBLE SUNSHINE (PERCENT)   MM
AVERAGE SKY COVER           0.80
NUMBER OF DAYS FAIR            4
NUMBER OF DAYS PC              5
NUMBER OF DAYS CLOUDY         22

AVERAGE RH (PERCENT)     93

WEATHER CONDITIONS. NUMBER OF DAYS WITH
THUNDERSTORM              0     MIXED PRECIP               0
HEAVY RAIN                0     RAIN                       1
LIGHT RAIN                5     FREEZING RAIN              1
LT FREEZING RAIN          4     HAIL                       0
HEAVY SNOW                0     SNOW                       3
LIGHT SNOW               11     SLEET                      0
FOG                      23     FOG W/VIS <= 1/4 MILE     14
HAZE                      0

-  INDICATES NEGATIVE NUMBERS.
R  INDICATES RECORD WAS SET OR TIED.
MM INDICATES DATA IS MISSING.
T  INDICATES TRACE AMOUNT.

$$
