000
CXUS56 KOTX 011225 AAA
CLMOMK

CLIMATE REPORT
NATIONAL WEATHER SERVICE SPOKANE, WA
402 AM PST SAT DEC 1 2018

...................................

...THE OMAK WA AIRPORT CLIMATE SUMMARY FOR THE MONTH OF NOVEMBER 2018...

CLIMATE NORMAL PERIOD 1981 TO 2010
CLIMATE RECORD PERIOD 9999 TO 9999

WEATHER         OBSERVED          NORMAL  DEPART  LAST YEAR`S
                 VALUE   DATE(S)  VALUE   FROM    VALUE  DATE(S)
                                          NORMAL
................................................................
TEMPERATURE (F)
RECORD
 HIGH              70   11/24/1933
 LOW               -6   11/24/2010
HIGHEST            68   11/02        MM      MM       56  11/01
LOWEST             17   11/20        MM      MM       23  11/06
AVG. MAXIMUM     45.4              43.9     1.5     42.2
AVG. MINIMUM     29.2              27.9     1.3     31.5
MEAN             37.3              35.9     1.4     36.7
DAYS MAX >= 90      0               0.0     0.0        0
DAYS MAX <= 32      0               2.7    -2.7        2
DAYS MIN <= 32     18              20.6    -2.6       13
DAYS MIN <= 0       0               0.1    -0.1        0

PRECIPITATION (INCHES)
RECORD
 MAXIMUM         3.76   1944
 MINIMUM            T   1976
TOTALS           0.54              1.61   -1.07     1.55
DAILY AVG.       0.02              0.05   -0.03     0.06
DAYS >= .01         6                MM      MM       12
DAYS >= .10         2                MM      MM        6
DAYS >= .50         0                MM      MM        0
DAYS >= 1.00        0                MM      MM        0
GREATEST
 24 HR. TOTAL    0.27   11/22 TO 11/22              0.41

DEGREE_DAYS
HEATING TOTAL     825               873     -48      787
 SINCE 7/1       1455              1533     -78     1460
COOLING TOTAL       0                 0       0        0
 SINCE 1/1        746               665      81      885
.................................................................

WIND (MPH)
AVERAGE WIND SPEED              5.2
HIGHEST WIND SPEED/DIRECTION    24/010    DATE  11/07
HIGHEST GUST SPEED/DIRECTION    32/290    DATE  11/02

SKY COVER
POSSIBLE SUNSHINE (PERCENT)   MM
AVERAGE SKY COVER           0.50
NUMBER OF DAYS FAIR           14
NUMBER OF DAYS PC              6
NUMBER OF DAYS CLOUDY         10

AVERAGE RH (PERCENT)     81

WEATHER CONDITIONS. NUMBER OF DAYS WITH
THUNDERSTORM              0     MIXED PRECIP               0
HEAVY RAIN                0     RAIN                       1
LIGHT RAIN                8     FREEZING RAIN              0
LT FREEZING RAIN          0     HAIL                       0
HEAVY SNOW                0     SNOW                       0
LIGHT SNOW                2     SLEET                      0
FOG                      16     FOG W/VIS <= 1/4 MILE      5
HAZE                      2

-  INDICATES NEGATIVE NUMBERS.
R  INDICATES RECORD WAS SET OR TIED.
MM INDICATES DATA IS MISSING.
T  INDICATES TRACE AMOUNT.

$$
