000
CXUS51 KBOX 011107
CLMORH


CLIMATE REPORT
NATIONAL WEATHER SERVICE BOSTON/NORTON MA
659 AM EDT SUN JUL 1 2018

...................................

...THE WORCESTER MA CLIMATE SUMMARY FOR THE MONTH OF JUNE 2018...

CLIMATE NORMAL PERIOD 1981 TO 2010
CLIMATE RECORD PERIOD 1892 TO 2018

WEATHER         OBSERVED          NORMAL  DEPART
                 VALUE   DATE(S)  VALUE   FROM
                                          NORMAL
................................................
TEMPERATURE (F)
RECORD
 HIGH              98   06/26/1952
 LOW               33   06/17/1926
HIGHEST            88   06/18
LOWEST             44   06/04
AVG. MAXIMUM     73.4              74.1    -0.7
AVG. MINIMUM     55.4              56.0    -0.6
MEAN             64.4              65.0    -0.6
DAYS MAX >= 90      0               0.4    -0.4
DAYS MAX <= 32      0               0.0     0.0
DAYS MIN <= 32      0               0.0     0.0
DAYS MIN <= 0       0               0.0     0.0

PRECIPITATION (INCHES)
RECORD
 MAXIMUM        12.17   1982
 MINIMUM         0.32   1999
TOTALS           4.02              4.19   -0.17
DAYS >= .01        11              12.3    -1.3
DAYS >= .10         8               7.4     0.6
DAYS >= .50         2               2.6    -0.6
DAYS >= 1.00        1               0.9     0.1
GREATEST
 24 HR. TOTAL    1.74   06/27 TO 06/28

SNOWFALL (INCHES)
RECORDS
 TOTAL            0.0
 SNOW DEPTH         0
TOTALS            0.0               0.0     0.0
SINCE 7/1        96.1              64.1    32.0
SNOWDEPTH AVG.     MM
GREATEST
 SNOW DEPTH        MM
 24 HR TOTAL      0.0   06/30 TO 06/30

DEGREE_DAYS
HEATING TOTAL      85                83       2
 SINCE 7/1       6430              6717    -287
COOLING TOTAL      76                84      -8
 SINCE 1/1        127               106      21
.................................................

WIND (MPH)
AVERAGE WIND SPEED              9.2
RESULTANT WIND SPEED/DIRECTION   4/261
HIGHEST WIND SPEED/DIRECTION    26/300    DATE  06/14
HIGHEST GUST SPEED/DIRECTION    35/300    DATE  06/25

SKY COVER
POSSIBLE SUNSHINE (PERCENT)   MM
AVERAGE SKY COVER           0.40
NUMBER OF DAYS FAIR           16
NUMBER OF DAYS PC              8
NUMBER OF DAYS CLOUDY          6

AVERAGE RH (PERCENT)     71

WEATHER CONDITIONS. NUMBER OF DAYS WITH
THUNDERSTORM              3     MIXED PRECIP               0
HEAVY RAIN                4     RAIN                       6
LIGHT RAIN               15     FREEZING RAIN              0
LT FREEZING RAIN          0     HAIL                       0
HEAVY SNOW                0     SNOW                       0
LIGHT SNOW                0     SLEET                      0
FOG                      15     FOG W/VIS <= 1/4 MILE      6
HAZE                      2

-  INDICATES NEGATIVE NUMBERS.
R  INDICATES RECORD WAS SET OR TIED.
MM INDICATES DATA IS MISSING.
T  INDICATES TRACE AMOUNT.

$$

SIPPRELL
