000
CXAK59 PAFG 032018
CLMOTZ


CLIMATE REPORT
NATIONAL WEATHER SERVICE FAIRBANKS, AK
1110 AM AKST MON DEC 3 2018

...................................

...THE KOTZEBUE AK CLIMATE SUMMARY FOR THE MONTH OF NOVEMBER 2018...

CLIMATE NORMAL PERIOD 1981 TO 2010
CLIMATE RECORD PERIOD 1920 TO 2018

WEATHER         OBSERVED          NORMAL  DEPART  LAST YEAR`S
                 VALUE   DATE(S)  VALUE   FROM    VALUE  DATE(S)
                                          NORMAL
................................................................
TEMPERATURE (F)
RECORD
 HIGH              40   11/05/2003
 LOW              -37   11/24/1935
HIGHEST            35   11/07        MM      MM       34  11/11
                                                          11/03
                                                          11/02
LOWEST             -5   11/24        MM      MM       -4  11/20
AVG. MAXIMUM     22.1              14.2     7.9     23.2
AVG. MINIMUM     13.5               4.0     9.5     12.7
MEAN             17.8               9.1     8.7     17.9
DAYS MAX >= 90      0               0.0     0.0        0
DAYS MAX <= 32     29              28.2     0.8       24
DAYS MIN <= 32     30              29.8     0.2       30
DAYS MIN <= 0       4              12.6    -8.6        7

PRECIPITATION (INCHES)
RECORD
 MAXIMUM         2.59   2017
 MINIMUM            T   1939
                        1934
                        1929
TOTALS           0.64              0.77   -0.13     2.59
DAILY AVG.       0.02              0.03   -0.01     0.09
DAYS >= .01        12               9.8     2.2       16
DAYS >= .10         2               2.7    -0.7        7
DAYS >= .50         0               0.1    -0.1        2
DAYS >= 1.00        0               0.0     0.0        0
GREATEST
 24 HR. TOTAL    0.18   11/19 TO 11/19           11/21 TO 11/21

SNOWFALL (INCHES)
RECORDS
 TOTAL           45.6   2003
 24 HR TOTAL       MM
 SNOW DEPTH        40   11/30/2017
                        11/29/2017
                        11/28/2017
TOTALS            6.8              10.5    -3.7     31.8
SINCE 7/1        13.2              17.4    -4.2     40.4
SNOWDEPTH AVG.      3                 6      -3       19
DAYS >= TRACE      19              10.3     8.7       21
DAYS >= 1.0         2               3.5    -1.5        8
GREATEST
 SNOW DEPTH         6   11/30                         40  11/30

 24 HR TOTAL      1.8   11/19 TO 11/19           11/21 TO 11/21

DEGREE_DAYS
HEATING TOTAL    1407              1677    -270     1404
 SINCE 7/1       3365              4358    -993     3817
COOLING TOTAL       0                 0       0        0
 SINCE 1/1          4                 5      -1        1
.................................................................

WIND (MPH)
AVERAGE WIND SPEED              14.1
HIGHEST WIND SPEED/DIRECTION    41/110    DATE  11/06
HIGHEST GUST SPEED/DIRECTION    47/120    DATE  11/06

SKY COVER
AVERAGE SKY COVER           0.60


-  INDICATES NEGATIVE NUMBERS.
R  INDICATES RECORD WAS SET OR TIED.
MM INDICATES DATA IS MISSING.
T  INDICATES TRACE AMOUNT.

$$
