000
CXUS53 KDDC 021700 CCA
CLMP28

CLIMATE REPORT
NATIONAL WEATHER SERVICE DODGE CITY KS
1214 PM CST THU FEB 1 2018

...................................

...THE MEDICINE LODGE KS CLIMATE SUMMARY FOR THE MONTH OF JANUARY 2018...

CLIMATE NORMAL PERIOD 1981 TO 2010
CLIMATE RECORD PERIOD 1893 TO 2018

WEATHER         OBSERVED          NORMAL  DEPART  LAST YEAR`S
                 VALUE   DATE(S)  VALUE   FROM    VALUE  DATE(S)
                                          NORMAL
................................................................
TEMPERATURE (F)
RECORD
 HIGH              82   01/27/2015
                        01/22/1967
                        01/05/1927
 LOW              -20   01/15/1905
HIGHEST            69   01/25        MM      MM       73  01/30
LOWEST             -4   01/01        MM      MM        2  01/07
AVG. MAXIMUM     48.3              45.3     3.0     47.5
AVG. MINIMUM     20.0              21.6    -1.6     23.8
MEAN             34.2              33.4     0.8     35.7
DAYS MAX >= 90      0               0.0     0.0        0
DAYS MAX <= 32      5               5.8    -0.8        5
DAYS MIN <= 32     25              28.0    -3.0       28
DAYS MIN <= 0       3               0.2     2.8        0

PRECIPITATION (INCHES)
RECORD
 MAXIMUM         3.70   2017
 MINIMUM         0.00   1893
TOTALS           0.08              0.71   -0.63     3.70
DAYS >= .01         1               4.2    -3.2        7
DAYS >= .10         0               1.9    -1.9        4
DAYS >= .50         0               0.5    -0.5        3
DAYS >= 1.00        0               0.1    -0.1        1
GREATEST
 24 HR. TOTAL    0.08   01/11 TO 01/11           01/14 TO 01/15
                                                          01/05 TO 01/05
                                                          01/05 TO 01/05

DEGREE_DAYS
HEATING TOTAL     899               978     -79      903
 SINCE 7/1       2561              2777    -216     2460
COOLING TOTAL       0                 0       0        0
 SINCE 1/1          0                 0       0        0
......................................................

WIND (MPH)
AVERAGE WIND SPEED              9.6
HIGHEST WIND SPEED/DIRECTION    41/330    DATE  01/22
HIGHEST GUST SPEED/DIRECTION    62/310    DATE  01/22



-  INDICATES NEGATIVE NUMBERS.
R  INDICATES RECORD WAS SET OR TIED.
MM INDICATES DATA IS MISSING.
T  INDICATES TRACE AMOUNT.

$$
