000
CXUS53 KDDC 041644
CLMP28


CLIMATE REPORT
NATIONAL WEATHER SERVICE DODGE CITY KS
1132 AM CDT TUE SEP 4 2018

...................................

...THE MEDICINE LODGE KS CLIMATE SUMMARY FOR THE MONTH OF AUGUST 2018...

CLIMATE NORMAL PERIOD 1981 TO 2010
CLIMATE RECORD PERIOD 1893 TO 2018

WEATHER         OBSERVED          NORMAL  DEPART  LAST YEAR`S
                 VALUE   DATE(S)  VALUE   FROM    VALUE  DATE(S)
                                          NORMAL
................................................................
TEMPERATURE (F)
RECORD
 HIGH             118   08/12/1936
 LOW               40   08/27/1906
HIGHEST            99   08/31        MM      MM      101  08/05
LOWEST             57   08/21        MM      MM       53  08/30
                        08/01                             08/29
AVG. MAXIMUM     90.4              92.7    -2.3     87.5
AVG. MINIMUM     67.0              67.9    -0.9     63.5
MEAN             78.7              80.3    -1.6     75.5
DAYS MAX >= 90     20              20.0     0.0        8
DAYS MAX <= 32      0               0.0     0.0        0
DAYS MIN <= 32      0               0.0     0.0        0
DAYS MIN <= 0       0               0.0     0.0        0

PRECIPITATION (INCHES)
RECORD
 MAXIMUM         8.77   1927
 MINIMUM         0.01   2000
TOTALS           4.54              3.12    1.42     3.61
DAYS >= .01         9               7.9     1.1       10
DAYS >= .10         4               5.2    -1.2        5
DAYS >= .50         4               1.9     2.1        1
DAYS >= 1.00        3               0.8     2.2        1
GREATEST
 24 HR. TOTAL    1.40   08/13 TO 08/13

DEGREE_DAYS
HEATING TOTAL       0                 0       0        0
 SINCE 7/1          0                 0       0        0
COOLING TOTAL     434               474     -40      333
 SINCE 1/1       1717              1511     206     1359
.................................................................

WIND (MPH)
AVERAGE WIND SPEED              7.9
HIGHEST WIND SPEED/DIRECTION    28/190    DATE  08/26
HIGHEST GUST SPEED/DIRECTION    41/200    DATE  08/26



-  INDICATES NEGATIVE NUMBERS.
R  INDICATES RECORD WAS SET OR TIED.
MM INDICATES DATA IS MISSING.
T  INDICATES TRACE AMOUNT.

$$
