000
CXUS53 KDDC 031855 RRA
CLMP28

CLIMATE REPORT
NATIONAL WEATHER SERVICE DODGE CITY KS
1255 PM CST MON DEC 3 2018

...................................

...THE MEDICINE LODGE KS CLIMATE SUMMARY FOR THE MONTH OF NOVEMBER 2018...

CLIMATE NORMAL PERIOD 1981 TO 2010
CLIMATE RECORD PERIOD 1893 TO 2018

WEATHER         OBSERVED          NORMAL  DEPART  LAST YEAR`S
                 VALUE   DATE(S)  VALUE   FROM    VALUE  DATE(S)
                                          NORMAL
................................................................
TEMPERATURE (F)
RECORD
 HIGH              91   11/08/2006
 LOW                0   11/29/1976
HIGHEST            71   11/15        MM      MM       78  11/27
                                                          11/17
LOWEST              9   11/13        MM      MM       21  11/22
AVG. MAXIMUM     53.3              58.0    -4.7     60.3
AVG. MINIMUM     28.2              32.8    -4.6     34.8
MEAN             40.8              45.4    -4.6     47.6
DAYS MAX >= 90      0               0.0     0.0        0
DAYS MAX <= 32      0               0.2    -0.2        0
DAYS MIN <= 32     20              14.8     5.2       11
DAYS MIN <= 0       0               0.0     0.0        0

PRECIPITATION (INCHES)
RECORD
 MAXIMUM         7.06   1909
 MINIMUM         0.00   1945
                        1936
TOTALS           0.58              0.93   -0.35     0.64
DAYS >= .01         5               3.8     1.2        4
DAYS >= .10         2               1.7     0.3        3
DAYS >= .50         0               0.5    -0.5        0
DAYS >= 1.00        0               0.1    -0.1        0
GREATEST
 24 HR. TOTAL    0.26   11/30 TO 11/30           11/28 TO 11/28

DEGREE_DAYS
HEATING TOTAL     721               589     132      517
 SINCE 7/1       1033               858     175      760
COOLING TOTAL       0                 1      -1        1
 SINCE 1/1       1998              1770     228     1656
.................................................................

WIND (MPH)
AVERAGE WIND SPEED              8.5
HIGHEST WIND SPEED/DIRECTION    40/340    DATE  11/25
HIGHEST GUST SPEED/DIRECTION    57/320    DATE  11/25



-  INDICATES NEGATIVE NUMBERS.
R  INDICATES RECORD WAS SET OR TIED.
MM INDICATES DATA IS MISSING.
T  INDICATES TRACE AMOUNT.

$$
