000
CXUS53 KDDC 011552
CLMP28


CLIMATE REPORT
NATIONAL WEATHER SERVICE DODGE CITY KS
1025 AM CDT FRI JUN 1 2018

...................................

...THE MEDICINE LODGE KS CLIMATE SUMMARY FOR THE MONTH OF MAY 2018...

CLIMATE NORMAL PERIOD 1981 TO 2010
CLIMATE RECORD PERIOD 1893 TO 2018

WEATHER         OBSERVED          NORMAL  DEPART  LAST YEAR`S
                 VALUE   DATE(S)  VALUE   FROM    VALUE  DATE(S)
                                          NORMAL
................................................................
TEMPERATURE (F)
RECORD
 HIGH             106   05/31/1953
 LOW               20   05/01/1907
HIGHEST            95   05/14        MM      MM       90  05/31
                        05/11
LOWEST             47   05/05        MM      MM       40  05/21
AVG. MAXIMUM     88.1              79.0     9.1     79.1
AVG. MINIMUM     60.8              55.0     5.8     53.1
MEAN             74.5              67.0     7.5     66.1
DAYS MAX >= 90     17               3.2    13.8        1
DAYS MAX <= 32      0               0.0     0.0        0
DAYS MIN <= 32      0               0.0     0.0        0
DAYS MIN <= 0       0               0.0     0.0        0

PRECIPITATION (INCHES)
RECORD
 MAXIMUM        11.95   1935
 MINIMUM         0.18   1948
TOTALS           5.72              3.30    2.42     5.18
DAYS >= .01        13               9.2     3.8       10
DAYS >= .10        10               5.7     4.3        7
DAYS >= .50         5               2.2     2.8        3
DAYS >= 1.00        1               0.9     0.1        2
GREATEST
 24 HR. TOTAL    1.70   05/29 TO 05/29           05/11 TO 05/11

DEGREE_DAYS
HEATING TOTAL       3                70     -67       37
 SINCE 7/1       4313              4455    -142     3711
COOLING TOTAL     303               132     171       58
 SINCE 1/1        332               156     176       98
.................................................................

WIND (MPH)
AVERAGE WIND SPEED              8.8
HIGHEST WIND SPEED/DIRECTION    43/300    DATE  05/30
HIGHEST GUST SPEED/DIRECTION    65/300    DATE  05/30



-  INDICATES NEGATIVE NUMBERS.
R  INDICATES RECORD WAS SET OR TIED.
MM INDICATES DATA IS MISSING.
T  INDICATES TRACE AMOUNT.

$$
