000
CXUS53 KPAH 021305
CLMPAH

CLIMATE REPORT
NATIONAL WEATHER SERVICE PADUCAH KY
804 AM CDT MON JUL 2 2018

...................................

...THE PADUCAH ASOS CLIMATE SUMMARY FOR THE MONTH OF JUNE 2018...

CLIMATE NORMAL PERIOD 1981 TO 2010
CLIMATE RECORD PERIOD 1937 TO 2018

WEATHER         OBSERVED          NORMAL  DEPART  LAST YEAR`S
                 VALUE   DATE(S)  VALUE   FROM    VALUE  DATE(S)
                                          NORMAL
................................................................
TEMPERATURE (F)
RECORD
 HIGH             108   06/29/2012
 LOW               44   06/01/1993
HIGHEST            95   06/16        86       9       93  06/14
                        06/15                             06/13
LOWEST             59   06/04        65      -6       54  06/08
AVG. MAXIMUM     90.0              86.2     3.8     86.0
AVG. MINIMUM     69.0              64.9     4.1     65.3
MEAN             79.5              75.6     3.9     75.7
DAYS MAX >= 90     19               9.1     9.9        4
DAYS MAX <= 32      0               0.0     0.0        0
DAYS MIN <= 32      0               0.0     0.0        0
DAYS MIN <= 0       0               0.0     0.0        0

PRECIPITATION (INCHES)
RECORD
 MAXIMUM        10.98   1998
 MINIMUM         0.26   1952
TOTALS           4.54              4.06    0.48     6.26
DAILY AVG.       0.15              0.14    0.01     0.21
DAYS >= .01        12               9.1     2.9        7
DAYS >= .10         8               6.4     1.6        5
DAYS >= .50         4               2.7     1.3        4
DAYS >= 1.00        1               1.0     0.0        3
GREATEST
 24 HR. TOTAL    1.51   05/31 TO 06/01
 STORM TOTAL       MM
 (MM/DD(HH))            MM

DEGREE_DAYS
COOLING TOTAL     441               320     121      327
 SINCE 1/1        793               492     301      558

FREEZE DATES
RECORD
 EARLIEST     10/01/1984
 LATEST       04/28/1992
EARLIEST      10/28             10/26
LATEST        04/17             04/04
.................................................................

WIND (MPH)
AVERAGE WIND SPEED              4.9
HIGHEST WIND SPEED/DIRECTION    35/350    DATE  06/28
HIGHEST GUST SPEED/DIRECTION    62/340    DATE  06/28

SKY COVER
POSSIBLE SUNSHINE (PERCENT)   MM
AVERAGE SKY COVER           0.20
NUMBER OF DAYS FAIR           23
NUMBER OF DAYS PC              6
NUMBER OF DAYS CLOUDY          1

AVERAGE RH (PERCENT)     72

WEATHER CONDITIONS. NUMBER OF DAYS WITH
THUNDERSTORM             13     MIXED PRECIP               0
HEAVY RAIN                7     RAIN                       9
LIGHT RAIN               11     FREEZING RAIN              0
LT FREEZING RAIN          0     HAIL                       0
HEAVY SNOW                0     SNOW                       0
LIGHT SNOW                0     SLEET                      0
FOG                      18     FOG W/VIS <= 1/4 MILE      1
HAZE                      8

-  INDICATES NEGATIVE NUMBERS.
R  INDICATES RECORD WAS SET OR TIED.
MM INDICATES DATA IS MISSING.
T  INDICATES TRACE AMOUNT.

$$

RMKS: THE AVERAGE TEMPERATURE OF 79.5 DEGREES MAKES THIS THE 5TH
WARMEST JUNE ON RECORD.
