417
CXUS53 KPAH 012028
CLMPAH

CLIMATE REPORT
NATIONAL WEATHER SERVICE PADUCAH KY
327 PM CDT MON OCT 1 2018

...................................

...THE PADUCAH ASOS CLIMATE SUMMARY FOR THE MONTH OF SEPTEMBER 2018...

CLIMATE NORMAL PERIOD 1981 TO 2010
CLIMATE RECORD PERIOD 1937 TO 2018

WEATHER         OBSERVED          NORMAL  DEPART  LAST YEAR`S
                 VALUE   DATE(S)  VALUE   FROM    VALUE  DATE(S)
                                          NORMAL
................................................................
TEMPERATURE (F)
RECORD
 HIGH             104   09/05/1954
                        09/09/1939
 LOW               34   09/30/1949
HIGHEST            97   09/20        81      16       93  09/21
LOWEST             48   09/28        59     -11       46  09/07
AVG. MAXIMUM     85.4              82.1     3.3     83.8
AVG. MINIMUM     64.6              57.8     6.8     59.4
MEAN             75.0              69.9     5.1     71.6
DAYS MAX >= 90     16               4.2    11.8        9
DAYS MAX <= 32      0               0.0     0.0        0
DAYS MIN <= 32      0               0.0     0.0        0
DAYS MIN <= 0       0               0.0     0.0        0

PRECIPITATION (INCHES)
RECORD
 MAXIMUM        11.65   2006
 MINIMUM         0.02   2004
TOTALS           6.49              3.75    2.74     2.55
DAILY AVG.       0.22              0.12    0.10     0.09
DAYS >= .01        10               6.8     3.2        5
DAYS >= .10         8               4.6     3.4        5
DAYS >= .50         4               2.3     1.7        3
DAYS >= 1.00        2               1.2     0.8        0
GREATEST
 24 HR. TOTAL    2.53   09/08 TO 09/08
 STORM TOTAL       MM
 (MM/DD(HH))            MM

DEGREE_DAYS
HEATING TOTAL       8                38     -30       11
 SINCE 7/1          8                39     -31       11
COOLING TOTAL     315               187     128      216
 SINCE 1/1       2004              1500     504     1590

FREEZE DATES
RECORD
 EARLIEST     10/01/1984
 LATEST       04/28/1992
EARLIEST                        10/26
LATEST                          04/04
.................................................................

WIND (MPH)
AVERAGE WIND SPEED              4.3
HIGHEST WIND SPEED/DIRECTION    18/330    DATE  09/19
HIGHEST GUST SPEED/DIRECTION    28/330    DATE  09/19

SKY COVER
POSSIBLE SUNSHINE (PERCENT)   MM
AVERAGE SKY COVER           0.30
NUMBER OF DAYS FAIR           19
NUMBER OF DAYS PC              7
NUMBER OF DAYS CLOUDY          4

AVERAGE RH (PERCENT)     73

WEATHER CONDITIONS. NUMBER OF DAYS WITH
THUNDERSTORM              5     MIXED PRECIP               0
HEAVY RAIN                7     RAIN                       7
LIGHT RAIN               12     FREEZING RAIN              0
LT FREEZING RAIN          0     HAIL                       0
HEAVY SNOW                0     SNOW                       0
LIGHT SNOW                0     SLEET                      0
FOG                      22     FOG W/VIS <= 1/4 MILE      2
HAZE                      5

-  INDICATES NEGATIVE NUMBERS.
R  INDICATES RECORD WAS SET OR TIED.
MM INDICATES DATA IS MISSING.
T  INDICATES TRACE AMOUNT.

$$
