000
CXUS54 KLZK 021430
CLMPBF


CLIMATE REPORT
NATIONAL WEATHER SERVICE LITTLE ROCK AR
925 AM CDT MON JUL 2 2018

...................................

...THE PINE BLUFF CLIMATE SUMMARY FOR THE MONTH OF JUNE 2018...

CLIMATE NORMAL PERIOD 1981 TO 2010
CLIMATE RECORD PERIOD 1883 TO 2018

WEATHER         OBSERVED          NORMAL  DEPART  LAST YEAR`S
                 VALUE   DATE(S)  VALUE   FROM    VALUE  DATE(S)
                                          NORMAL
................................................................
TEMPERATURE (F)
RECORD
 HIGH             107   06/20/1936
                        06/20/1918
 LOW               49   06/02/1984
                        06/03/1956
                        06/12/1903
HIGHEST            97   06/28        89       8       91  06/16
                                                          06/12
LOWEST             61   06/04        69      -8       57  06/09
AVG. MAXIMUM     91.6              89.1     2.5     85.6
AVG. MINIMUM     70.6              69.0     1.6     67.5
MEAN             81.1              79.1     2.0     76.6
DAYS MAX >= 90     25              15.2     9.8        4
DAYS MAX <= 32      0               0.0     0.0        0
DAYS MIN <= 32      0               0.0     0.0        0
DAYS MIN <= 0       0               0.0     0.0        0

PRECIPITATION (INCHES)
RECORD
 MAXIMUM        10.18   1927
 MINIMUM         0.05   1930
TOTALS           2.10              3.58   -1.48     5.63
DAILY AVG.       0.07              0.12   -0.05     0.19
DAYS >= .01         8               8.9    -0.9       10
DAYS >= .10         4                                  8
DAYS >= .50         1                                  4
DAYS >= 1.00        1               0.8     0.2        1
GREATEST
 24 HR. TOTAL    1.43   06/13 TO 06/13

SNOWFALL (INCHES)
TOTALS            0.0               0.0     0.0      0.0
 LIQUID EQUIV    0.00              0.00    0.00     0.00
SINCE 7/1         4.1               3.1     1.0      1.5
 LIQUID 7/1      0.41              0.30    0.11     0.15
SNOWDEPTH AVG.      0
DAYS >= TRACE       0               0.0     0.0        0
DAYS >= 1.0         0                                  0
GREATEST
 SNOW DEPTH         0   MM
 24 HR TOTAL      0.0

DEGREE_DAYS
HEATING TOTAL       0                 0       0        0
 SINCE 7/1       2900              2881      19     2034
COOLING TOTAL     493               422      71      356
 SINCE 1/1        929               729     200      699

FREEZE DATES
RECORD
 EARLIEST     10/10/2000
 LATEST       04/25/1910
EARLIEST      10/29             11/12
LATEST        04/08             03/16
.................................................................

WIND (MPH)
AVERAGE WIND SPEED              6.2
HIGHEST WIND SPEED/DIRECTION    31/260    DATE  06/23
HIGHEST GUST SPEED/DIRECTION    44/300    DATE  06/24

SKY COVER
POSSIBLE SUNSHINE (PERCENT)   MM
AVERAGE SKY COVER           0.10
NUMBER OF DAYS FAIR           28
NUMBER OF DAYS PC              2
NUMBER OF DAYS CLOUDY          0

AVERAGE RH (PERCENT)     69

-  INDICATES NEGATIVE NUMBERS.
R  INDICATES RECORD WAS SET OR TIED.
MM INDICATES DATA IS MISSING.
T  INDICATES TRACE AMOUNT.

&&

...Data for Pine Bluff for June 2018...

.Summary...
Anomalously warm weather continued for Pine Bluff during the month of June. It
was the warmest June in seven years.

Rainfall was below average for the first June in two years.

.Monthly Temperatures...
The average high temperature was the warmest since 2011.

The average low temperature was the warmest since 2016.

The average monthly temperature was the warmest since 2011.

.Daily Temperatures...
Daily temperatures were above average on 24 days, average on three days,
and below average on three days.

There were 25 days with high temperatures of 90 degrees or greater,
which was the most since 2011.

There were 10 days with low temperatures below 70 degrees, which was
the fewest since 2016.

.Daily Record Temperatures Tied or Broken During the Month...
None.

.Monthly Rainfall...
It was the driest June since 2013.

.Daily Rainfall Records Tied or Broken During the Month...
None.

.Miscellaneous Phenomena...
None.

$$

57
