165
CXUS54 KLZK 020443
CLMPBF


CLIMATE REPORT
NATIONAL WEATHER SERVICE LITTLE ROCK AR
1038 PM CST TUE JAN 1 2019

...................................

...THE PINE BLUFF CLIMATE SUMMARY FOR THE MONTH OF DECEMBER 2018...

CLIMATE NORMAL PERIOD 1981 TO 2010
CLIMATE RECORD PERIOD 1883 TO 2018

WEATHER         OBSERVED          NORMAL  DEPART  LAST YEAR`S
                 VALUE   DATE(S)  VALUE   FROM    VALUE  DATE(S)
                                          NORMAL
................................................................
TEMPERATURE (F)
RECORD
 HIGH              84   12/07/1939
 LOW               -2   12/24/1963
HIGHEST            71   12/01        54      17       74  12/03
LOWEST             24   12/11        34     -10       20  12/31
                                                          12/28
AVG. MAXIMUM     54.1              53.3     0.8     53.3
AVG. MINIMUM     38.3              34.9     3.4     33.6
MEAN             46.2              44.1     2.1     43.5
DAYS MAX >= 90      0               0.0     0.0        0
DAYS MAX <= 32      0               1.1    -1.1        2
DAYS MIN <= 32      9              12.4    -3.4       17
DAYS MIN <= 0       0               0.0     0.0        0

PRECIPITATION (INCHES)
RECORD
 MAXIMUM        15.02   1982
 MINIMUM         0.57   1896
TOTALS           7.32              5.44    1.88     8.28
DAILY AVG.       0.24              0.18    0.06     0.27
DAYS >= .01        12               8.9     3.1        8
DAYS >= .10        11                                  6
DAYS >= .50         7                                  4
DAYS >= 1.00        2               1.6     0.4        3
GREATEST
 24 HR. TOTAL    1.51   12/26 TO 12/27

SNOWFALL (INCHES)
RECORDS
 TOTAL           12.2   1963
 24 HR TOTAL     12.0   12/22/1963 TO 12/22/1963
 SNOW DEPTH        12   12/23/1963
TOTALS              T               0.2    -0.2        T
 LIQUID EQUIV       T              0.00    0.00        T
SINCE 7/1         1.0               0.2     0.8        T
 LIQUID 7/1      0.10              0.00    0.10       MM
SNOWDEPTH AVG.      0
DAYS >= TRACE       2               0.1     1.9        1
DAYS >= 1.0         0                                  0
GREATEST
 SNOW DEPTH         0   MM
 24 HR TOTAL        T   12/09 TO 12/09
                        12/08 TO 12/08

DEGREE_DAYS
HEATING TOTAL     574               649     -75      659
 SINCE 7/1       1209              1153      56     1122
COOLING TOTAL       0                 1      -1        0
 SINCE 1/1       2431              2132     299     2094

FREEZE DATES
RECORD
 EARLIEST     10/10/2000
 LATEST       04/25/1910
EARLIEST                        11/12
LATEST                          03/16
.................................................................

WIND (MPH)
AVERAGE WIND SPEED              7.6
HIGHEST WIND SPEED/DIRECTION    31/250    DATE  12/31
HIGHEST GUST SPEED/DIRECTION    43/260    DATE  12/31

SKY COVER
POSSIBLE SUNSHINE (PERCENT)   MM
AVERAGE SKY COVER           0.50
NUMBER OF DAYS FAIR           13
NUMBER OF DAYS PC              8
NUMBER OF DAYS CLOUDY         10

AVERAGE RH (PERCENT)     75

-  INDICATES NEGATIVE NUMBERS.
R  INDICATES RECORD WAS SET OR TIED.
MM INDICATES DATA IS MISSING.
T  INDICATES TRACE AMOUNT.

&&

...Data for Pine Bluff for December 2018...

.Summary...
After a rather cold November, the trend reversed in December, and
the month ended a little over two degrees above the 30-year average.
This made for the warmest December in three years, but nowhere near
record warmth. The coldest period was during much of the first two
weeks, and the warmest period lasted from the latter half of the
second week to nearly the end of the month. There were nine days
with lows at or below freezing, which was the fewest in three years.

Rainfall was heavy at times, and above the 30-year average.
Precipitation was scattered throughout the month, with rain falling
in each week. Even with all this, this December was actually the
driest in two years.

For the second year in a row, snow fell, but was not measurable.

.Monthly Temperatures...
The average high, low, and monthly temperatures were the warmest
since 2015.

.Daily Temperatures...
Daily temperatures were above average on 19 days, below average on
11 days, and average on one day.

Though there were fewer December freezes than in years past, there
was only one 70-degree reading, which was the fewest in four years.

.Daily Record Temperatures Tied or Broken During the Month...
None.

.Monthly Rainfall...
Even though rainfall was above average, it was the driest December
in two years (since 2016).

.Daily Rainfall Records Tied or Broken During the Month...
None.

.Monthly Snowfall...
For the second year in a row, snow fell, but it was not measurable.

.Daily Snowfall Records Tied or Broken...
None.

.Miscellaneous Phenomena...
None.

$$

57
