000
CXUS54 KLZK 011501
CLMPBF


CLIMATE REPORT
NATIONAL WEATHER SERVICE LITTLE ROCK AR
949 AM CDT MON OCT 1 2018

...................................

...THE PINE BLUFF CLIMATE SUMMARY FOR THE MONTH OF SEPTEMBER 2018...

CLIMATE NORMAL PERIOD 1981 TO 2010
CLIMATE RECORD PERIOD 1883 TO 2018

WEATHER         OBSERVED          NORMAL  DEPART  LAST YEAR`S
                 VALUE   DATE(S)  VALUE   FROM    VALUE  DATE(S)
                                          NORMAL
................................................................
TEMPERATURE (F)
RECORD
 HIGH             110   09/06/1925
                        09/05/1925
 LOW               38   09/29/1967
HIGHEST            96   09/19        85      11       93  09/23
                                                          09/17
LOWEST             56   09/29        64      -8       51  09/07
AVG. MAXIMUM     84.6              85.6    -1.0     85.5
AVG. MINIMUM     67.7              62.7     5.0     62.7
MEAN             76.1              74.1     2.0     74.1
DAYS MAX >= 90     13               8.7     4.3       11
DAYS MAX <= 32      0               0.0     0.0        0
DAYS MIN <= 32      0               0.0     0.0        0
DAYS MIN <= 0       0               0.0     0.0        0

PRECIPITATION (INCHES)
RECORD
 MAXIMUM        15.44   1913
 MINIMUM         0.03   2015
TOTALS          12.27              2.69    9.58     0.80
DAILY AVG.       0.41              0.09    0.32     0.03
DAYS >= .01        12               7.4     4.6        3
DAYS >= .10         8                                  2
DAYS >= .50         7                                  1
DAYS >= 1.00        6               0.9     5.1        0
GREATEST
 24 HR. TOTAL    3.38   09/21 TO 09/22

SNOWFALL (INCHES)
TOTALS            0.0               0.0     0.0      0.0
 LIQUID EQUIV    0.00              0.00    0.00     0.00
SINCE 7/1         0.0               0.0     0.0      0.0
 LIQUID 7/1      0.00              0.00    0.00     0.00
SNOWDEPTH AVG.      0
DAYS >= TRACE       0               0.0     0.0        0
DAYS >= 1.0         0                                  0
GREATEST
 SNOW DEPTH         0   MM
 24 HR TOTAL      0.0

DEGREE_DAYS
HEATING TOTAL       3                11      -8        2
 SINCE 7/1          3                11      -8        2
COOLING TOTAL     344               286      58      283
 SINCE 1/1       2278              2044     234     1929

FREEZE DATES
RECORD
 EARLIEST     10/10/2000
 LATEST       04/25/1910
EARLIEST                        11/12
LATEST                          03/16
.................................................................

WIND (MPH)
AVERAGE WIND SPEED              5.3
HIGHEST WIND SPEED/DIRECTION    41/200    DATE  09/21
HIGHEST GUST SPEED/DIRECTION    55/190    DATE  09/21

SKY COVER
POSSIBLE SUNSHINE (PERCENT)   MM
AVERAGE SKY COVER           0.40
NUMBER OF DAYS FAIR           15
NUMBER OF DAYS PC              8
NUMBER OF DAYS CLOUDY          7

AVERAGE RH (PERCENT)     77

-  INDICATES NEGATIVE NUMBERS.
R  INDICATES RECORD WAS SET OR TIED.
MM INDICATES DATA IS MISSING.
T  INDICATES TRACE AMOUNT.

&&

...Data for Pine Bluff for September 2018...

.Summary...
At Pine Bluff, September was warmer and significantly wetter than average.
Low temperatures were some of the warmest in 20 years, while highs were
the coolest in six years.

Due to slow-moving, repeated rain storms during the month, rainfall ended
up over nine and a half inches above average. It was the wettest September
in 105 years, and the 2nd wettest September since records began 135 years
ago.

.Monthly Temperatures...
The average high temperature was the coolest since 2012. The average low
temperature, however, was the warmest since 1998. The average monthly
temperature was the warmest since 2016.

.Daily Temperatures...
Daily temperatures were above average on 19 days, average on one day, and
below average on ten days.

There were 13 days with temperatures of 90 degrees or warmer, which was the
most since 2016.

There were four days with temperatures of 60 degrees or cooler, which was the
fewest since 2016.

.Daily Record Temperatures Tied or Broken During the Month...
None.

.Monthly Rainfall...
It was the wettest September since 1913, and the 2nd wettest September on
record.

There were 12 days with measurable rainfall, which was the most since 2009.

There were six days with rainfall of one inch or higher, which was the most
in the month since 1913, and tied 1913 for the highest on record for the month.

There were three days with rainfall two inches or higher, which was the most
in the month since 1958, and tied 1958, 1913, 1902, and 1886 for the most on
record for the month.

.Daily Rainfall Records Tied or Broken During the Month...
Date    New Record            Previous Record
 7th   2.31 in 2018            1.52 in 1963
 8th   1.15 in 2018            0.84 in 1999

.Miscellaneous Phenomena...
Sep 21 - A strong thunderstorm produced a 55 MPH wind gust at the Pine Bluff
Airport. This set a record for the highest wind gust for the month of
September. The previous record was 47 MPH on September 3, 2008.

$$

57
