000
CXUS52 KMFL 011236
CLMPBI


CLIMATE REPORT
NATIONAL WEATHER SERVICE MIAMI, FL
734 AM EST SAT DEC 1 2018

...................................

...THE WEST PALM BEACH CLIMATE SUMMARY FOR THE MONTH OF NOVEMBER 2018...

CLIMATE NORMAL PERIOD 1981 TO 2010
CLIMATE RECORD PERIOD 1888 TO 2018

WEATHER         OBSERVED          NORMAL  DEPART  LAST YEAR`S
                 VALUE   DATE(S)  VALUE   FROM    VALUE
                                          NORMAL
.............................................................
TEMPERATURE (F)
RECORD
 HIGH              92   11/03/1919
                        11/02/1919
 LOW               36   11/26/1950
                        11/25/1917
                        11/28/1903
HIGHEST            88   11/02                         85
LOWEST             41   11/29                         63
AVG. MAXIMUM     81.8              80.1     1.7     81.3
AVG. MINIMUM     65.4              65.5    -0.1     69.4
MEAN             73.6              72.8     0.8     75.4
DAYS MAX >= 90      0                                  0
DAYS MAX <= 32      0                                  0
DAYS MIN <= 32      0                                  0
DAYS MIN <= 0       0                                  0

PRECIPITATION (INCHES)
RECORD
 MAXIMUM        14.63   1982
 MINIMUM         0.10   1892
TOTALS           1.79              4.75   -2.96     2.69
DAILY AVG.       0.06              0.16   -0.10     0.09
DAYS >= .01        13                                 12
DAYS >= .10         7                                  6
DAYS >= .50         0                                  2
DAYS >= 1.00        0                                  0
GREATEST
 24 HR. TOTAL    0.29   11/11 TO 11/11              0.68

DEGREE_DAYS
HEATING TOTAL      24                11      13        0
 SINCE 7/1         24                12      12        4
COOLING TOTAL     293               245      48      317
 SINCE 1/1       4169              3866     303     4375
..............................................................

WIND (MPH)
AVERAGE WIND SPEED              8.2
HIGHEST WIND SPEED/DIRECTION    30/310    DATE  11/02
HIGHEST GUST SPEED/DIRECTION    39/290    DATE  11/02

SKY COVER
POSSIBLE SUNSHINE (PERCENT)   MM
AVERAGE SKY COVER           0.50
NUMBER OF DAYS FAIR            2
NUMBER OF DAYS PC             26
NUMBER OF DAYS CLOUDY          2

AVERAGE RH (PERCENT)     78

WEATHER CONDITIONS. NUMBER OF DAYS WITH
THUNDERSTORM              4     MIXED PRECIP                0
HEAVY RAIN                3     RAIN                        5
LIGHT RAIN               16     FREEZING RAIN               0
LT FREEZING RAIN          0     HAIL                        0
HEAVY SNOW                0     SNOW                        0
LIGHT SNOW                0     SLEET                       0
FOG                       9     FOG W/VIS <= 1/4 MILE       0
HAZE                      1

-  INDICATES NEGATIVE NUMBERS.
R  INDICATES RECORD WAS SET OR TIED.
MM INDICATES DATA IS MISSING.
T  INDICATES TRACE AMOUNT.

$$
