000
CXUS52 KMFL 011227
CLMPBI


CLIMATE REPORT
NATIONAL WEATHER SERVICE MIAMI, FL
725 AM EST THU FEB 1 2018

...................................

...THE WEST PALM BEACH CLIMATE SUMMARY FOR THE MONTH OF JANUARY 2018...

CLIMATE NORMAL PERIOD 1981 TO 2010
CLIMATE RECORD PERIOD 1888 TO 2018

WEATHER         OBSERVED          NORMAL  DEPART  LAST YEAR`S
                 VALUE   DATE(S)  VALUE   FROM    VALUE
                                          NORMAL
.............................................................
TEMPERATURE (F)
RECORD
 HIGH              89   01/04/1942
 LOW               26   01/26/1905
HIGHEST            83   01/12                         86
LOWEST             38   01/04                         43
AVG. MAXIMUM     72.9              74.6    -1.7     77.4
AVG. MINIMUM     58.3              56.8     1.5     60.4
MEAN             65.6              65.7    -0.1     68.9
DAYS MAX >= 90      0                                  0
DAYS MAX <= 32      0                                  0
DAYS MIN <= 32      0                                  0
DAYS MIN <= 0       0                                  0

PRECIPITATION (INCHES)
RECORD
 MAXIMUM        11.18   1998
 MINIMUM         0.11   2009
TOTALS           4.42              3.13    1.29     1.00
DAILY AVG.       0.14              0.10    0.04     0.03
DAYS >= .01        10                                  6
DAYS >= .10         7                                  3
DAYS >= .50         3                                  0
DAYS >= 1.00        2                                  0
GREATEST
 24 HR. TOTAL    1.26   01/02 TO 01/02              0.45

DEGREE_DAYS
HEATING TOTAL      87                86       1       43
 SINCE 7/1        140               157     -17       50
COOLING TOTAL     111               108       3      171
 SINCE 1/1        111               106       5      171
..............................................................

WIND (MPH)
AVERAGE WIND SPEED              11.7
HIGHEST WIND SPEED/DIRECTION    31/300    DATE  01/03
HIGHEST GUST SPEED/DIRECTION    49/310    DATE  01/03

SKY COVER
POSSIBLE SUNSHINE (PERCENT)   MM
AVERAGE SKY COVER           0.60
NUMBER OF DAYS FAIR            4
NUMBER OF DAYS PC             23
NUMBER OF DAYS CLOUDY          4

AVERAGE RH (PERCENT)     73

WEATHER CONDITIONS. NUMBER OF DAYS WITH
THUNDERSTORM              3     MIXED PRECIP               0
HEAVY RAIN                6     RAIN                       6
LIGHT RAIN               14     FREEZING RAIN              0
LT FREEZING RAIN          0     HAIL                       0
HEAVY SNOW                0     SNOW                       0
LIGHT SNOW                0     SLEET                      0
FOG                       9     FOG W/VIS <= 1/4 MILE      1
HAZE                      1

-  INDICATES NEGATIVE NUMBERS.
R  INDICATES RECORD WAS SET OR TIED.
MM INDICATES DATA IS MISSING.
T  INDICATES TRACE AMOUNT.

$$
