000
CXUS52 KMFL 011153 CCA
CLMPBI

CLIMATE REPORT
NATIONAL WEATHER SERVICE MIAMI, FL
745 AM EDT FRI JUN 1 2018

...................................

...THE WEST PALM BEACH CLIMATE SUMMARY FOR THE MONTH OF MAY 2018...

CLIMATE NORMAL PERIOD 1981 TO 2010
CLIMATE RECORD PERIOD 1888 TO 2018

WEATHER         OBSERVED          NORMAL  DEPART  LAST YEAR`S
                 VALUE   DATE(S)  VALUE   FROM    VALUE
                                          NORMAL
.............................................................
TEMPERATURE (F)
RECORD
 HIGH              99   05/14/1922
 LOW               45   05/05/1921
HIGHEST            87   05/30                         93
LOWEST             67   05/09                         59
AVG. MAXIMUM     83.0              85.7    -2.7     87.1
AVG. MINIMUM     71.7              71.0     0.7     71.6
MEAN             77.4              78.4    -1.0     79.3
DAYS MAX >= 90      0                                  8
DAYS MAX <= 32      0                                  0
DAYS MIN <= 32      0                                  0
DAYS MIN <= 0       0                                  0

PRECIPITATION (INCHES)
RECORD
 MAXIMUM        16.19   1890
 MINIMUM         0.39   1967
TOTALS          11.41              4.51    6.90     2.61
DAILY AVG.       0.37              0.15    0.22     0.08
DAYS >= .01        18                                 10
DAYS >= .10        13                                  6
DAYS >= .50         7                                  2
DAYS >= 1.00        6                                  0
GREATEST
 24 HR. TOTAL    3.19   05/13 TO 05/13              0.81

DEGREE_DAYS
HEATING TOTAL       0                 0       0        0
 SINCE 7/1        179               233     -54       68
COOLING TOTAL     393               414     -21      451
 SINCE 1/1       1227              1109     118     1324
..............................................................

WIND (MPH)
AVERAGE WIND SPEED              10.8
HIGHEST WIND SPEED/DIRECTION    32/150    DATE  05/27
HIGHEST GUST SPEED/DIRECTION    51/150    DATE  05/27

SKY COVER
POSSIBLE SUNSHINE (PERCENT)   MM
AVERAGE SKY COVER           0.70
NUMBER OF DAYS FAIR            0
NUMBER OF DAYS PC             22
NUMBER OF DAYS CLOUDY          9

AVERAGE RH (PERCENT)     81

WEATHER CONDITIONS. NUMBER OF DAYS WITH
THUNDERSTORM             10     MIXED PRECIP               0
HEAVY RAIN                9     RAIN                       3
LIGHT RAIN               20     FREEZING RAIN              0
LT FREEZING RAIN          0     HAIL                       0
HEAVY SNOW                0     SNOW                       0
LIGHT SNOW                0     SLEET                      0
FOG                      14     FOG W/VIS <= 1/4 MILE      0
HAZE                      0

-  INDICATES NEGATIVE NUMBERS.
R  INDICATES RECORD WAS SET OR TIED.
MM INDICATES DATA IS MISSING.
T  INDICATES TRACE AMOUNT.

$$
