000
CXUS56 KPDT 011413
CLMPDT

CLIMATE REPORT
NATIONAL WEATHER SERVICE PENDLETON OREGON
712 AM PDT FRI JUN 01 2018

....................................

...THE PENDLETON OR CLIMATE SUMMARY FOR THE MONTH OF MAY 2018...

CLIMATE NORMAL PERIOD 1981 TO 2010
CLIMATE RECORD PERIOD 1934 TO 2018

WEATHER         OBSERVED          NORMAL  DEPART  LAST YEAR`S
                 VALUE   DATE(S)  VALUE   FROM    VALUE  DATE(S)
                                          NORMAL

................................................................

TEMPERATURE (F)
RECORD
 HIGH             100   5/31/1986
 LOW               25   5/ 1/1954
HIGHEST            90   5/15       88         2            90   5/29
LOWEST             40   5/ 2       34         6            32   5/ 7
AVG. MAXIMUM     77.5            69.9       7.6          70.8
AVG. MINUMUM     49.8            45.6       4.2          44.5
MEAN             63.6            57.8       5.8          57.7
DAYS MAX >= 90      1               1         0             1
DAYS MAX <= 32      0               0         0             0
DAYS MIN <= 32      0               1        -1             1
DAYS MIN <= 0       0               0         0             1


PRECIPITATION (INCHES)
RECORD
 MAXIMUM          3.18   1991
 MINIMUM          0.03   1964
TOTALS            0.65            1.35     -0.70          0.94
DAILY AVG.        0.02            0.04     -0.02          0.03
DAYS >=  0.01        7               9        -2             8
DAYS >=  0.10        2               4        -2             2
DAYS >=  0.50        0               0         0             1
DAYS >=  1.00        0               0         0             0
GREATEST
 24 HR. TOTAL     0.28   5/ 8



SNOWFALL (INCHES)
RECORD
 MAXIMUM           0.0   2017
 MINIMUM           0.0   2016
TOTALS             0.0             0.0       0.0             T
SINCE 7/1         15.0            15.2      -0.2          44.4
DAYS >=  TRACE                       0         0             1
DAYS >=  1.0         0               0         0             0
GREATEST
 24 HR. TOTAL      0.0   5/31


DEGREE DAYS
HEATING TOTAL       80             246      -166           246
 SINCE 7/1        4902            5188      -286          5595
COOLING TOTAL       47              22        25            28
 SINCE 1/1          47              22        25            28

.............................................................

WIND (MPH)
AVERAGE WIND SPEED                     8.4
RESULTANT WIND SPEED/DIRECTION         5/185
HIGHEST WIND SPEED/DIRECTION          51/260      DATE          05/08
HIGHEST GUST SPEED/DIRECTION          62/270      DATE          05/08


WEATHER CONDITIONS. NUMBER OF DAYS WITH
THUNDERSTORM               1    MIXED PRECIP                           0
HEAVY RAIN                 1    RAIN                                   1
LIGHT RAIN                11    FREEZING RAIN                          0
LT FREEZING RAIN           0    HAIL                                   0
HEAVY SNOW                 0    SNOW                                   0
LIGHT SNOW                 0    SLEET                                  0
FOG                        5    FOG W/VIS <=1/4 MILE                   0
HAZE                       1

-  INDICATES NEGATIVE NUMBERS.
R  INDICATES RECORD WAS SET OR TIED.
MM INDICATES DATA IS MISSING.
T  INDICATES TRACE AMOUNT.

$$
