000
CXUS56 KPDT 011514
CLMPDT

CLIMATE REPORT
NATIONAL WEATHER SERVICE PENDLETON OREGON
713 AM PST THU FEB 01 2018

....................................

...THE PENDLETON OR CLIMATE SUMMARY FOR THE MONTH OF JANUARY 2018...

CLIMATE NORMAL PERIOD 1981 TO 2010
CLIMATE RECORD PERIOD 1934 TO 2018

WEATHER         OBSERVED          NORMAL  DEPART  LAST YEAR`S
                 VALUE   DATE(S)  VALUE   FROM    VALUE  DATE(S)
                                          NORMAL

................................................................

TEMPERATURE (F)
RECORD
 HIGH              71   1/24/1935
 LOW              -22   1/27/1957
HIGHEST            65   1/29       59         6            48   1/18
LOWEST             26   1/ 3       13        13            -8   1/13
AVG. MAXIMUM     46.5            41.8       4.7          29.1
AVG. MINUMUM     33.3            28.8       4.5          16.0
MEAN             39.9            35.3       4.6          22.5
DAYS MAX >= 90      0               0         0             0
DAYS MAX <= 32      4               7        -3            16
DAYS MIN <= 32     13              20        -7            30
DAYS MIN <= 0       0               0         0            30


PRECIPITATION (INCHES)
RECORD
 MAXIMUM          3.92   1970
 MINIMUM          0.21   1949
TOTALS            1.59            1.43      0.16          1.65
DAILY AVG.        0.05            0.05      0.00          0.05
DAYS >=  0.01       12              12         0            12
DAYS >=  0.10        8               5         3             8
DAYS >=  0.50        0               0         0             0
DAYS >=  1.00        0               0         0             0
GREATEST
 24 HR. TOTAL     0.27   1/18



SNOWFALL (INCHES)
RECORD
 MAXIMUM          41.6   1950
 MINIMUM           0.0   2010
TOTALS               T             3.7      -3.7          18.5
SINCE 7/1         10.0            11.2      -1.2          37.0
DAYS >=  TRACE       1               3        -1            18
DAYS >=  1.0         0               1        -1             5
GREATEST
 24 HR. TOTAL        T   1/ 3


DEGREE DAYS
HEATING TOTAL      770             921      -151          1312
 SINCE 7/1        3027            3151      -124          3473
COOLING TOTAL        0               0         0             0
 SINCE 1/1           0               0         0             0

.............................................................

WIND (MPH)
AVERAGE WIND SPEED                     7.1
RESULTANT WIND SPEED/DIRECTION         4/190
HIGHEST WIND SPEED/DIRECTION          39/270      DATE          01/24
HIGHEST GUST SPEED/DIRECTION          49/270      DATE          01/24


WEATHER CONDITIONS. NUMBER OF DAYS WITH
THUNDERSTORM               0    MIXED PRECIP                           1
HEAVY RAIN                 0    RAIN                                   4
LIGHT RAIN                16    FREEZING RAIN                          1
LT FREEZING RAIN           1    HAIL                                   0
HEAVY SNOW                 0    SNOW                                   0
LIGHT SNOW                 0    SLEET                                  1
FOG                       16    FOG W/VIS <=1/4 MILE                  11
HAZE                       0

-  INDICATES NEGATIVE NUMBERS.
R  INDICATES RECORD WAS SET OR TIED.
MM INDICATES DATA IS MISSING.
T  INDICATES TRACE AMOUNT.

$$
