000
CXUS56 KPDT 011418
CLMPDT

CLIMATE REPORT
NATIONAL WEATHER SERVICE PENDLETON OREGON
715 AM PDT SAT SEP 1 2018

....................................

...THE PENDLETON OR CLIMATE SUMMARY FOR THE MONTH OF AUGUST 2018...

CLIMATE NORMAL PERIOD 1981 TO 2010
CLIMATE RECORD PERIOD 1934 TO 2018

WEATHER         OBSERVED          NORMAL  DEPART  LAST YEAR`S
                 VALUE   DATE(S)  VALUE   FROM    VALUE  DATE(S)
                                          NORMAL

................................................................

TEMPERATURE (F)
RECORD
 HIGH             113   8/ 4/1961
 LOW               40   8/29/1980
HIGHEST           106   8/ 8                              103   8/10
LOWEST             43   8/25                               46   8/25
AVG. MAXIMUM     88.6            86.8       1.8          92.1
AVG. MINUMUM     57.0            56.8       0.2          58.6
MEAN             72.8            71.8       1.0          75.4
DAYS MAX >= 90     15              12         3            18
DAYS MAX <= 32      0               0         0             0
DAYS MIN <= 32      0               0         0             0
DAYS MIN <= 0       0               0         0             0


PRECIPITATION (INCHES)
RECORD
 MAXIMUM          2.58   1977
 MINIMUM          0.00   1969
TOTALS            0.03            0.38     -0.35          0.07
DAILY AVG.        0.00            0.01     -0.01          0.00
DAYS >=  0.01        1               2        -1             1
DAYS >=  0.10        0               1        -1             0
DAYS >=  0.50        0               0         0             0
DAYS >=  1.00        0               0         0             0
GREATEST
 24 HR. TOTAL     0.03   8/27



SNOWFALL (INCHES)
RECORD
 MAXIMUM           0.0   2013
 MINIMUM           0.0   2017
TOTALS             0.0             0.0       0.0           0.0
SINCE 7/1          0.0             0.0       0.0           0.0
DAYS >=  TRACE                       0         0
DAYS >=  1.0         0               0         0             0
GREATEST
 24 HR. TOTAL      0.0   8/31


DEGREE DAYS
HEATING TOTAL       11               8         3             2
 SINCE 7/1          15              15         0             2
COOLING TOTAL      260             223        37           331
 SINCE 1/1         711             569       142           781

.............................................................

WIND (MPH)
AVERAGE WIND SPEED                     9.5
RESULTANT WIND SPEED/DIRECTION         6/187
HIGHEST WIND SPEED/DIRECTION          32/290      DATE          08/23
HIGHEST GUST SPEED/DIRECTION          39/280      DATE          08/23


WEATHER CONDITIONS. NUMBER OF DAYS WITH
THUNDERSTORM               2    MIXED PRECIP                           0
HEAVY RAIN                 0    RAIN                                   0
LIGHT RAIN                 5    FREEZING RAIN                          0
LT FREEZING RAIN           0    HAIL                                   0
HEAVY SNOW                 0    SNOW                                   0
LIGHT SNOW                 0    SLEET                                  0
FOG                        0    FOG W/VIS <=1/4 MILE                   0
HAZE                      13

-  INDICATES NEGATIVE NUMBERS.
R  INDICATES RECORD WAS SET OR TIED.
MM INDICATES DATA IS MISSING.
T  INDICATES TRACE AMOUNT.

$$
