000
CXUS56 KPDT 011549 CCA
CLMPDT

CLIMATE REPORT
NATIONAL WEATHER SERVICE PENDLETON OREGON
730 AM PST SAT DEC 01 2018

....................................

...THE PENDLETON OR CLIMATE SUMMARY FOR THE MONTH OF NOVEMBER 2018...

CLIMATE NORMAL PERIOD 1981 TO 2010
CLIMATE RECORD PERIOD 1934 TO 2018

WEATHER         OBSERVED          NORMAL  DEPART        LAST YEAR`S
                 VALUE   DATE(S)  VALUE   FROM         VALUE DATE(S)
                                          NORMAL

................................................................

TEMPERATURE (F)
RECORD
 HIGH              80  11/12/1999
 LOW              -12  11/23/1985
HIGHEST            65  11/ 1                               70  11/23
LOWEST             20  11/20                               19  11/ 7
AVG. MAXIMUM     49.2            49.2       0.0          51.9
AVG. MINUMUM     31.9            33.4      -1.5          34.0
MEAN             40.5            41.3      -0.8          43.0
DAYS MAX >= 90      0               0         0             0
DAYS MAX <= 32      4               2         2             0
DAYS MIN <= 32     17              12         5            10
DAYS MIN <= 0       0               0         0


PRECIPITATION (INCHES)
RECORD
 MAXIMUM          3.76   1973
 MINIMUM          0.04   1939
TOTALS            0.72            1.52     -0.80          1.56
DAILY AVG.        0.02            0.05     -0.03          0.05
DAYS >=  0.01        8              12        -4            15
DAYS >=  0.10        2               5        -3             7
DAYS >=  0.50        0               0         0             0
DAYS >=  1.00        0               0         0             0
GREATEST
 24 HR. TOTAL     0.28  11/23



SNOWFALL (INCHES)
RECORD
 MAXIMUM          14.9   1985
 MINIMUM           0.0   2017
TOTALS             0.0             1.4      -1.4           0.0
SINCE 7/1          0.0             1.5      -1.5           0.0
DAYS >=  TRACE                       1        -1
DAYS >=  1.0         0               0         0             0
GREATEST
 24 HR. TOTAL      0.0  11/30


DEGREE DAYS
HEATING TOTAL      725             710        15           656
 SINCE 7/1        1295            1244        51          1208
COOLING TOTAL        0               0         0             0
 SINCE 1/1         736             633       103           894

.............................................................

WIND (MPH)
AVERAGE WIND SPEED                     8.0
RESULTANT WIND SPEED/DIRECTION         5/197
HIGHEST WIND SPEED/DIRECTION          47/260      DATE          11/04
HIGHEST GUST SPEED/DIRECTION          55/260      DATE          11/04


WEATHER CONDITIONS. NUMBER OF DAYS WITH
THUNDERSTORM               0    MIXED PRECIP                           0
HEAVY RAIN                 1    RAIN                                   1
LIGHT RAIN                13    FREEZING RAIN                          0
LT FREEZING RAIN           1    HAIL                                   0
HEAVY SNOW                 0    SNOW                                   0
LIGHT SNOW                 0    SLEET                                  1
FOG                       16    FOG W/VIS <=1/4 MILE                   9
HAZE                       6

-  INDICATES NEGATIVE NUMBERS.
R  INDICATES RECORD WAS SET OR TIED.
MM INDICATES DATA IS MISSING.
T  INDICATES TRACE AMOUNT.

$$
