000
CXUS56 KPQR 011805 CCA
CLMPDX

CLIMATE REPORT
NATIONAL WEATHER SERVICE PORTLAND OREGON
957 AM PST FRI FEB 1 2019

...................................

...THE PORTLAND OR CLIMATE SUMMARY FOR THE MONTH OF JANUARY 2019...

CLIMATE NORMAL PERIOD 1981 TO 2010
CLIMATE RECORD PERIOD 1940 TO 2019

WEATHER         OBSERVED          NORMAL  DEPART  LAST YEAR`S
                 VALUE   DATE(S)  VALUE   FROM    VALUE  DATE(S)
                                          NORMAL
................................................................
TEMPERATURE (F)
HIGHEST            57                                 59  01/13
LOWEST             29                                 29  01/01
AVG. MAXIMUM     49.2              47.0     2.2     50.8
AVG. MINIMUM     37.1              35.8     1.3     40.4
MEAN             43.1              41.4     1.7     45.6
DAYS MAX >= 90      0               0.0     0.0        0
DAYS MAX <= 32      0               0.5    -0.5        0
DAYS MIN <= 32      5               8.3    -3.3        2
DAYS MIN <= 0       0               0.0     0.0        0

PRECIPITATION (INCHES)
RECORD
 MAXIMUM        12.83   1953
 MINIMUM         0.06   1985
TOTALS           2.79              4.88   -2.09     5.36
DAYS >= .01        13              18.0    -5.0       24
DAYS >= .10         7              11.8    -4.8       14
DAYS >= .50         1               3.0    -2.0        5
DAYS >= 1.00        1               0.5     0.5        0
GREATEST
 24 HR. TOTAL    1.11   01/18 TO 01/18

SNOWFALL (INCHES)
TOTALS            0.0
SINCE 7/1         0.0

DEGREE_DAYS
HEATING TOTAL     670               732     -62      595
 SINCE 7/1       2135              2464    -329     2296
COOLING TOTAL       0                 0       0        0
 SINCE 1/1          0                 0       0        0
.................................................................

WIND (MPH)
AVERAGE WIND SPEED              8.9
RESULTANT WIND SPEED/DIRECTION   6/119
HIGHEST WIND SPEED/DIRECTION    40/210    DATE  01/05
HIGHEST GUST SPEED/DIRECTION    54/190    DATE  01/05

SKY COVER
POSSIBLE SUNSHINE (PERCENT)   MM
AVERAGE SKY COVER           0.70
NUMBER OF DAYS FAIR            5
NUMBER OF DAYS PC              5
NUMBER OF DAYS CLOUDY         21

AVERAGE RH (PERCENT)     74

WEATHER CONDITIONS. NUMBER OF DAYS WITH
THUNDERSTORMS        0        MIXED PRECIP            0
HEAVY RAIN           0        RAIN                    2
LIGHT RAIN           17       FREEZING RAIN           0
LT FREEZING RAIN     0        HAIL                    0
HEAVY SNOW           0        SNOW                    0
LIGHT SNOW           0        SLEET                   0
FOG                  19       FOG W/VIS <=1/4 MILE    7
HAZE                 1

-  INDICATES NEGATIVE NUMBERS.
R  INDICATES RECORD WAS SET OR TIED.
MM INDICATES DATA IS MISSING.
T  INDICATES TRACE AMOUNT.

$$
