000
CXUS51 KPBZ 020202 CCA
CLMPHD

CLIMATE REPORT
NATIONAL WEATHER SERVICE PITTSBURGH PA
0902 PM EST TUE JAN 1 2019

...................................

...THE NEW PHILADELPHIA OH CLIMATE SUMMARY FOR THE MONTH OF DECEMBER 2018...

CLIMATE NORMAL PERIOD 1981 TO 2010
CLIMATE RECORD PERIOD 1948 TO 2018

WEATHER         OBSERVED          NORMAL  DEPART  LAST  YEAR`S
                 VALUE   DATE(S)  VALUE   FROM    VALUE  DATE(S)
                                          NORMAL
................................................................
TEMPERATURE (F)
RECORD
 HIGH              76   12/04/1982
 LOW              -16   12/23/1983
HIGHEST            64   12/02        45      19       57  12/05
                                                          12/04
LOWEST             15   12/10        26     -11       -5  12/31
AVG. MAXIMUM     42.9              40.8     2.1     37.4
AVG. MINIMUM     28.4              24.5     3.9     21.0
MEAN             35.6              32.6     3.0     29.2
DAYS MAX >= 90      0               0.0     0.0        0
DAYS MAX <= 32      2               7.4    -5.4       11
DAYS MIN <= 32     22              24.2    -2.2       29
DAYS MIN <= 0       0               0.2    -0.2        2

PRECIPITATION (INCHES)
RECORD
 MAXIMUM         7.38  1990
 MINIMUM         0.70  1965
TOTALS           3.76              2.67    1.09      1.21
DAILY AVG.       0.12              0.09    0.03      0.04
DAYS >= .01        13              12.2    0.8         9
DAYS >= .10         6               5.6    0.4         2
DAYS >= .50         3               2.2    0.8         1
DAYS >= 1.00        1               0.1    0.9         0
GREATEST
 24 HR. TOTAL    1.13   12/15      0.09    1.04      0.77 12/23

DEGREE_DAYS
HEATING TOTAL     902              1003    -101
 SINCE 7/1       2136              2161     -25
COOLING TOTAL       0                 0       0
 SINCE 1/1       1226               697     529
.................................................................

WIND (MPH)
AVERAGE WIND SPEED              4.9
HIGHEST WIND SPEED/DIRECTION    23/240    DATE  12/31
HIGHEST GUST SPEED/DIRECTION    40/260    DATE  12/31

AVERAGE RH (PERCENT)     76

WEATHER CONDITIONS. NUMBER OF DAYS WITH
THUNDERSTORM              0     MIXED PRECIP               0
HEAVY RAIN                4     RAIN                       6
LIGHT RAIN               11     FREEZING RAIN              0
LT FREEZING RAIN          0     HAIL                       0
HEAVY SNOW                0     SNOW                       0
LIGHT SNOW                5     SLEET                      0
FOG                      22     FOG W/VIS <= 1/4 MILE      0
HAZE                      6

-  INDICATES NEGATIVE NUMBERS.
R  INDICATES RECORD WAS SET OR TIED.
MM INDICATES DATA IS MISSING.
T  INDICATES TRACE AMOUNT.

$$
