000
CXUS51 KPBZ 181744
CLMPHD

CLIMATE REPORT
NATIONAL WEATHER SERVICE PITTSBURGH PA
939 AM EDT TUE MAY 1 2018

...................................

...THE NEW PHILADELPHIA OH CLIMATE SUMMARY FOR THE MONTH OF APRIL 2018...

CLIMATE NORMAL PERIOD 1981 TO 2010
CLIMATE RECORD PERIOD 1948 TO 2018

WEATHER         OBSERVED          NORMAL  DEPART  LAST YEAR`S
                 VALUE   DATE(S)  VALUE   FROM    VALUE  DATE(S)
                                          NORMAL
................................................................
TEMPERATURE (F)
RECORD
 HIGH              90   04/24/1985 04/29/1986 04/28/1990
 LOW               18   04/04/2013
HIGHEST            83   04/13        63      20       85  04/30
LOWEST             23   04/10        37     -16       26  04/08
AVG. MAXIMUM     56.8              63.2    -6.4     68.9
AVG. MINIMUM     34.8              38.6    -3.8     44.5
MEAN             45.8              50.9    -5.1     56.7
DAYS MAX >= 90      0               0.1    -0.1        0
DAYS MAX <= 32      0               0.1    -0.1        0
DAYS MIN <= 32     15               6.5     8.5        4
DAYS MIN <= 0       0               0.0     0.0        0

PRECIPITATION (INCHES)
RECORD
 MAXIMUM         7.32   1981
 MINIMUM         0.76   1971
TOTALS           4.88              3.43    1.45
DAILY AVG.       0.16              0.11    0.05
DAYS >= .01        15                14     +01
DAYS >= .10         7                 8     -01
DAYS >= .50         3                 3      00
DAYS >= 1.00        2                 0     +02
GREATEST
 24 HR. TOTAL    1.63   04/15 TO 04/15

DEGREE_DAYS
HEATING TOTAL     577               429     148
 SINCE 7/1       5567              5415     152
COOLING TOTAL       8                 6       2
 SINCE 1/1         13                 7       6
.................................................................

WIND (MPH)
AVERAGE WIND SPEED              6.3
HIGHEST WIND SPEED/DIRECTION    29/300    DATE  04/27
HIGHEST GUST SPEED/DIRECTION    45/280    DATE  04/27

AVERAGE RH (PERCENT)     64

WEATHER CONDITIONS. NUMBER OF DAYS WITH
THUNDERSTORM              1     MIXED PRECIP               0
HEAVY RAIN                2     RAIN                       4
LIGHT RAIN               11     FREEZING RAIN              0
LT FREEZING RAIN          0     HAIL                       0
HEAVY SNOW                0     SNOW                       1
LIGHT SNOW                9     SLEET                      0
FOG                      16     FOG W/VIS <= 1/4 MILE      2
HAZE                      4

-  INDICATES NEGATIVE NUMBERS.
R  INDICATES RECORD WAS SET OR TIED.
MM INDICATES DATA IS MISSING.
T  INDICATES TRACE AMOUNT.

$$
