000
CXUS51 KPBZ 011551
CLMPHD


CLIMATE REPORT
NATIONAL WEATHER SERVICE PITTSBURGH PA
913 AM EST THU FEB 1 2018

...................................

...THE NEW PHILADELPHIA OH CLIMATE SUMMARY FOR THE MONTH OF JANUARY 2018...

CLIMATE NORMAL PERIOD 1981 TO 2010
CLIMATE RECORD PERIOD 1948 TO 2018

WEATHER         OBSERVED          NORMAL  DEPART  LAST YEAR`S
                 VALUE   DATE(S)  VALUE   FROM    VALUE  DATE(S)
                                          NORMAL
................................................................
TEMPERATURE (F)
RECORD
 HIGH              71   01/13/2005
 LOW              -18   01/28/2014
HIGHEST            63   01/11        37      26       64  01/12
LOWEST            -10   01/01        21     -31        0  01/06
AVG. MAXIMUM     35.3              37.4    -2.1     42.1
AVG. MINIMUM     15.2              20.9    -5.7     27.7
MEAN             25.2              29.1    -3.9     34.9
DAYS MAX >= 90      0               0.0     0.0        0
DAYS MAX <= 32     14              10.5     3.5        7
DAYS MIN <= 32     25              24.9     0.1       20
DAYS MIN <= 0       8               1.4     6.6        1

PRECIPITATION (INCHES)
RECORD
 MAXIMUM         1.78   01/05/2005

TOTALS           2.21              2.60   -0.39
DAILY AVG.       0.07              0.08   -0.01
DAYS >= .01         9                MM      MM
DAYS >= .10         5                MM      MM
DAYS >= .50         2                MM      MM
DAYS >= 1.00        0                MM      MM
GREATEST
 24 HR. TOTAL    0.97   01/12 TO 01/12

DEGREE_DAYS
HEATING TOTAL    1224              1111     113
 SINCE 7/1       3326              3272      54
COOLING TOTAL       0                 0       0
 SINCE 1/1          0                 0       0
.................................................................

WIND (MPH)
AVERAGE WIND SPEED              6.0
HIGHEST WIND SPEED/DIRECTION    25/240    DATE  01/23
HIGHEST GUST SPEED/DIRECTION    37/230    DATE  01/23

AVERAGE RH (PERCENT)     71

WEATHER CONDITIONS. NUMBER OF DAYS WITH
THUNDERSTORM              1     MIXED PRECIP               0
HEAVY RAIN                1     RAIN                       3
LIGHT RAIN                7     FREEZING RAIN              1
LT FREEZING RAIN          2     HAIL                       0
HEAVY SNOW                0     SNOW                       1
LIGHT SNOW               16     SLEET                      0
FOG                      20     FOG W/VIS <= 1/4 MILE      4
HAZE                     13

-  INDICATES NEGATIVE NUMBERS.
R  INDICATES RECORD WAS SET OR TIED.
MM INDICATES DATA IS MISSING.
T  INDICATES TRACE AMOUNT.

$$
