000
CXUS51 KPBZ 011452 CCA
CLMPHD

CLIMATE REPORT
NATIONAL WEATHER SERVICE PITTSBURGH PA
919 AM EDT MON OCT 1 2018

...................................

...THE NEW PHILADELPHIA OH CLIMATE SUMMARY FOR THE MONTH OF SEPTEMBER 2018...

CLIMATE NORMAL PERIOD 1981 TO 2010
CLIMATE RECORD PERIOD 1948 TO 2018

WEATHER         OBSERVED          NORMAL  DEPART  LAST YEAR`S
                 VALUE   DATE(S)  VALUE   FROM    VALUE  DATE(S)
                                          NORMAL
................................................................
TEMPERATURE (F)
RECORD
 HIGH              96   09/01/1993
 LOW               30   09/23/1995
HIGHEST            93   09/04        80      13       94  09/24
LOWEST             49   09/30        46      03       40  09/30
                                                          09/10
AVG. MAXIMUM     78.9              75.8     3.1     79.1
AVG. MINIMUM     60.8              52.2     8.6     52.9
MEAN             69.9              64.0     5.9     66.0
DAYS MAX >= 90      3               0.6     2.4        7
DAYS MAX <= 32      0               0.0     0.0        0
DAYS MIN <= 32      0               0.1    -0.1        0
DAYS MIN <= 0       0               0.0     0.0        0

PRECIPITATION (INCHES)
RECORD
 MAXIMUM         6.63   09/30/2003
 MINIMUM         0.43   09/30/1985
TOTALS           5.58              3.26    2.32
DAILY AVG.       0.19              0.11    0.08
DAYS >= .01        12                MM      MM
DAYS >= .10         9                MM      MM
DAYS >= .50         5                MM      MM
DAYS >= 1.00        3                MM      MM
GREATEST
 24 HR. TOTAL    1.09   09/09 TO 09/09

DEGREE_DAYS
HEATING TOTAL      43                96     -53
 SINCE 7/1         43               106     -63
COOLING TOTAL     196                66     130
 SINCE 1/1       1156               688     468
.................................................................

WIND (MPH)
AVERAGE WIND SPEED              3.7
HIGHEST WIND SPEED/DIRECTION    22/320    DATE  09/21
HIGHEST GUST SPEED/DIRECTION    35/310    DATE  09/21

AVERAGE RH (PERCENT)     79

WEATHER CONDITIONS. NUMBER OF DAYS WITH
THUNDERSTORM              1     MIXED PRECIP               0
HEAVY RAIN                6     RAIN                       7
LIGHT RAIN               12     FREEZING RAIN              0
LT FREEZING RAIN          0     HAIL                       0
HEAVY SNOW                0     SNOW                       0
LIGHT SNOW                0     SLEET                      0
FOG                      27     FOG W/VIS <= 1/4 MILE      6
HAZE                      3

-  INDICATES NEGATIVE NUMBERS.
R  INDICATES RECORD WAS SET OR TIED.
MM INDICATES DATA IS MISSING.
T  INDICATES TRACE AMOUNT.

$$
