000
CXUS51 KPHI 011158
CLMPHL


CLIMATE REPORT
NATIONAL WEATHER SERVICE MOUNT HOLLY NJ
646 AM EST SAT DEC 1 2018

...................................

...THE PHILADELPHIA CLIMATE SUMMARY FOR THE MONTH OF NOVEMBER 2018...

CLIMATE NORMAL PERIOD 1981 TO 2010
CLIMATE RECORD PERIOD 1872 TO 2018

WEATHER         OBSERVED          NORMAL  DEPART  LAST YEAR`S
                 VALUE   DATE(S)  VALUE   FROM    VALUE  DATE(S)
                                          NORMAL
................................................................
TEMPERATURE (F)
RECORD
 HIGH              84   11/01/1950
 LOW                8   11/30/1875
HIGHEST            72                73      -1       75
LOWEST             16                24      -8       23
AVG. MAXIMUM     50.6              56.0    -5.4     56.4
AVG. MINIMUM     36.7              39.2    -2.5     38.5
MEAN             43.7              47.6    -3.9     47.5
DAYS MAX >= 90      0               0.0     0.0        0
DAYS MAX <= 32      0               0.0     0.0        0
DAYS MIN <= 32      8               5.7     2.3        5
DAYS MIN <= 0       0               0.0     0.0        0

PRECIPITATION (INCHES)
RECORD
 MAXIMUM         9.06   1972
 MINIMUM         0.32   1976
TOTALS           9.03              2.99    6.04     1.30
DAILY AVG.       0.30              0.10    0.20     0.04
DAYS >= .01        13               9.3     3.7       11
DAYS >= .10        11               6.0     5.0        4
DAYS >= .50         7               2.2     4.8        0
DAYS >= 1.00        3               0.6     2.4        0
GREATEST
 24 HR. TOTAL    2.01   11/24 TO 11/24              0.40

SNOWFALL (INCHES)
RECORDS
 TOTAL             MM   5
 24 HR TOTAL       MM
TOTALS            3.6               0.3     3.3      0.0
SINCE 7/1         3.6               0.3     3.3      0.0
SNOWDEPTH AVG.      0                MM      MM        0
DAYS >= 1.0         1               0.2     0.8        0
GREATEST
 SNOW DEPTH         T   11/16                          0  MM
 24 HR TOTAL      3.6   11/15 TO 11/15               0.0

DEGREE_DAYS
HEATING TOTAL     632               523     109      516
 SINCE 7/1        902               816      86      635
COOLING TOTAL       0                 1      -1        0
 SINCE 1/1       1584              1301     283     1490
.................................................................

WIND (MPH)
AVERAGE WIND SPEED              10.2
HIGHEST WIND SPEED/DIRECTION    35/280    DATE  11/28
HIGHEST GUST SPEED/DIRECTION    47/260    DATE  11/03

SKY COVER
POSSIBLE SUNSHINE (PERCENT)   MM
AVERAGE SKY COVER           0.70
NUMBER OF DAYS FAIR            4
NUMBER OF DAYS PC             15
NUMBER OF DAYS CLOUDY         11

AVERAGE RH (PERCENT)     68

WEATHER CONDITIONS. NUMBER OF DAYS WITH
THUNDERSTORM              1     MIXED PRECIP               0
HEAVY RAIN                6     RAIN                      10
LIGHT RAIN               16     FREEZING RAIN              0
LT FREEZING RAIN          1     HEAVY SNOW                 1
SNOW                      2     LIGHT SNOW                 1
SLEET                     0     FOG                       13
FOG W/VIS <= 1/4 MILE     2     HAZE                       2

-  INDICATES NEGATIVE NUMBERS.
R  INDICATES RECORD WAS SET OR TIED.
MM INDICATES DATA IS MISSING.
T  INDICATES TRACE AMOUNT.

$$
