000
CXUS53 KUNR 011609
CLMPHP


CLIMATE REPORT
NATIONAL WEATHER SERVICE RAPID CITY SD
908 AM MST THU FEB 1 2018

...................................

...THE PHILIP SD CLIMATE SUMMARY FOR THE MONTH OF JANUARY 2018...

CLIMATE NORMAL PERIOD 1981 TO 2010
CLIMATE RECORD PERIOD 9999 TO 9999

WEATHER         OBSERVED          NORMAL  DEPART  LAST YEAR`S
                 VALUE   DATE(S)  VALUE   FROM    VALUE  DATE(S)
                                          NORMAL
................................................................
TEMPERATURE (F)
HIGHEST            56   01/25                         45  01/30
LOWEST            -35R  01/01                        -16  01/04
AVG. MAXIMUM     34.9              34.7     0.2     25.7
AVG. MINIMUM      8.3               9.5    -1.2      6.8
MEAN             21.6              22.1    -0.5     16.3
DAYS MAX >= 90      0                                  0
DAYS MAX <= 32     10                                 20
DAYS MIN <= 32     31                                 31
DAYS MIN <= 0       8                                 11

PRECIPITATION (INCHES)
TOTALS           0.30              0.30    0.00     0.81
DAILY AVG.       0.01              0.01    0.00     0.03
DAYS >= .01         5                                  7
DAYS >= .10         1                                  1
DAYS >= .50         0                                  1
DAYS >= 1.00        0                                  0
GREATEST
 24 HR. TOTAL    0.17   01/20 TO 01/20              0.65

DEGREE_DAYS
HEATING TOTAL    1337              1330       7     1504
 SINCE 7/1       4060              4265    -205     4134
COOLING TOTAL       0                 0       0        0
 SINCE 1/1          0                 0       0        0
.................................................................

WIND (MPH)
AVERAGE WIND SPEED              8.5
HIGHEST WIND SPEED/DIRECTION    38/340    DATE  01/10
HIGHEST GUST SPEED/DIRECTION    45/340    DATE  01/10

AVERAGE RH (PERCENT)     77

WEATHER CONDITIONS. NUMBER OF DAYS WITH
THUNDERSTORM              0     MIXED PRECIP               0
HEAVY RAIN                0     RAIN                       0
LIGHT RAIN                4     FREEZING RAIN              0
LT FREEZING RAIN          0     HAIL                       0
HEAVY SNOW                0     SNOW                       0
LIGHT SNOW                8     SLEET                      0
FOG                       8     FOG W/VIS <= 1/4 MILE      0
HAZE                      1

-  INDICATES NEGATIVE NUMBERS.
R  INDICATES RECORD WAS SET OR TIED.
MM INDICATES DATA IS MISSING.
T  INDICATES TRACE AMOUNT.

$$
