000
CXUS53 KUNR 011603
CLMPHP


CLIMATE REPORT
NATIONAL WEATHER SERVICE RAPID CITY SD
1002 AM MDT SUN JUL 1 2018

...................................

...THE PHILIP SD CLIMATE SUMMARY FOR THE MONTH OF JUNE 2018...

CLIMATE NORMAL PERIOD 1981 TO 2010
CLIMATE RECORD PERIOD 9999 TO 9999

WEATHER         OBSERVED          NORMAL  DEPART  LAST YEAR`S
                 VALUE   DATE(S)  VALUE   FROM    VALUE  DATE(S)
                                          NORMAL
................................................................
TEMPERATURE (F)
HIGHEST           103   06/14                        103  06/09
LOWEST             44   06/13                         38  06/25
AVG. MAXIMUM     83.0              80.5     2.5     85.6
AVG. MINIMUM     56.0              53.5     2.5     52.1
MEAN             69.5              67.0     2.5     68.9
DAYS MAX >= 90      7                                  8
DAYS MAX <= 32      0                                  0
DAYS MIN <= 32      0                                  0
DAYS MIN <= 0       0                                  0

PRECIPITATION (INCHES)
TOTALS           2.93              2.93    0.00     2.07
DAILY AVG.       0.10              0.10    0.00     0.07
DAYS >= .01        12                                 10
DAYS >= .10         6                                  5
DAYS >= .50         3                                  1
DAYS >= 1.00        0                                  0
GREATEST
 24 HR. TOTAL    0.78   06/17 TO 06/17              0.58

DEGREE_DAYS
HEATING TOTAL      18                63     -45       23
 SINCE 7/1       7491              7197     294     6675
COOLING TOTAL     161               123      38      150
 SINCE 1/1        226               150      76      163
.................................................................

WIND (MPH)
AVERAGE WIND SPEED              10.1
HIGHEST WIND SPEED/DIRECTION    48/330    DATE  06/29
HIGHEST GUST SPEED/DIRECTION    63/140    DATE  06/28

AVERAGE RH (PERCENT)     71

WEATHER CONDITIONS. NUMBER OF DAYS WITH
THUNDERSTORM             13     MIXED PRECIP               0
HEAVY RAIN                4     RAIN                       5
LIGHT RAIN               17     FREEZING RAIN              0
LT FREEZING RAIN          0     HAIL                       0
HEAVY SNOW                0     SNOW                       0
LIGHT SNOW                0     SLEET                      0
FOG                      13     FOG W/VIS <= 1/4 MILE      1
HAZE                      1

-  INDICATES NEGATIVE NUMBERS.
R  INDICATES RECORD WAS SET OR TIED.
MM INDICATES DATA IS MISSING.
T  INDICATES TRACE AMOUNT.

$$
