000
CXUS53 KUNR 011604
CLMPHP


CLIMATE REPORT
NATIONAL WEATHER SERVICE RAPID CITY SD
1002 AM MDT MON OCT 1 2018

...................................

...THE PHILIP SD CLIMATE SUMMARY FOR THE MONTH OF SEPTEMBER 2018...

CLIMATE NORMAL PERIOD 1981 TO 2010
CLIMATE RECORD PERIOD 9999 TO 9999

WEATHER         OBSERVED          NORMAL  DEPART  LAST YEAR`S
                 VALUE   DATE(S)  VALUE   FROM    VALUE  DATE(S)
                                          NORMAL
................................................................
TEMPERATURE (F)
HIGHEST            97   09/12                        103  09/12
LOWEST             36   09/26                         34  09/17
AVG. MAXIMUM     74.9              77.6    -2.7     79.7
AVG. MINIMUM     51.2              46.9     4.3     47.1
MEAN             63.1              62.3     0.8     63.4
DAYS MAX >= 90      3                                 10
DAYS MAX <= 32      0                                  0
DAYS MIN <= 32      0                                  0
DAYS MIN <= 0       0                                  0

PRECIPITATION (INCHES)
TOTALS           0.87              1.49   -0.62     1.03
DAILY AVG.       0.03              0.05   -0.02     0.03
DAYS >= .01         7                                  7
DAYS >= .10         3                                  4
DAYS >= .50         0                                  1
DAYS >= 1.00        0                                  0
GREATEST
 24 HR. TOTAL    0.28   09/20 TO 09/20              0.50

DEGREE_DAYS
HEATING TOTAL     147               161     -14      150
 SINCE 7/1        170               186     -16      156
COOLING TOTAL      97                79      18      109
 SINCE 1/1        946               814     132      905
.................................................................

WIND (MPH)
AVERAGE WIND SPEED              9.8
HIGHEST WIND SPEED/DIRECTION    33/290    DATE  09/25
HIGHEST GUST SPEED/DIRECTION    60/310    DATE  09/25

AVERAGE RH (PERCENT)     67

WEATHER CONDITIONS. NUMBER OF DAYS WITH
THUNDERSTORM              2     MIXED PRECIP               0
HEAVY RAIN                0     RAIN                       2
LIGHT RAIN               11     FREEZING RAIN              0
LT FREEZING RAIN          0     HAIL                       0
HEAVY SNOW                0     SNOW                       0
LIGHT SNOW                0     SLEET                      0
FOG                       9     FOG W/VIS <= 1/4 MILE      0
HAZE                      0

-  INDICATES NEGATIVE NUMBERS.
R  INDICATES RECORD WAS SET OR TIED.
MM INDICATES DATA IS MISSING.
T  INDICATES TRACE AMOUNT.

$$
