000
CXUS53 KILX 070439 CCA
CLMPIA

CLIMATE REPORT...CORRECTED
NATIONAL WEATHER SERVICE LINCOLN IL
1038 AM CST SAT DEC 1 2018

UPDATED RECORDS LISTING

...................................

...THE PEORIA IL CLIMATE SUMMARY FOR THE MONTH OF NOVEMBER 2018...

CLIMATE NORMAL PERIOD 1981 TO 2010
CLIMATE RECORD PERIOD 1883 TO 2018

WEATHER         OBSERVED          NORMAL  DEPART  LAST YEAR`S
                 VALUE   DATE(S)  VALUE   FROM    VALUE
                                          NORMAL
.............................................................
TEMPERATURE (F)
RECORD
 HIGH              81   11/01/1950
                        11/01/1937
                        11/01/1888
 LOW               -2   11/26/1977
HIGHEST            56   11/24        49       7       67
LOWEST             10   11/28        32     -22       19
AVG. MAXIMUM     41.1              50.3    -9.2     50.5
AVG. MINIMUM     28.1              32.9    -4.8     32.3
MEAN             34.6              41.6    -7.0     41.4
DAYS MAX >= 90      0               0.0     0.0        0
DAYS MAX <= 32      5               1.6     3.4        0
DAYS MIN <= 32     22              14.0     8.0       15
DAYS MIN <= 0       0               0.0     0.0        0

PRECIPITATION (INCHES)
RECORD
 MAXIMUM         7.62   1985
 MINIMUM         0.07   1917
TOTALS           3.16              3.13    0.03     1.58
DAILY AVG.       0.11              0.10    0.01     0.05
DAYS >= .01        14               9.6     4.4        8
DAYS >= .10         8               5.8     2.2        3
DAYS >= .50         1               2.2    -1.2        1
DAYS >= 1.00        1               0.7     0.3        1
GREATEST
 24 HR. TOTAL    1.07   11/25                       1.00

SNOWFALL (INCHES)
RECORDS
 TOTAL           10.7   1926
TOTALS            9.8               1.1     8.7        T
SINCE 7/1         9.8               1.1     8.7        T
DAYS >= 1.0         4               0.3     3.7        0
GREATEST
 SNOW DEPTH         4   11/28                          0
                        11/27
                        11/26
 24 HR TOTAL      2.7   11/25                          T

DEGREE_DAYS
HEATING TOTAL     904               702     202      704
 SINCE 7/1       1333              1148     185      987
COOLING TOTAL       0                 0       0        0
 SINCE 1/1       1472              1039     433     1157
..............................................................

WIND (MPH)
AVERAGE WIND SPEED              7.8
HIGHEST WIND SPEED/DIRECTION    30/050    DATE  11/25
HIGHEST GUST SPEED/DIRECTION    47/030    DATE  11/25

AVERAGE RH (PERCENT)     77

WEATHER CONDITIONS. NUMBER OF DAYS WITH
THUNDERSTORM              0     MIXED PRECIP               0
HEAVY RAIN                2     RAIN                       5
LIGHT RAIN                9     FREEZING RAIN              0
LT FREEZING RAIN          0     HAIL                       0
HEAVY SNOW                0     SNOW                       2
LIGHT SNOW               10     SLEET                      0
FOG                      20     FOG W/VIS <= 1/4 MILE      2
HAZE                      9

-  INDICATES NEGATIVE NUMBERS.
R  INDICATES RECORD WAS SET OR TIED.
MM INDICATES DATA IS MISSING.
T  INDICATES TRACE AMOUNT.
&&

2ND SNOWIEST NOVEMBER ON RECORD WITH 9.8 INCHES.
8TH COLDEST NOVEMBER ON RECORD OF 34.6 DEGREES.
RECORD DAILY SNOWFALL OF 0.7 INCHES ON NOV 10TH.

$$
