000
CXUS53 KILX 021357
CLMPIA

CLIMATE REPORT
NATIONAL WEATHER SERVICE LINCOLN IL
1106 AM CDT FRI JUN 1 2018

...................................

...THE PEORIA IL CLIMATE SUMMARY FOR THE MONTH OF MAY 2018...

CLIMATE NORMAL PERIOD 1981 TO 2010
CLIMATE RECORD PERIOD 1883 TO 2018

WEATHER         OBSERVED          NORMAL  DEPART  LAST YEAR`S
                 VALUE   DATE(S)  VALUE   FROM    VALUE
                                          NORMAL
.............................................................
TEMPERATURE (F)
RECORD
 HIGH             104   05/31/1934
 LOW               25   05/10/1966
HIGHEST            97   05/27        73      24       87
LOWEST             49   05/07        51      -2       36
AVG. MAXIMUM     83.3              73.2    10.1     72.8
AVG. MINIMUM     60.0              51.6     8.4     51.2
MEAN             71.7              62.4     9.3     62.0
DAYS MAX >= 90      3               0.5     2.5        0
DAYS MAX <= 32      0               0.0     0.0        0
DAYS MIN <= 32      0               0.2    -0.2        0
DAYS MIN <= 0       0               0.0     0.0        0

PRECIPITATION (INCHES)
RECORD
 MAXIMUM        11.49   1915
 MINIMUM         0.47   1934
TOTALS           4.06              4.33   -0.27     3.62
DAILY AVG.       0.13              0.14   -0.01     0.12
DAYS >= .01        11              11.8    -0.8        9
DAYS >= .10         8               7.8     0.2        7
DAYS >= .50         2               2.5    -0.5        3
DAYS >= 1.00        2               1.2     0.8        0
GREATEST
 24 HR. TOTAL    1.41   05/30 TO 05/30              0.98

SNOWFALL (INCHES)
RECORDS
 TOTAL            0.1   1966
                        1923
TOTALS            0.0               0.0     0.0      0.0
SINCE 7/1        32.1              24.6     7.5     13.9
DAYS >= 1.0         0               0.0     0.0        0
GREATEST
 SNOW DEPTH         0   MM                             0
 24 HR TOTAL      0.0   05/31 TO 05/31               0.0

DEGREE_DAYS
HEATING TOTAL       7               148    -141      150
 SINCE 7/1       5769              5813     -44     4701
COOLING TOTAL     221                67     154       63
 SINCE 1/1        223                81     142       81
..............................................................

WIND (MPH)
AVERAGE WIND SPEED              7.2
HIGHEST WIND SPEED/DIRECTION    32/080    DATE  05/28
HIGHEST GUST SPEED/DIRECTION    43/080    DATE  05/28

AVERAGE RH (PERCENT)     67

WEATHER CONDITIONS. NUMBER OF DAYS WITH
THUNDERSTORM             11     MIXED PRECIP               0
HEAVY RAIN                5     RAIN                       9
LIGHT RAIN               14     FREEZING RAIN              0
LT FREEZING RAIN          0     HAIL                       0
HEAVY SNOW                0     SNOW                       0
LIGHT SNOW                0     SLEET                      0
FOG                      17     FOG W/VIS <= 1/4 MILE      0
HAZE                      9

-  INDICATES NEGATIVE NUMBERS.
R  INDICATES RECORD WAS SET OR TIED.
MM INDICATES DATA IS MISSING.
T  INDICATES TRACE AMOUNT.

&&

RECORDS ESTABLISHED DURING MAY 2018:

SET WARMEST MAY ON RECORD WITH A MEAN TEMPERATURE OF  71.7 DEGREES
SET DAILY RECORD RAINFALL WITH 1.24 INCHES OF RAIN ON THE 21ST
SET RECORD HIGH TEMPERATURE OF 97 DEGREES ON THE 27TH
SET RECORD HIGH TEMPERATURE OF 95 DEGREES ON THE 28TH


$$
