000
CXUS53 KILX 012124 RRC
CLMPIA

CLIMATE REPORT
NATIONAL WEATHER SERVICE LINCOLN IL
424 PM CDT SAT SEP 1 2018

...................................

...THE PEORIA IL CLIMATE SUMMARY FOR THE MONTH OF AUGUST 2018...

CLIMATE NORMAL PERIOD 1981 TO 2010
CLIMATE RECORD PERIOD 1883 TO 2018

WEATHER         OBSERVED          NORMAL  DEPART  LAST YEAR`S
                 VALUE   DATE(S)  VALUE   FROM    VALUE
                                          NORMAL
.............................................................
TEMPERATURE (F)
RECORD
 HIGH             106   08/18/1936
 LOW               41   08/28/1986
                        08/31/1915
                        08/26/1910
HIGHEST            94   08/28        84      10       91
LOWEST             55   08/23        63      -8       54
AVG. MAXIMUM     84.9              83.8     1.1     81.9
AVG. MINIMUM     66.2              63.7     2.5     61.4
MEAN             75.5              73.8     1.7     71.6
DAYS MAX >= 90      8               5.5     2.5        1
DAYS MAX <= 32      0               0.0     0.0        0
DAYS MIN <= 32      0               0.0     0.0        0
DAYS MIN <= 0       0               0.0     0.0        0

PRECIPITATION (INCHES)
RECORD
 MAXIMUM         8.61   1965
 MINIMUM         0.25   1992
TOTALS           6.08              3.24    2.84     0.99
DAILY AVG.       0.20              0.10    0.10     0.03
DAYS >= .01         9               9.1    -0.1        7
DAYS >= .10         8               6.0     2.0        4
DAYS >= .50         5               2.5     2.5        0
DAYS >= 1.00        2               0.8     1.2        0
GREATEST
 24 HR. TOTAL    2.15   08/28 TO 08/28              0.38

SNOWFALL (INCHES)
RECORDS
 TOTAL            0.0   MM
TOTALS            0.0               0.0     0.0      0.0
SINCE 7/1         0.0               0.0     0.0      0.0
DAYS >= 1.0         0               0.0     0.0        0
GREATEST
 SNOW DEPTH         0   MM                             0
 24 HR TOTAL      0.0   08/31 TO 08/31               0.0

DEGREE_DAYS
HEATING TOTAL       0                 5      -5        0
 SINCE 7/1          0                 6      -6        0
COOLING TOTAL     335               276      59      213
 SINCE 1/1       1212               907     305      926
..............................................................

WIND (MPH)
AVERAGE WIND SPEED              6.4
HIGHEST WIND SPEED/DIRECTION    25/180    DATE  08/27
HIGHEST GUST SPEED/DIRECTION    35/180    DATE  08/27

AVERAGE RH (PERCENT)     77

WEATHER CONDITIONS. NUMBER OF DAYS WITH
THUNDERSTORM             10     MIXED PRECIP               0
HEAVY RAIN                8     RAIN                       6
LIGHT RAIN               11     FREEZING RAIN              0
LT FREEZING RAIN          0     HAIL                       0
HEAVY SNOW                0     SNOW                       0
LIGHT SNOW                0     SLEET                      0
FOG                      19     FOG W/VIS <= 1/4 MILE      2
HAZE                      1

-  INDICATES NEGATIVE NUMBERS.
R  INDICATES RECORD WAS SET OR TIED.
MM INDICATES DATA IS MISSING.
T  INDICATES TRACE AMOUNT.

&&

RECORDS ESTABLISHED THIS MONTH:

* NONE

$$
