000
CXUS55 KPIH 011439
CLMPIH

CLIMATE REPORT
NATIONAL WEATHER SERVICE POCATELLO ID
830 AM MDT MON OCT 1 2018

...................................

...THE POCATELLO CLIMATE SUMMARY FOR THE MONTH OF SEPTEMBER 2018...

CLIMATE NORMAL PERIOD 1981 TO 2010
CLIMATE RECORD PERIOD 1939 TO 2018

WEATHER         OBSERVED          NORMAL  DEPART  LAST YEAR`S
                 VALUE   DATE(S)  VALUE   FROM    VALUE  DATE(S)
                                          NORMAL
................................................................
TEMPERATURE (F)
RECORD
 HIGH              98   09/03/2017
                        09/05/1976
                        24/09/2399
 LOW               19   09/30/1985
                        09/29/1985
                        09/20/1983
HIGHEST            92   09/06        98      -6       98  09/03
LOWEST             28   09/26        19       9       32  09/27
                        09/25
AVG. MAXIMUM     79.8              75.8     4.0     74.5
AVG. MINIMUM     40.6              42.1    -1.5     43.2
MEAN             60.2              59.0     1.2     58.9
DAYS MAX >= 90      3               1.8     1.2        4
DAYS MAX <= 32      0               0.0     0.0        0
DAYS MIN <= 32      4               2.9     1.1        1
DAYS MIN <= 0       0               0.0     0.0        0

PRECIPITATION (INCHES)
RECORD
 MAXIMUM         3.80   1940
 MINIMUM         0.00   1987
                        1964
TOTALS              T              0.84   -0.84     2.95
DAILY AVG.          T              0.03   -0.03     0.10
DAYS >= .01         0               4.9    -4.9       11
DAYS >= .10         0               2.5    -2.5        7
DAYS >= .50         0               0.4    -0.4        1
DAYS >= 1.00        0               0.1    -0.1        1
GREATEST
 24 HR. TOTAL       T   09/15 TO 09/15              1.04

SNOWFALL (INCHES)
RECORDS
 TOTAL            2.0   1965
TOTALS            0.0               0.1    -0.1      0.0
SINCE 7/1         0.0               0.1    -0.1      0.0
SNOWDEPTH AVG.      0                MM      MM        0
DAYS >= 1.0         0               0.0     0.0        0
GREATEST
 SNOW DEPTH         0   MM                             0  MM
 24 HR TOTAL      0.0   09/30 TO 09/30               0.0

DEGREE_DAYS
HEATING TOTAL     154               203     -49      243
 SINCE 7/1        194               249     -55      247
COOLING TOTAL      17                22      -5       66
 SINCE 1/1        464               392      72      575
.................................................................

WIND (MPH)
AVERAGE WIND SPEED              8.0
HIGHEST WIND SPEED/DIRECTION    37/290    DATE  09/15
HIGHEST GUST SPEED/DIRECTION    49/260    DATE  09/15

SKY COVER
POSSIBLE SUNSHINE (PERCENT)   MM
AVERAGE SKY COVER           0.00
NUMBER OF DAYS FAIR           30
NUMBER OF DAYS PC              0
NUMBER OF DAYS CLOUDY          0

AVERAGE RH (PERCENT)     37

WEATHER CONDITIONS. NUMBER OF DAYS WITH
THUNDERSTORM               0   MIXED PRECIP            0
HEAVY RAIN                 0   RAIN                    0
LIGHT RAIN                 0   FREEZING RAIN           0
LT FREEZING RAIN           0   HAIL                    0
HEAVY SNOW                 0   SNOW                    0
LIGHT SNOW                 0   SLEET                   0
FOG                        0   FOG W/VIS <= 1/4 MILE   0
HAZE                       5



-  INDICATES NEGATIVE NUMBERS.
R  INDICATES RECORD WAS SET OR TIED.
MM INDICATES DATA IS MISSING.
T  INDICATES TRACE AMOUNT.

&&

$$
