000
CXUS55 KPIH 020012
CLMPIH

CLIMATE REPORT
NATIONAL WEATHER SERVICE POCATELLO ID
505 PM MST THU FEB 1 2018

...................................

...THE POCATELLO CLIMATE SUMMARY FOR THE MONTH OF JANUARY 2018...

CLIMATE NORMAL PERIOD 1981 TO 2010
CLIMATE RECORD PERIOD 1939 TO 2018

WEATHER         OBSERVED          NORMAL  DEPART  LAST YEAR`S
                 VALUE   DATE(S)  VALUE   FROM    VALUE  DATE(S)
                                          NORMAL
................................................................
TEMPERATURE (F)
RECORD
 HIGH              61   01/30/2018
 LOW              -31   01/25/1949
HIGHEST            61R  01/30        57       4       42  01/09
LOWEST              8   01/02       -28      36      -22  01/06
AVG. MAXIMUM     43.0              32.6    10.4     25.3
AVG. MINIMUM     25.7              16.0     9.7      7.5
MEAN             34.4              24.3    10.1     16.4
DAYS MAX >= 90      0               0.0     0.0        0
DAYS MAX <= 32      1              14.3   -13.3       21
DAYS MIN <= 32     27              29.2    -2.2       31
DAYS MIN <= 0       0               3.6    -3.6       12

PRECIPITATION (INCHES)
RECORD
 MAXIMUM         3.24   1980
 MINIMUM         0.20   1945
TOTALS           0.71              0.99   -0.28     2.85
DAILY AVG.       0.02              0.03   -0.01     0.09
DAYS >= .01         7              11.4    -4.4       15
DAYS >= .10         3               3.6    -0.6       11
DAYS >= .50         0               0.1    -0.1        1
DAYS >= 1.00        0               0.0     0.0        0
GREATEST
 24 HR. TOTAL    0.22   01/19 TO 01/19              0.64

SNOWFALL (INCHES)
RECORDS
 TOTAL           32.2   2017
TOTALS            0.3               8.8    -8.5     32.2
SINCE 7/1        14.1              26.9   -12.8     63.3
SNOWDEPTH AVG.      0                 4      -4       10
DAYS >= 1.0         0               3.0    -3.0        9
GREATEST
 SNOW DEPTH         0   MM                            16  01/05
 24 HR TOTAL      0.2   01/25 TO 01/25               8.6

DEGREE_DAYS
HEATING TOTAL     942              1262    -320     1501
 SINCE 7/1       3791              4247    -456     4333
COOLING TOTAL       0                 0       0        0
 SINCE 1/1          0                 0       0        0
.................................................................

WIND (MPH)
AVERAGE WIND SPEED              9.9
HIGHEST WIND SPEED/DIRECTION    39/170    DATE  01/18
HIGHEST GUST SPEED/DIRECTION    49/170    DATE  01/18

SKY COVER
POSSIBLE SUNSHINE (PERCENT)   MM
AVERAGE SKY COVER           0.40
NUMBER OF DAYS FAIR           13
NUMBER OF DAYS PC             11
NUMBER OF DAYS CLOUDY          7

AVERAGE RH (PERCENT)     71

WEATHER CONDITIONS. NUMBER OF DAYS WITH
THUNDERSTORM              0     MIXED PRECIP               0
HEAVY RAIN                0     RAIN                       0
LIGHT RAIN                5     FREEZING RAIN              0
LT FREEZING RAIN          0     HAIL                       0
HEAVY SNOW                0     SNOW                       1
LIGHT SNOW                6     SLEET                      0
FOG                      10     FOG W/VIS <= 1/4 MILE      3
HAZE                      1

-  INDICATES NEGATIVE NUMBERS.
R  INDICATES RECORD WAS SET OR TIED.
MM INDICATES DATA IS MISSING.
T  INDICATES TRACE AMOUNT.

&&

18TH: HIGH OF 54 TIES OLD RECORD SET IN 2015.
30TH: HIGH OF 61 BREAKS OLD RECORD OF 51 SET IN 1992.
30TH: HIGH OF 61 BREAKS THE JANUARY MONTHLY OLD RECORD HIGH OF 60
SET IN JANUARY OF 2003.

$$
