000
CXUS55 KPIH 120513 CCA
CLMPIH

CLIMATE REPORT
NATIONAL WEATHER SERVICE POCATELLO ID
1113 PM SAT WED AUG 11 2018

...................................

...THE POCATELLO CLIMATE SUMMARY FOR THE MONTH OF JULY 2018...

CLIMATE NORMAL PERIOD 1981 TO 2010
CLIMATE RECORD PERIOD 1939 TO 2018

WEATHER         OBSERVED          NORMAL  DEPART  LAST YEAR`S
                 VALUE   DATE(S)  VALUE   FROM    VALUE  DATE(S)
                                          NORMAL
................................................................
TEMPERATURE (F)
RECORD
 HIGH             104   07/22/2000
 LOW               34   07/04/2018
                        07/08/1981
                        01/01/2000
HIGHEST            99   07/05       104      -5      100  07/15
                                                          07/05
LOWEST             34R  07/04        34       0       44  07/01
AVG. MAXIMUM     92.7              87.8     4.9     93.6
AVG. MINIMUM     54.3              52.0     2.3     54.0
MEAN             73.5              69.9     3.6     73.8
DAYS MAX >= 90     28              13.3    14.7       25
DAYS MAX <= 32      0               0.0     0.0        0
DAYS MIN <= 32      0               0.0     0.0        0
DAYS MIN <= 0       0               0.0     0.0        0

PRECIPITATION (INCHES)
RECORD
 MAXIMUM         2.28   2009
                        1984
 MINIMUM         0.00   2003
                        1988
                        1963
TOTALS           0.18              0.64   -0.46     0.05
DAILY AVG.       0.01              0.02   -0.01     0.00
DAYS >= .01         1               4.4    -3.4        3
DAYS >= .10         1               1.8    -0.8        0
DAYS >= .50         0               0.3    -0.3        0
DAYS >= 1.00        0               0.0     0.0        0
GREATEST
 24 HR. TOTAL    0.18   07/16 TO 07/16              0.03

SNOWFALL (INCHES)
RECORDS
 TOTAL            0.0   2010
                        2009
                        2008
TOTALS            0.0               0.0     0.0      0.0
SINCE 7/1         0.0               0.0     0.0      0.0
SNOWDEPTH AVG.      0                MM      MM        0
DAYS >= 1.0         0               0.0     0.0        0
GREATEST
 SNOW DEPTH         0   MM                             0  MM
 24 HR TOTAL      0.0   07/31 TO 07/31               0.0

DEGREE_DAYS
HEATING TOTAL       9                20     -11        0
 SINCE 7/1          9                20     -11        0
COOLING TOTAL     278               172     106      278
 SINCE 1/1        315               223      92      341
.................................................................

WIND (MPH)
AVERAGE WIND SPEED              8.7
HIGHEST WIND SPEED/DIRECTION    31/260    DATE  07/16
HIGHEST GUST SPEED/DIRECTION    38/260    DATE  07/16

SKY COVER
POSSIBLE SUNSHINE (PERCENT)   MM
AVERAGE SKY COVER           0.10
NUMBER OF DAYS FAIR           31
NUMBER OF DAYS PC              0
NUMBER OF DAYS CLOUDY          0

AVERAGE RH (PERCENT)     40

WEATHER CONDITIONS. NUMBER OF DAYS WITH
THUNDERSTORM               2   MIXED PRECIP            0
HEAVY RAIN                 1   RAIN                    1
LIGHT RAIN                 4   FREEZING RAIN           0
LT FREEZING RAIN           0   HAIL                    0
HEAVY SNOW                 0   SNOW                    0
LIGHT SNOW                 0   SLEET                   0
FOG                        0   FOG W/VIS <= 1/4 MILE   0
HAZE                       1


-  INDICATES NEGATIVE NUMBERS.
R  INDICATES RECORD WAS SET OR TIED.
MM INDICATES DATA IS MISSING.
T  INDICATES TRACE AMOUNT.

$$

4TH: LOW OF 34 BREAKS OLD RECORD OF 39 SET IN 1983.

$$
