000
CXUS51 KPBZ 022009 CCA
CLMPIT

CLIMATE REPORT
NATIONAL WEATHER SERVICE PITTSBURGH PA
310 PM EST SUN DEC 2 2018

...................................

...THE PITTSBURGH PA CLIMATE SUMMARY FOR THE MONTH OF NOVEMBER 2018...

CLIMATE NORMAL PERIOD 1981 TO 2010
CLIMATE RECORD PERIOD 1871 TO 2018

WEATHER         OBSERVED          NORMAL  DEPART  LAST YEAR`S
                 VALUE   DATE(S)  VALUE   FROM    VALUE  DATE(S)
                                          NORMAL
................................................................
TEMPERATURE (F)
RECORD
 HIGH              82   11/03/1961
 LOW               -1   11/30/1958

HIGHEST            66   11/02        57       9       70  11/05
                        11/01        57       9
LOWEST             21   11/22        33      12       17  11/11
                        11/11        36      15
AVG. MAXIMUM     43.3              51.2    -7.9     51.5
AVG. MINIMUM     31.3              34.7    -3.4     32.5
MEAN             37.3              42.9    -5.6     42.0
DAYS MAX >= 90      0               0.0     0.0        0
DAYS MAX <= 32      5               1.0     4.0        0
DAYS MIN <= 32     20              12.3     7.7       17
DAYS MIN <= 0       0               0.0     0.0        0

PRECIPITATION (INCHES)
RECORD
 MAXIMUM        11.05   1985
 MINIMUM         0.00   2015
TOTALS           4.57              3.23    1.34
DAILY AVG.       0.15              0.11    0.04     0.14
DAYS >= .01        18              12.8     5.2       12
DAYS >= .10        12               7.1     4.9        6
DAYS >= .50         4               2.1     1.9        3
DAYS >= 1.00        0               0.5    -0.5        1
GREATEST
 24 HR. TOTAL    0.97   11/15 TO 11/15           11/18 TO 11/18

SNOWFALL (INCHES)
RECORDS
 TOTAL           32.3   1950
 24 HR TOTAL     14.0   24/1950
TOTALS            3.6               2.0     1.6        T
SINCE 7/1         3.6               2.4     1.2        T
SNOWDEPTH AVG.      0                                  0
DAYS >= TRACE      10
DAYS >= 1.0         2               0.6     1.4        0
GREATEST
 24 HR TOTAL      1.1   11/27 TO 11/27                 T

DEGREE_DAYS
HEATING TOTAL     820               662     158      683
 SINCE 7/1       1272              1163     109     1003
COOLING TOTAL       0                 0       0        0
 SINCE 1/1       1138               736     402      864
.................................................................

WIND (MPH)
AVERAGE WIND SPEED              7.7
HIGHEST WIND SPEED/DIRECTION    28/290    DATE  11/10
HIGHEST GUST SPEED/DIRECTION    39/220    DATE  11/06

AVERAGE RH (PERCENT)     78

WEATHER CONDITIONS. NUMBER OF DAYS WITH
THUNDERSTORM              0     MIXED PRECIP               0
HEAVY RAIN                0     RAIN                       1
LIGHT RAIN               14     FREEZING RAIN              0
LT FREEZING RAIN          4     HAIL                       0
HEAVY SNOW                0     SNOW                       2
LIGHT SNOW               11     SLEET                      1
FOG                      22     FOG W/VIS <= 1/4 MILE      0
HAZE                      1

-  INDICATES NEGATIVE NUMBERS.
R  INDICATES RECORD WAS SET OR TIED.
MM INDICATES DATA IS MISSING.
T  INDICATES TRACE AMOUNT.

$$
