000
CXUS51 KPBZ 011321
CLMPIT

CLIMATE REPORT
NATIONAL WEATHER SERVICE PITTSBURGH PA
907 AM EDT SAT SEP 1 2018

...................................

...THE PITTSBURGH PA CLIMATE SUMMARY FOR THE MONTH OF AUGUST 2018...

CLIMATE NORMAL PERIOD 1981 TO 2010
CLIMATE RECORD PERIOD 1871 TO 2018

WEATHER         OBSERVED          NORMAL  DEPART  LAST YEAR`S
                 VALUE   DATE(S)  VALUE   FROM    VALUE  DATE(S)
                                          NORMAL
................................................................
TEMPERATURE (F)
RECORD
 HIGH             103   08/06/1918
 LOW               39   08/29/1982
HIGHEST            92   08/29        80      12       88  08/17
                        08/28
LOWEST             52   08/24        61       9       51  08/26
                        08/23                             08/25
AVG. MAXIMUM     81.2              81.4    -0.2     79.8
AVG. MINIMUM     64.5              61.5     3.0     60.7
MEAN             72.9              71.5     1.4     70.3
DAYS MAX >= 90      3               2.5     0.5        0
DAYS MAX <= 32      0               0.0     0.0        0
DAYS MIN <= 32      0               0.0     0.0        0
DAYS MIN <= 0       0               0.0     0.0        0

PRECIPITATION (INCHES)
RECORD
 MAXIMUM         8.29   1864
 MINIMUM         0.43   1894
TOTALS           4.53              3.48    1.05
DAILY AVG.       0.15              0.11    0.04     0.08
DAYS >= .01        12               9.8     2.2        8
DAYS >= .10         8               5.8     2.2        7
DAYS >= .50         5               2.6     2.4        2
DAYS >= 1.00        1               0.9     0.1        0
GREATEST
 24 HR. TOTAL    1.05   08/07 TO 08/07           08/19 TO 08/19
                                                          08/31 TO 08/31EATHER         OBSERVED          NORMAL  DEPART  LAST YEAR`S
                                                          08/31 TO 08/31EATHER         OBSERVED          NORMAL  DEPART  LAST YEAR`S

SNOWFALL (INCHES)
RECORDS
 TOTAL            0.0   MM
 24 HR TOTAL      0.0   08/31/2002 TO 08/31/2002
                        08/01/2001 TO 08/01/2001
TOTALS            0.0               0.0     0.0      0.0
SINCE 7/1         0.0               0.0     0.0      0.0
SNOWDEPTH AVG.      0                MM      MM        0
DAYS >= TRACE       0
DAYS >= 1.0         0               0.0     0.0        0
GREATEST
 24 HR TOTAL      0.0   08/31 TO 08/31               0.0

DEGREE_DAYS
HEATING TOTAL       1                 9      -8        5
 SINCE 7/1          1                13     -12        5
COOLING TOTAL     254               209      45      178
 SINCE 1/1        891               652     239      704
.................................................................

WIND (MPH)
AVERAGE WIND SPEED              5.4
HIGHEST WIND SPEED/DIRECTION    30/290    DATE  08/16
HIGHEST GUST SPEED/DIRECTION    38/280    DATE  08/16

AVERAGE RH (PERCENT)     78

WEATHER CONDITIONS. NUMBER OF DAYS WITH
THUNDERSTORM             10     MIXED PRECIP               0
HEAVY RAIN                4     RAIN                       8
LIGHT RAIN               13     FREEZING RAIN              0
LT FREEZING RAIN          0     HAIL                       0
HEAVY SNOW                0     SNOW                       0
LIGHT SNOW                0     SLEET                      0
FOG                      22     FOG W/VIS <= 1/4 MILE      1
HAZE                      3

-  INDICATES NEGATIVE NUMBERS.
R  INDICATES RECORD WAS SET OR TIED.
MM INDICATES DATA IS MISSING.
T  INDICATES TRACE AMOUNT.

$$
