000
CXUS51 KALY 011334
CLMPOU


CLIMATE REPORT
NATIONAL WEATHER SERVICE ALBANY NY
932 AM EDT TUE MAY 1 2018

...................................

...THE POUGHKEEPSIE NY CLIMATE SUMMARY FOR THE MONTH OF APRIL 2018...

CLIMATE NORMAL PERIOD 1981 TO 2010
CLIMATE RECORD PERIOD 1931 TO 2018

WEATHER         OBSERVED          NORMAL  DEPART  LAST YEAR`S
                 VALUE   DATE(S)  VALUE   FROM    VALUE  DATE(S)
                                          NORMAL
................................................................
TEMPERATURE (F)
HIGHEST            74   04/13                         86  04/11
LOWEST             22   04/11                         26  04/09
                        04/06
AVG. MAXIMUM     53.9              60.8    -6.9     64.4
AVG. MINIMUM     32.6              36.6    -4.0     41.7
MEAN             43.3              48.7    -5.4     53.0
DAYS MAX >= 90      0               0.2    -0.2        0
DAYS MAX <= 32      0               0.0     0.0        0
DAYS MIN <= 32     14               9.3     4.7        4
DAYS MIN <= 0       0               0.0     0.0        0

PRECIPITATION (INCHES)
RECORD
 MAXIMUM         8.51   1983
 MINIMUM         0.78   1941
TOTALS           3.57              3.78   -0.21     2.38
DAILY AVG.       0.12              0.13   -0.01     0.08
DAYS >= .01        15              10.8     4.2       14
DAYS >= .10         9               6.6     2.4        7
DAYS >= .50         1               2.2    -1.2        2
DAYS >= 1.00        1               0.9     0.1        0
GREATEST
 24 HR. TOTAL    1.21   04/16 TO 04/16

DEGREE_DAYS
HEATING TOTAL     645               494     151      367
 SINCE 7/1       5805              5939    -134     5404
COOLING TOTAL       0                 5      -5       17
 SINCE 1/1          0                 5      -5       17

FREEZE DATES
RECORD
 EARLIEST     09/15/1963
 LATEST       05/25/1949
EARLIEST                        10/09
LATEST                          04/29
.................................................................

WIND (MPH)
AVERAGE WIND SPEED              6.2
HIGHEST WIND SPEED/DIRECTION    31/250    DATE  04/28
HIGHEST GUST SPEED/DIRECTION    40/270    DATE  04/04

SKY COVER
AVERAGE SKY COVER           0.50

AVERAGE RH (PERCENT)     63


-  INDICATES NEGATIVE NUMBERS.
R  INDICATES RECORD WAS SET OR TIED.
MM INDICATES DATA IS MISSING.
T  INDICATES TRACE AMOUNT.

$$
