000
CXUS56 KPDT 011839
CLMPSC

CLIMATE REPORT
NATIONAL WEATHER SERVICE PENDLETON OREGON
1135 AM PDT SUN APR 01 2018

....................................

...THE PASCO WA CLIMATE SUMMARY FOR THE MONTH OF MARCH 2018...

CLIMATE NORMAL PERIOD 1981 TO 2010
CLIMATE RECORD PERIOD 1942 TO 2018

WEATHER         OBSERVED          NORMAL  DEPART  LAST YEAR`S
                 VALUE   DATE(S)  VALUE   FROM    VALUE  DATE(S)
                                          NORMAL

................................................................

TEMPERATURE (F)
RECORD
 HIGH              80   3/30/2003
 LOW               15   3/12/2009
HIGHEST            70   3/12       31        39            67   3/18
LOWEST             20   3/ 6        7        13             0   3/29
AVG. MAXIMUM     58.4            59.1      -0.7          54.5
AVG. MINUMUM     30.3            33.6      -3.3          36.2
MEAN             44.3            46.4      -2.1          45.4
DAYS MAX >= 90      0               0         0             0
DAYS MAX <= 32      0              18       -18             1
DAYS MIN <= 32     21              24        -3             7
DAYS MIN <= 0       0              18       -18             7


PRECIPITATION (INCHES)
RECORD
 MAXIMUM          1.43   2017
 MINIMUM          0.23   2013
TOTALS            0.49            0.79     -0.30          1.43
DAILY AVG.        0.02            0.03     -0.01          0.05
DAYS >=  0.01        8               2         6            13
DAYS >=  0.10        1               1         0             3
DAYS >=  0.50        0               0         0             0
DAYS >=  1.00        0               0         0             0
GREATEST
 24 HR. TOTAL     0.16   3/ 1



SNOWFALL (INCHES)
RECORD
 MAXIMUM           0.0   2012
 MINIMUM           0.0   2016
TOTALS             0.0             0.0       0.0           0.0
SINCE 7/1          4.0             0.0       4.0          27.2
DAYS >=  TRACE                       0         0
DAYS >=  1.0         0               0         0             0
GREATEST
 24 HR. TOTAL      0.0   3/31


DEGREE DAYS
HEATING TOTAL      634             579        55           533
 SINCE 7/1        4337            4455      -118          4855
COOLING TOTAL        0               0         0             0
 SINCE 1/1           0               0         0             0

.............................................................

WIND (MPH)
AVERAGE WIND SPEED                     7.7
RESULTANT WIND SPEED/DIRECTION         6/246
HIGHEST WIND SPEED/DIRECTION          37/220      DATE          03/27
HIGHEST GUST SPEED/DIRECTION          46/240      DATE          03/27


WEATHER CONDITIONS. NUMBER OF DAYS WITH
THUNDERSTORM               0    MIXED PRECIP                        0
HEAVY RAIN                 0    RAIN                                1
LIGHT RAIN                11    FREEZING RAIN                       0
LT FREEZING RAIN           0    HAIL                                0
HEAVY SNOW                 0    SNOW                                0
LIGHT SNOW                 0    SLEET                               0
FOG                        3    FOG W/VIS <=1/4 MILE                0
HAZE                       0

-  INDICATES NEGATIVE NUMBERS.
R  INDICATES RECORD WAS SET OR TIED.
MM INDICATES DATA IS MISSING.
T  INDICATES TRACE AMOUNT.

$$
