000
CXUS56 KSGX 011725
CLMPSP


CLIMATE REPORT
NATIONAL WEATHER SERVICE SAN DIEGO, CA
1025 AM PDT SUN APR 1 2018

...................................

...THE PALM SPRINGS INTL AIRPORT CA CLIMATE SUMMARY FOR THE MONTH OF MARCH 2018...

CLIMATE NORMAL PERIOD 1981 TO 2010
CLIMATE RECORD PERIOD 1893 TO 2018

WEATHER         OBSERVED          NORMAL  DEPART  LAST YEAR`S
                 VALUE   DATE(S)  VALUE   FROM    VALUE  DATE(S)
                                          NORMAL
................................................................
TEMPERATURE (F)
RECORD
 HIGH             104   03/31/1966
 LOW               29   03/13/1956
                        03/04/1952
HIGHEST            97   03/30        80      17       98  03/13
LOWEST             45   03/01        51      -6       45  03/06
AVG. MAXIMUM     79.7              78.6     1.1     85.7
AVG. MINIMUM     54.9              52.7     2.2     58.5
MEAN             67.3              65.7     1.6     72.1
DAYS MAX >= 90      4               2.9     1.1       14
DAYS MAX <= 32      0               0.0     0.0        0
DAYS MIN <= 32      0               0.0     0.0        0

PRECIPITATION (INCHES)
RECORD
 MAXIMUM         3.46   1991
 MINIMUM         0.00   2017
                        1999
TOTALS           0.24              0.61   -0.37     0.00
DAILY AVG.       0.01              0.02   -0.01     0.00
DAYS >= .01         4                MM      MM        0
DAYS >= .10         1                MM      MM        0
DAYS >= .50         0                MM      MM        0
DAYS >= 1.00        0                MM      MM        0
GREATEST
 24 HR. TOTAL    0.13   03/15 TO 03/15           03/31 TO 03/31
                                                          03/30 TO 03/30EATHER         OBSERVED          NORMAL  DEPART  LAST YEAR`S
                                                          03/29 TO 03/29EATHER         OBSERVED          NORMAL  DEPART  LAST YEAR`S
 STORM TOTAL       MM                                 MM
 (MM/DD(HH))            MM                    03/31(00) TO 03/31(00)
                                                 03/30(00) TO 03/30(00)9EATHER         OBSERVED          NORMAL  DEPART  LAST YEAR`S
                                                 03/29(00) TO 03/29(00)9EATHER         OBSERVED          NORMAL  DEPART  LAST YEAR`S

DEGREE_DAYS
HEATING TOTAL      42                73     -31       19
 SINCE 7/1        335               851    -516      679
COOLING TOTAL     121                93      28      246
 SINCE 1/1        234               120     114      291

FREEZE DATES
RECORD
 EARLIEST     10/24/1951
 LATEST       03/13/1956
EARLIEST                        12/16
LATEST                          01/29
.................................................................

WIND (MPH)
AVERAGE WIND SPEED              6.2
RESULTANT WIND SPEED/DIRECTION   3/328
HIGHEST WIND SPEED/DIRECTION    30/330    DATE  03/22
HIGHEST GUST SPEED/DIRECTION    37/330    DATE  03/22

SKY COVER
POSSIBLE SUNSHINE (PERCENT)   MM
AVERAGE SKY COVER           0.10
NUMBER OF DAYS FAIR           27
NUMBER OF DAYS PC              4
NUMBER OF DAYS CLOUDY          0

AVERAGE RH (PERCENT)     37

WEATHER CONDITIONS. NUMBER OF DAYS WITH
  0
  0
  0
  0
  0
  0
  0
HAZE                      1

-  INDICATES NEGATIVE NUMBERS.
R  INDICATES RECORD WAS SET OR TIED.
MM INDICATES DATA IS MISSING.
T  INDICATES TRACE AMOUNT.

$$
