000
CXUS56 KOTX 012044
CLMPUW


CLIMATE REPORT
NATIONAL WEATHER SERVICE SPOKANE, WA
144 PM PDT SUN APR 1 2018

...................................

...THE PULLMAN-MOSCOW  AIRPORT CLIMATE SUMMARY FOR THE MONTH OF MARCH 2018...

CLIMATE NORMAL PERIOD 1981 TO 2010
CLIMATE RECORD PERIOD 9999 TO 9999

WEATHER         OBSERVED          NORMAL  DEPART  LAST YEAR`S
                 VALUE   DATE(S)  VALUE   FROM    VALUE  DATE(S)
                                          NORMAL
................................................................
TEMPERATURE (F)
RECORD
 HIGH              73   03/25/1960
 LOW               -4   03/05/1945
HIGHEST            65   03/13        MM      MM       56  03/22
                                                          03/14
                                                          03/10
LOWEST             16   03/04        MM      MM       24  03/06
AVG. MAXIMUM     48.3              49.3    -1.0     48.8
AVG. MINIMUM     32.2              31.9     0.3     35.2
MEAN             40.2              40.6    -0.4     42.0
DAYS MAX >= 90      0               0.0     0.0        0
DAYS MAX <= 32      0               0.4    -0.4        0
DAYS MIN <= 32     17              15.3     1.7        7
DAYS MIN <= 0       0               0.0     0.0        0

PRECIPITATION (INCHES)
RECORD
 MAXIMUM         5.25   2017
 MINIMUM         0.45   1992
TOTALS           1.44              2.05   -0.61     5.25
DAILY AVG.       0.05              0.07   -0.02     0.17
DAYS >= .01        11                MM      MM       22
DAYS >= .10         5                MM      MM       14
DAYS >= .50         1                MM      MM        3
DAYS >= 1.00        0                MM      MM        0
GREATEST
 24 HR. TOTAL    0.50   03/17 TO 03/17              0.77

DEGREE_DAYS
HEATING TOTAL     757               756       1      705
 SINCE 7/1       5141              5459    -318     5482
COOLING TOTAL       0                 0       0        0
 SINCE 1/1          0                 0       0        0
.................................................................

WIND (MPH)
AVERAGE WIND SPEED              9.3
HIGHEST WIND SPEED/DIRECTION    33/240    DATE  03/24
HIGHEST GUST SPEED/DIRECTION    41/230    DATE  03/24

SKY COVER
POSSIBLE SUNSHINE (PERCENT)   MM
AVERAGE SKY COVER           0.50
NUMBER OF DAYS FAIR           11
NUMBER OF DAYS PC             12
NUMBER OF DAYS CLOUDY          8

AVERAGE RH (PERCENT)     85

WEATHER CONDITIONS. NUMBER OF DAYS WITH
THUNDERSTORM              0     MIXED PRECIP               0
HEAVY RAIN                0     RAIN                       3
LIGHT RAIN                9     FREEZING RAIN              0
LT FREEZING RAIN          0     HAIL                       0
HEAVY SNOW                0     SNOW                       3
LIGHT SNOW                5     SLEET                      0
FOG                      10     FOG W/VIS <= 1/4 MILE      1
HAZE                      0

-  INDICATES NEGATIVE NUMBERS.
R  INDICATES RECORD WAS SET OR TIED.
MM INDICATES DATA IS MISSING.
T  INDICATES TRACE AMOUNT.

$$
