000
CXUS53 KLOT 011228
CLMPWK


CLIMATE REPORT
NATIONAL WEATHER SERVICE CHICAGO IL
717 AM CDT SUN APR 1 2018

...................................

...THE CHICAGO EXECUTIVE CLIMATE SUMMARY FOR THE MONTH OF MARCH 2018...

CLIMATE NORMAL PERIOD 1981 TO 2010
CLIMATE RECORD PERIOD 1996 TO 2018

WEATHER         OBSERVED          NORMAL  DEPART  LAST YEAR`S
                 VALUE   DATE(S)  VALUE   FROM    VALUE
                                          NORMAL
.............................................................
TEMPERATURE (F)
RECORD
 HIGH              86   03/21/2012
                        03/20/2012
                        03/20/2012
 LOW               -4   03/03/2014
HIGHEST            58   03/31        MM      MM       80
                        03/18
LOWEST             18   03/14        MM      MM       13
AVG. MAXIMUM     43.9              46.1    -2.2     45.2
AVG. MINIMUM     28.2              28.9    -0.7     29.8
MEAN             36.1              37.5    -1.4     37.5

PRECIPITATION (INCHES)
RECORD
 MAXIMUM         3.66   2009
 MINIMUM         0.42   2005
TOTALS           1.24              2.25   -1.01     3.21

DEGREE_DAYS
HEATING TOTAL     892               853      39      842
 SINCE 7/1       5354              5591    -237     4831
COOLING TOTAL       0                 0       0        0
 SINCE 1/1          0                 0       0        0
..............................................................

WIND (MPH)
AVERAGE WIND SPEED              7.9
HIGHEST WIND SPEED/DIRECTION    26/300    DATE  03/31
HIGHEST GUST SPEED/DIRECTION    36/240    DATE  03/31

AVERAGE RH (PERCENT)     63


-  INDICATES NEGATIVE NUMBERS.
R  INDICATES RECORD WAS SET OR TIED.
MM INDICATES DATA IS MISSING.
T  INDICATES TRACE AMOUNT.

$$
