000
CXUS56 KPDT 011413 RRA
CLMRDM

CLIMATE REPORT
NATIONAL WEATHER SERVICE PENDLETON OREGON
709 AM PDT TUE MAY 01 2018

....................................

...THE REDMOND OR CLIMATE SUMMARY FOR THE MONTH OF APRIL 2018...

CLIMATE NORMAL PERIOD 1981 TO 2010
CLIMATE RECORD PERIOD 1949 TO 2018

WEATHER         OBSERVED          NORMAL  DEPART  LAST YEAR`S
                 VALUE   DATE(S)  VALUE   FROM    VALUE  DATE(S)
                                          NORMAL

................................................................

TEMPERATURE (F)
RECORD
 HIGH              89   4/29/1968
 LOW               10   4/18/1972
HIGHEST            85   4/25       74        11            68   4/ 5
LOWEST             16   4/ 3       15         1            18   4/15
AVG. MAXIMUM     61.4            59.6       1.8          56.9
AVG. MINUMUM     30.6            29.1       1.5          29.8
MEAN             46.0            44.4       1.6          43.3
DAYS MAX >= 90      0               0         0             0
DAYS MAX <= 32      0               2        -2             0
DAYS MIN <= 32     21              20         1            20
DAYS MIN <= 0       0               2        -2            20


PRECIPITATION (INCHES)
RECORD
 MAXIMUM          1.99   2005
 MINIMUM             T   1968
TOTALS            0.69            0.73     -0.04          0.89
DAILY AVG.        0.02            0.02      0.00          0.03
DAYS >=  0.01        9               7         2            14
DAYS >=  0.10        3               2         1             3
DAYS >=  0.50        0               0         0             0
DAYS >=  1.00        0               0         0             0
GREATEST
 24 HR. TOTAL     0.17   4/28



SNOWFALL (INCHES)
RECORD
 MAXIMUM           8.9   1967
 MINIMUM           0.0   2000
TOTALS               T             0.3      -0.3             T
SINCE 7/1          5.2            16.6     -11.4          14.4
DAYS >=  TRACE       2               0         1             1
DAYS >=  1.0         0               0         0             0
GREATEST
 24 HR. TOTAL        T   4/ 2


DEGREE DAYS
HEATING TOTAL      563             620       -57           643
 SINCE 7/1        5764            6073      -309          6197
COOLING TOTAL        0               0         0             0
 SINCE 1/1           0               0         0             0

.............................................................

WIND (MPH)
AVERAGE WIND SPEED                     7.7
RESULTANT WIND SPEED/DIRECTION         5/263
HIGHEST WIND SPEED/DIRECTION          41/230      DATE          04/07
HIGHEST GUST SPEED/DIRECTION          54/230      DATE          04/07


WEATHER CONDITIONS. NUMBER OF DAYS WITH
THUNDERSTORM               0    MIXED PRECIP                           0
HEAVY RAIN                 1    RAIN                                   2
LIGHT RAIN                16    FREEZING RAIN                          0
LT FREEZING RAIN           0    HAIL                                   0
HEAVY SNOW                 0    SNOW                                   0
LIGHT SNOW                 2    SLEET                                  0
FOG                        7    FOG W/VIS <=1/4 MILE                   0
HAZE                       1

-  INDICATES NEGATIVE NUMBERS.
R  INDICATES RECORD WAS SET OR TIED.
MM INDICATES DATA IS MISSING.
T  INDICATES TRACE AMOUNT.

$$
