000
CXUS56 KPDT 011540
CLMRDM
CLIMATE REPORT
NATIONAL WEATHER SERVICE PENDLETON, OR
840 AM PDT MON APR 01 2024
...................................
...THE REDMOND OR CLIMATE SUMMARY FOR THE MONTH OF MARCH 2024...
CLIMATE NORMAL PERIOD 1991 TO 2020
CLIMATE RECORD PERIOD 1949 TO 2024
WEATHER OBSERVED NORMAL DEPART LAST YEAR`S
VALUE DATE(S) VALUE FROM VALUE DATE(S)
NORMAL
................................................................
TEMPERATURE (F)
RECORD
HIGH 80 03/29/1966
LOW 03/05/1955
HIGHEST 77 03/18 62 03/18
LOWEST 15 03/06 17 03/05
03/16
AVG. MAXIMUM 55.1 54.9 0.2 47.4
AVG. MINIMUM 26.9 27.7 -0.8 23.7
MEAN 41.0 41.3 -0.3 35.6
DAYS MAX >= 90 0 0.0 0.0 0
DAYS MAX <= 32 0 0.2 -0.2 0
DAYS MIN <= 32 25 25.5 -0.5 MM
DAYS MIN <= 0 0 0.0 0.0 MM
PRECIPITATION (INCHES)
RECORD
MAXIMUM 1.94 1960
MINIMUM 0.01 1968
TOTALS 0.20 0.58 -0.38 0.70
DAILY AVG. 0.01 0.02 -0.01 0.02
DAYS >= .01 6 8.2 -2.2 10
DAYS >= .10 0 2.0 -2.0 2
DAYS >= .50 0 0.0 0.0 0
DAYS >= 1.00 0 0.0 0.0 0
GREATEST
24 HR. TOTAL 0.11 03/04 TO 03/05 0.20 03/09 TO 03/10
DEGREE DAYS
HEATING TOTAL 737 735 2 903
SINCE 7/1 4658 5038 -380
COOLING TOTAL 0 0 0 0
SINCE 1/1 0 0 0
................................................................
WIND (MPH)
AVERAGE WIND SPEED 7.5
RESULTANT WIND SPEED/DIRECTION 2/220
HIGHEST WIND SPEED/DIRECTION 30/270 DATE 03/12
HIGHEST GUST SPEED/DIRECTION 39/220 DATE 03/28
AVERAGE RH (PERCENT) 57
WEATHER CONDITIONS. NUMBER OF DAYS WITH
THUNDERSTORM 0 MIXED PRECIP 0
HEAVY RAIN 0 RAIN 1
LIGHT RAIN 10 FREEZING RAIN 0
LT FREEZING RAIN 0 HAIL 0
HEAVY SNOW 0 SNOW 1
LIGHT SNOW 5 SLEET 0
FOG 4 FOG W/VIS <= 1/4 MILE 0
HAZE 4
- INDICATES NEGATIVE NUMBERS.
R INDICATES RECORD WAS SET OR TIED.
MM INDICATES DATA IS MISSING.
T INDICATES TRACE AMOUNT.
$$