000
CXUS52 KCHS 012032
CLMSAV

CLIMATE REPORT
NATIONAL WEATHER SERVICE CHARLESTON SC
425 PM EDT SUN APR 1 2018

...................................

...THE SAVANNAH GA CLIMATE SUMMARY FOR THE MONTH OF MARCH 2018...

CLIMATE NORMAL PERIOD 1981 TO 2010
CLIMATE RECORD PERIOD 1871 TO 2018

WEATHER         OBSERVED          NORMAL  DEPART  LAST YEAR`S
                 VALUE   DATE(S)  VALUE   FROM    VALUE  DATE(S)
                                          NORMAL
................................................................
TEMPERATURE (F)
RECORD
 HIGH              94   03/23/1907
 LOW               20   03/03/1980
                        03/06/1960
HIGHEST            88   03/01                         90  03/21
LOWEST             32   03/15                         26  03/16
                        03/09
AVG. MAXIMUM     70.6              70.9    -0.3     73.5
AVG. MINIMUM     45.4              47.6    -2.2     48.4
MEAN             58.0              59.2    -1.2     61.0
DAYS MAX >= 90      0               0.0     0.0        1
DAYS MAX <= 32      0               0.0     0.0        0
DAYS MIN <= 32      2               1.2     0.8        2
DAYS MIN <= 0       0               0.0     0.0        0

PRECIPITATION (INCHES)
RECORD
 MAXIMUM        10.18   1872
 MINIMUM         0.04   1925
TOTALS           1.22              3.73   -2.51     0.50
DAYS >= .01        10               7.7     2.3        5
DAYS >= .10         3               5.3    -2.3        3
DAYS >= .50         0               2.5    -2.5        0
DAYS >= 1.00        0               1.3    -1.3        0
GREATEST
 24 HR. TOTAL    0.42   03/19

SNOWFALL (INCHES)
TOTALS            0.0                 T     0.0
SINCE 7/1         1.2               0.3     0.9

DEGREE_DAYS
HEATING TOTAL     242               210      32      193
 SINCE 7/1       1517              1727    -210
COOLING TOTAL      32                32       0       75
 SINCE 1/1        114                42      72
.................................................................

WIND (MPH)
AVERAGE WIND SPEED              9.3
HIGHEST WIND SPEED/DIRECTION    31/290
HIGHEST GUST SPEED/DIRECTION    41/280


WEATHER CONDITIONS. NUMBER OF DAYS WITH
THUNDERSTORM              2     MIXED PRECIP               0
HEAVY RAIN                1     RAIN                       4
LIGHT RAIN               12     FREEZING RAIN              0
LT FREEZING RAIN          0     HAIL                       0
HEAVY SNOW                0     SNOW                       0
LIGHT SNOW                0     SLEET                      0
FOG                       8     FOG W/VIS <= 1/4 MILE      1
HAZE                      1

-  INDICATES NEGATIVE NUMBERS.
R  INDICATES RECORD WAS SET OR TIED.
MM INDICATES DATA IS MISSING.
T  INDICATES TRACE AMOUNT.

&&

RECORDS ESTABLISHED AT THE SAVANNAH INTERNATIONAL AIRPORT DURING THE
MONTH:

*MAR 1 - RECORD HIGH TEMPERATURE OF 88 DEGREES

$$
