000
CXUS54 KSJT 011512
CLMSJT


CLIMATE REPORT
NATIONAL WEATHER SERVICE SAN ANGELO TX
945 AM CDT SUN APR 1 2018

...................................

...THE SAN ANGELO CLIMATE SUMMARY FOR THE MONTH OF MARCH 2018...

CLIMATE NORMAL PERIOD 1981 TO 2010
CLIMATE RECORD PERIOD 1907 TO 2018

WEATHER         OBSERVED          NORMAL  DEPART  LAST YEAR`S
                 VALUE   DATE(S)  VALUE   FROM    VALUE  DATE(S)
                                          NORMAL
................................................................
TEMPERATURE (F)
RECORD
 HIGH              98   03/17/1908
 LOW                8   03/02/1980
HIGHEST            94   03/25                         95  03/21
LOWEST             30   03/07                         27  03/03
AVG. MAXIMUM     77.2              71.1     6.1     79.3
AVG. MINIMUM     48.0              44.4     3.6     50.0
MEAN             62.6              57.8     4.8     64.7
DAYS MAX >= 90      3               0.6     2.4        5
DAYS MAX <= 32      0               0.0     0.0        0
DAYS MIN <= 32      3               3.5    -0.5        2
DAYS MIN <= 0       0               0.0     0.0        0

PRECIPITATION (INCHES)
RECORD
 MAXIMUM         5.00   1953
 MINIMUM         0.00   1963
                        1925
                        1916
TOTALS           1.20              1.50   -0.30     0.25
DAILY AVG.       0.04              0.05   -0.01     0.01
DAYS >= .01         2               5.6    -3.6        2
DAYS >= .10         1               3.0    -2.0        1
DAYS >= .50         1               1.1    -0.1        0
DAYS >= 1.00        1               0.3     0.7        0
GREATEST
 24 HR. TOTAL    1.19   03/27 TO 03/27           03/28 TO 03/28
                                                          03/31 TO 03/31
                                                          03/31 TO 03/31

SNOWFALL (INCHES)
RECORDS
 TOTAL            3.1   1962
TOTALS            0.0               0.1    -0.1      0.0
SINCE 7/1           T               2.2    -2.2        T
SNOWDEPTH AVG.      0                MM      MM        0
DAYS >= 1.0         0               0.0     0.0        0
GREATEST
 SNOW DEPTH         0   MM                             0  MM

DEGREE_DAYS
HEATING TOTAL     151               257    -106      120
 SINCE 7/1       1989              2218    -229     1444
COOLING TOTAL      85                33      52      117
 SINCE 1/1        104                38      66      144
..................................................

WIND (MPH)
AVERAGE WIND SPEED              10.3
HIGHEST WIND SPEED/DIRECTION    33/020    DATE  03/11
HIGHEST GUST SPEED/DIRECTION    42/020    DATE  03/11

SKY COVER
AVERAGE SKY COVER           0.10

AVERAGE RH (PERCENT)     50

WEATHER CONDITIONS. NUMBER OF DAYS WITH
THUNDERSTORM              1     MIXED PRECIP               0
HEAVY RAIN                1     RAIN                       1
LIGHT RAIN                1     FREEZING RAIN              0
LT FREEZING RAIN          0     HAIL                       0
HEAVY SNOW                0     SNOW                       0
LIGHT SNOW                0     SLEET                      0
FOG                       6     FOG W/VIS <= 1/4 MILE      0
HAZE                      2

-  INDICATES NEGATIVE NUMBERS.
R  INDICATES RECORD WAS SET OR TIED.
MM INDICATES DATA IS MISSING.
T  INDICATES TRACE AMOUNT.

$$
