000
CXUS53 KEAX 030327
CLMSTJ

CLIMATE REPORT
NATIONAL WEATHER SERVICE KANSAS CITY/PLEASANT HILL MO
1021 PM CDT MON APR 2 2018

...................................

...THE ST. JOSEPH MO CLIMATE SUMMARY FOR THE MONTH OF MARCH 2018...

CLIMATE NORMAL PERIOD 1981 TO 2010
CLIMATE RECORD PERIOD 1892 TO 2018

WEATHER         OBSERVED          NORMAL  DEPART  LAST YEAR`S
                 VALUE   DATE(S)  VALUE   FROM    VALUE  DATE(S)
                                          NORMAL
................................................................
TEMPERATURE (F)
RECORD
 HIGH              90   03/31/1966
 LOW              -13   03/04/1978
HIGHEST            74   03/15        78      -4       88  03/19
LOWEST             18   03/14        14       4       14  03/03
                        03/13
AVG. MAXIMUM     53.2              54.5    -1.3     57.7
AVG. MINIMUM     31.3              31.4    -0.1     35.5
MEAN             42.3              42.9    -0.6     46.6
DAYS MAX >= 90      0               0.0     0.0        0
DAYS MAX <= 32      0               1.1    -1.1        0
DAYS MIN <= 32     16              16.2    -0.2       13
DAYS MIN <= 0       0               0.0     0.0        0

PRECIPITATION (INCHES)
RECORD
 MAXIMUM         7.30   1973
 MINIMUM         0.14   1936
TOTALS           0.35              2.25   -1.90     2.57
DAILY AVG.       0.01              0.07   -0.06     0.08
DAYS >= .01         6               8.6    -2.6        7
DAYS >= .10         2               4.9    -2.9        4
DAYS >= .50         0               1.5    -1.5        1
DAYS >= 1.00        0               0.4    -0.4        1
GREATEST
 24 HR. TOTAL    0.16   03/26 TO 03/26

DEGREE_DAYS
HEATING TOTAL     697               685      12      567
 SINCE 7/1       4568              4993    -425     3864
COOLING TOTAL       0                 2      -2        4
 SINCE 1/1          0                 2      -2        4
.................................................................

WIND (MPH)
AVERAGE WIND SPEED              11.3
HIGHEST WIND SPEED/DIRECTION    37/300    DATE  03/06
HIGHEST GUST SPEED/DIRECTION    49/280    DATE  03/06

SKY COVER
POSSIBLE SUNSHINE (PERCENT)   MM
AVERAGE SKY COVER           0.50
NUMBER OF DAYS FAIR           12
NUMBER OF DAYS PC              5
NUMBER OF DAYS CLOUDY         14

AVERAGE RH (PERCENT)     68

WEATHER CONDITIONS. NUMBER OF DAYS WITH
  0
  0
  0
  0
  1
  0
  1
HAZE                      4

-  INDICATES NEGATIVE NUMBERS.
R  INDICATES RECORD WAS SET OR TIED.
MM INDICATES DATA IS MISSING.
T  INDICATES TRACE AMOUNT.

$$
