000
CXUS53 KLOT 011151
CLMUGN


CLIMATE REPORT
NATIONAL WEATHER SERVICE CHICAGO IL
642 AM CDT TUE MAY 1 2018

...................................

...THE WAUKEGAN   CLIMATE SUMMARY FOR THE MONTH OF APRIL 2018...

CLIMATE NORMAL PERIOD 1981 TO 2010
CLIMATE RECORD PERIOD 2000 TO 2018

WEATHER         OBSERVED          NORMAL  DEPART  LAST YEAR`S
                 VALUE   DATE(S)  VALUE   FROM    VALUE
                                          NORMAL
.............................................................
TEMPERATURE (F)
RECORD
 HIGH              89   04/18/2002
 LOW               17   04/08/2018
                        04/07/2018
                        01/05/1999
HIGHEST            79   04/30        MM      MM       81
LOWEST             17R  04/08        MM      MM       32
                        04/07
AVG. MAXIMUM     46.8              55.3    -8.5     59.8
AVG. MINIMUM     28.0              36.8    -8.8     40.1
MEAN             37.4              46.1    -8.7     50.0

PRECIPITATION (INCHES)
RECORD
 MAXIMUM         7.70   2013
 MINIMUM         1.08   2005
TOTALS           1.90              3.48   -1.58     4.06

DEGREE_DAYS
HEATING TOTAL     820               572     248      449
 SINCE 7/1       6478              6442      36     5454
COOLING TOTAL       0                 4      -4        4
 SINCE 1/1          0                 4      -4        4
..............................................................

WIND (MPH)
AVERAGE WIND SPEED              8.9
HIGHEST WIND SPEED/DIRECTION    32/070    DATE  04/14
HIGHEST GUST SPEED/DIRECTION    45/070    DATE  04/14

AVERAGE RH (PERCENT)     67


-  INDICATES NEGATIVE NUMBERS.
R  INDICATES RECORD WAS SET OR TIED.
MM INDICATES DATA IS MISSING.
T  INDICATES TRACE AMOUNT.

$$
