000
CXUS56 KSEW 011031
CLMUIL


CLIMATE REPORT
NATIONAL WEATHER SERVICE SEATTLE WA
331 AM PDT SUN APR 1 2018

...................................

...THE QUILLAYUTE WA AIRPORT CLIMATE SUMMARY FOR THE MONTH OF MARCH 2018...

CLIMATE NORMAL PERIOD 1981 TO 2010
CLIMATE RECORD PERIOD 1966 TO 2018

WEATHER         OBSERVED          NORMAL  DEPART  LAST YEAR`S
                 VALUE   DATE(S)  VALUE   FROM    VALUE  DATE(S)
                                          NORMAL
................................................................
TEMPERATURE (F)
RECORD
 HIGH              73   03/30/2013
 LOW               19   03/03/1989
                        03/01/1971
HIGHEST            71   03/12        MM      MM       53  03/21
                                                          03/15
LOWEST             25   03/10        MM      MM       29  03/06
AVG. MAXIMUM     51.1              51.4    -0.3     48.5
AVG. MINIMUM     33.5              36.8    -3.3     38.5
MEAN             42.3              44.1    -1.8     43.5
DAYS MAX >= 90      0               0.0     0.0        0
DAYS MAX <= 32      0               0.0     0.0        0
DAYS MIN <= 32     13               6.4     6.6        5
DAYS MIN <= 0       0               0.0     0.0        0

PRECIPITATION (INCHES)
RECORD
 MAXIMUM        23.23   2007
 MINIMUM         1.84   1992
TOTALS           6.15             10.83   -4.68    22.97
DAILY AVG.       0.20              0.35   -0.15     0.74
DAYS >= .01        19              21.9    -2.9       30
DAYS >= .10        13              17.0    -4.0       27
DAYS >= .50         4               8.0    -4.0       16
DAYS >= 1.00        2               3.0    -1.0        7
GREATEST
 24 HR. TOTAL    1.24   03/27 TO 03/27

DEGREE_DAYS
HEATING TOTAL     694               648      46      659
 SINCE 7/1       4339              4493    -154     4481
COOLING TOTAL       0                 0       0        0
 SINCE 1/1          0                 0       0        0
.................................................................

WIND (MPH)
AVERAGE WIND SPEED              4.8
HIGHEST WIND SPEED/DIRECTION    21/240    DATE  03/22
HIGHEST GUST SPEED/DIRECTION    28/240    DATE  03/22

SKY COVER
POSSIBLE SUNSHINE (PERCENT)   MM
AVERAGE SKY COVER           0.60
NUMBER OF DAYS FAIR            6
NUMBER OF DAYS PC             12
NUMBER OF DAYS CLOUDY         13

AVERAGE RH (PERCENT)     79

WEATHER CONDITIONS. NUMBER OF DAYS WITH
THUNDERSTORM              0     MIXED PRECIP               0
HEAVY RAIN                1     RAIN                       8
LIGHT RAIN               22     FREEZING RAIN              0
LT FREEZING RAIN          1     HAIL                       0
HEAVY SNOW                0     SNOW                       0
LIGHT SNOW                2     SLEET                      0
FOG                      23     FOG W/VIS <= 1/4 MILE      1
HAZE                      0

-  INDICATES NEGATIVE NUMBERS.
R  INDICATES RECORD WAS SET OR TIED.
MM INDICATES DATA IS MISSING.
T  INDICATES TRACE AMOUNT.

$$
