034
CXUS53 KLOT 011228
CLMVPZ


CLIMATE REPORT
NATIONAL WEATHER SERVICE CHICAGO IL
717 AM CDT SUN APR 1 2018

...................................

...THE VALPARAISO CLIMATE SUMMARY FOR THE MONTH OF MARCH 2018...

CLIMATE NORMAL PERIOD 1981 TO 2010
CLIMATE RECORD PERIOD 1998 TO 2018

WEATHER         OBSERVED          NORMAL  DEPART  LAST YEAR`S
                 VALUE   DATE(S)  VALUE   FROM    VALUE
                                          NORMAL
.............................................................
TEMPERATURE (F)
RECORD
 HIGH              86   03/21/2012
 LOW              -13   03/08/1943
HIGHEST            62   03/31        47      15       81
LOWEST             20   03/25        29      -9       12
AVG. MAXIMUM     46.2              46.7    -0.5     47.9
AVG. MINIMUM     28.0              28.8    -0.8     31.0
MEAN             37.1              37.7    -0.6     39.5

PRECIPITATION (INCHES)
RECORD
 MAXIMUM         4.62   2009
 MINIMUM         0.54   2001
TOTALS           1.01              2.48   -1.47     3.05

DEGREE_DAYS
HEATING TOTAL     856               845      11      782
 SINCE 7/1       5158              5577    -419     4496
COOLING TOTAL       0                 0       0        0
 SINCE 1/1          0                 0       0        0
..............................................................

WIND (MPH)
AVERAGE WIND SPEED              9.2
HIGHEST WIND SPEED/DIRECTION    38/230    DATE  03/31
HIGHEST GUST SPEED/DIRECTION    49/230    DATE  03/31

AVERAGE RH (PERCENT)     64


-  INDICATES NEGATIVE NUMBERS.
R  INDICATES RECORD WAS SET OR TIED.
MM INDICATES DATA IS MISSING.
T  INDICATES TRACE AMOUNT.

$$
