000
CXUS51 KPBZ 011352
CLMZZV
CLIMATE REPORT
NATIONAL WEATHER SERVICE PITTSBURGH PA
952 AM EDT MON APR 01 2024
...................................
...THE ZANESVILLE OH CLIMATE SUMMARY FOR THE MONTH OF MARCH 2024...
CLIMATE NORMAL PERIOD 1991 TO 2020
CLIMATE RECORD PERIOD 1895 TO 2024
WEATHER OBSERVED NORMAL DEPART LAST YEAR`S
VALUE DATE(S) VALUE FROM VALUE DATE(S)
NORMAL
................................................................
TEMPERATURE (F)
RECORD
HIGH 87 03/25/1929
LOW -6 03/06/2015
03/04/1943
HIGHEST 75 03/04 74 1 74 03/01
03/05
03/14
LOWEST 20 03/24 12 8 18 03/19
AVG. MAXIMUM 57.7 52.0 5.7 53.1
AVG. MINIMUM 35.4 31.3 4.1 30.9
MEAN 46.6 41.6 5.0 42.0
DAYS MAX >= 90 0 0.0 0.0 0
DAYS MAX <= 32 0 1.9 -1.9 1
DAYS MIN <= 32 11 18.1 -7.1 18
DAYS MIN <= 0 0 0.1 -0.1 0
PRECIPITATION (INCHES)
RECORD
MAXIMUM 9.89 1964
MINIMUM 0.30 1910
TOTALS 3.64 3.24 0.00 3.29
DAILY AVG. 0.12 0.10 0.02 0.11
DAYS >= .01 12 12.2 -0.2 12
DAYS >= .10 7 7.6 -0.6 8
DAYS >= .50 2 2.3 -0.3 3
DAYS >= 1.00 1 0.4 0.6 0
GREATEST
24 HR. TOTAL 1.37 03/14 TO 03/14 1.31
DEGREE DAYS
HEATING TOTAL 562 725 -163 704
SINCE 7/1 3928 4719 -791 MM
COOLING TOTAL 0 1 -1 0
SINCE 1/1 0 1 -1 MM
................................................................
WIND (MPH)
AVERAGE WIND SPEED 7.2
HIGHEST WIND SPEED/DIRECTION 28/270 DATE 03/20
HIGHEST GUST SPEED/DIRECTION 42/290 DATE 03/20
AVERAGE RH (PERCENT) 64
WEATHER CONDITIONS. NUMBER OF DAYS WITH
THUNDERSTORM 2 MIXED PRECIP 0
HEAVY RAIN 1 RAIN 3
LIGHT RAIN 15 FREEZING RAIN 0
LT FREEZING RAIN 0 HAIL 0
HEAVY SNOW 0 SNOW 0
LIGHT SNOW 4 SLEET 0
FOG 15 FOG W/VIS <= 1/4 MILE 0
HAZE 0
- INDICATES NEGATIVE NUMBERS.
R INDICATES RECORD WAS SET OR TIED.
MM INDICATES DATA IS MISSING.
T INDICATES TRACE AMOUNT.
$$