000
CXUS55 KPUB 052113 CCA
CLSALS

CLIMATE REPORT...CORRECTION
NATIONAL WEATHER SERVICE PUEBLO
653 PM MST THU MAR 1 2018

...................................

...THE ALAMOSA CO CLIMATE SUMMARY FOR THE SEASON, FROM
12/1/2017 TO 2/28/2018...

CLIMATE NORMAL PERIOD 1981 TO 2010
CLIMATE RECORD PERIOD 1932 TO 2018

WEATHER         OBSERVED          NORMAL  DEPART  LAST YEAR`S
                 VALUE   DATE(S)  VALUE   FROM    VALUE  DATE(S)
                                          NORMAL
................................................................
TEMPERATURE (F)
RECORD
 HIGH              66   02/25/1986
 LOW              -50   01/28/1948
HIGHEST            63   12/30                         60  12/15
                        01/31
LOWEST            -11   01/23                        -36  01/07
AVG. MAXIMUM     46.3              36.5     9.8     36.1
AVG. MINIMUM      5.4               3.5     1.9      6.8
MEAN             25.9              19.0     6.9     21.5
DAYS MAX >= 90      0               0.0     0.0
DAYS MAX <= 32      4              29.4   -25.4
DAYS MIN <= 32     90              89.8     0.2
DAYS MIN <= 0      23              39.7   -16.7

PRECIPITATION (INCHES)
RECORD
 MAXIMUM         2.73   2017
 MINIMUM         0.08   1999
TOTALS           0.45              0.87   -0.42     2.73
DAILY AVG.       0.00              0.01   -0.01
DAYS >= .01         6              11.9    -5.9
DAYS >= .10         1               3.0    -2.0
DAYS >= .50         0               0.0     0.0
DAYS >= 1.00        0               0.0     0.0
GREATEST
 24 HR. TOTAL    0.15   02/10 TO 02/11

SNOWFALL (INCHES)
RECORDS
 TOTAL           38.1   1965
TOTALS            6.6              12.3    -5.7     34.5
SINCE 7/1         7.0              18.1   -11.1     35.5
SNOWDEPTH AVG.      0
DAYS >= 1.0         4               4.3    -0.3
GREATEST
 SNOW DEPTH         3   02/11                         12
 24 HR TOTAL      2.6   02/10 TO 02/11              10.7

DEGREE_DAYS
HEATING TOTAL    3509              4154    -645     3925
 SINCE 7/1       5275              6329   -1054     5789
COOLING TOTAL       0                 0       0        0
 SINCE 1/1          0                 0       0        0
.................................................................

WIND (MPH)
AVERAGE WIND SPEED              6.8
HIGHEST WIND SPEED/DIRECTION    45/220    DATE  02/19
HIGHEST GUST SPEED/DIRECTION    61/200    DATE  02/19

SKY COVER
POSSIBLE SUNSHINE (PERCENT)   MM
AVERAGE SKY COVER           0.10
NUMBER OF DAYS FAIR           82
NUMBER OF DAYS PC              8
NUMBER OF DAYS CLOUDY          0

AVERAGE RH (PERCENT)     52

WEATHER CONDITIONS. NUMBER OF DAYS WITH
THUNDERSTORM              0     MIXED PRECIP              0
HEAVY RAIN                0     RAIN                      0
LIGHT RAIN                1     FREEZING RAIN             0
LT FREEZING RAIN          0     HAIL                      0
HEAVY SNOW                0     SNOW                      5
LIGHT SNOW                8     SLEET                     0
FOG                       8     FOG W/VIS <= 1/4 MILE     2
HAZE                     11

-  INDICATES NEGATIVE NUMBERS.
R  INDICATES RECORD WAS SET OR TIED.
MM INDICATES DATA IS MISSING.
T  INDICATES TRACE AMOUNT.

$$
CORRECTION FOR TOTAL SNOWFALL
