000
CXUS53 KPAH 011700
CLSCGI

STLCLMCAS 000
TTAA00 KPAH 011657


CLIMATE REPORT
NATIONAL WEATHER SERVICE PADUCAH KY
1056 AM CST THU MAR 1 2018

...................................

...THE CAPE GIRARDEAU MO CLIMATE SUMMARY FOR THE WINTER SEASON,
FROM 12/1/2017 TO 2/28/2018...

CLIMATE NORMAL PERIOD 1981 TO 2010
CLIMATE RECORD PERIOD 1960 TO 2018

WEATHER         OBSERVED          NORMAL  DEPART
                 VALUE   DATE(S)  VALUE   FROM
                                          NORMAL
................................................
TEMPERATURE (F)
RECORD
 HIGH              79   02/13/1962
 LOW              -18   01/11/1977
HIGHEST            74   02/20        MM      MM
LOWEST             -3   01/02        MM      MM
AVG. MAXIMUM     45.0              44.9     0.1
AVG. MINIMUM     26.1              26.2    -0.1
MEAN             35.6              35.6     0.0
DAYS MAX >= 90      0               0.0     0.0
DAYS MAX <= 32     20              11.9     8.1
DAYS MIN <= 32     65              64.7     0.3
DAYS MIN <= 0       1               1.9    -0.9

PRECIPITATION (INCHES)
RECORD
 MAXIMUM        18.09   1979
 MINIMUM         4.27   1963
TOTALS          14.45             11.13    3.32
DAILY AVG.       0.17              0.12    0.05
DAYS >= .01        29              27.1     1.9
DAYS >= .10        20              18.0     2.0
DAYS >= .50         8               7.0     1.0
DAYS >= 1.00        3               2.7     0.3
GREATEST
 24 HR. TOTAL    3.45   MM
 STORM TOTAL       MM
 (MM/DD(HH))            MM

SNOWFALL (INCHES)
RECORDS
 TOTAL              T   2013
                        2009
 24 HR TOTAL        T   MM
TOTALS            0.0               9.9    -9.9
 LIQUID EQUIV    0.00              1.00   -1.00
SINCE 7/1         0.0              10.2   -10.2
 LIQUID 7/1      0.00
DAYS >= TRACE       0               6.3    -6.3
DAYS >= 1.0         0               3.3    -3.3
GREATEST
 SNOW DEPTH         0   MM
 24 HR TOTAL      0.0   MM
 STORM TOTAL       MM
 (MM/DD(HH))            MM

DEGREE_DAYS
HEATING TOTAL    2642              2646      -4
 SINCE 7/1       3410              3497     -87
COOLING TOTAL       0                 0       0
 SINCE 1/1          0                 0       0

FREEZE DATES
RECORD
 EARLIEST     MM
 LATEST       MM
EARLIEST                        MM
LATEST                          MM
.................................................

WIND (MPH)
AVERAGE WIND SPEED              9.0
HIGHEST WIND SPEED/DIRECTION    43/340    DATE  02/20
HIGHEST GUST SPEED/DIRECTION    58/320    DATE  02/20

SKY COVER
POSSIBLE SUNSHINE (PERCENT)   MM
AVERAGE SKY COVER           0.50
NUMBER OF DAYS FAIR           33
NUMBER OF DAYS PC             30
NUMBER OF DAYS CLOUDY         27

AVERAGE RH (PERCENT)     71

WEATHER CONDITIONS. NUMBER OF DAYS WITH
  0
 15
  3
  0
  1
  0
  6
HAZE                     15

-  INDICATES NEGATIVE NUMBERS.
R  INDICATES RECORD WAS SET OR TIED.
MM INDICATES DATA IS MISSING.
T  INDICATES TRACE AMOUNT.

$$
