000
CXUS53 KDVN 011738
CLSCID

CLIMATE REPORT
NATIONAL WEATHER SERVICE QUAD CITIES IA IL
1108 AM CST THU MAR 1 2018

...................................

...THE CEDAR RAPIDS IA CLIMATE SUMMARY FOR THE SEASON, FROM
12/1/2017 TO 2/28/2018...

CLIMATE NORMAL PERIOD 1981 TO 2010
CLIMATE RECORD PERIOD 1891 TO 2018

WEATHER         OBSERVED          NORMAL  DEPART
                 VALUE   DATE(S)  VALUE   FROM
                                          NORMAL
................................................
TEMPERATURE (F)
RECORD
 HIGH              76   02/22/2017
 LOW              -29   01/15/2009
HIGHEST            65   12/04        39      26
LOWEST            -24   01/01        11     -35
AVG. MAXIMUM     32.3              31.0     1.3
AVG. MINIMUM     12.9              13.7    -0.8
MEAN             22.6              22.4     0.2
DAYS MAX >= 90      0
DAYS MAX <= 32     40
DAYS MIN <= 32     83
DAYS MIN <= 0      22

PRECIPITATION (INCHES)
TOTALS           2.64              3.56   -0.92
DAILY AVG.       0.03              0.04   -0.01
DAYS >= .01        23
DAYS >= .10        10
DAYS >= .50         1
DAYS >= 1.00        0
GREATEST
 24 HR. TOTAL    0.78   02/19 TO 02/20

DEGREE_DAYS
HEATING TOTAL    3797              3837     -40
 SINCE 7/1       5055              5283    -228
COOLING TOTAL       0                 0       0
 SINCE 1/1          0                 0       0
.................................................

WIND (MPH)
AVERAGE WIND SPEED              10.9
HIGHEST WIND SPEED/DIRECTION    40/320    DATE  12/13
HIGHEST GUST SPEED/DIRECTION    50/320    DATE  12/13

SKY COVER
POSSIBLE SUNSHINE (PERCENT)   MM
AVERAGE SKY COVER           0.40
NUMBER OF DAYS FAIR           43
NUMBER OF DAYS PC             28
NUMBER OF DAYS CLOUDY         19

AVERAGE RH (PERCENT)     72

WEATHER CONDITIONS. NUMBER OF DAYS WITH
THUNDERSTORM              5     HAIL                       0
SLEET                     1     FOG                       51
FOG W/VIS <= 1/4 MILE     9     HAZE                      40

-  INDICATES NEGATIVE NUMBERS.
R  INDICATES RECORD WAS SET OR TIED.
MM INDICATES DATA IS MISSING.
T  INDICATES TRACE AMOUNT.

$$
