000
CXUS51 KCLE 051038
CLSCLE


CLIMATE REPORT
NATIONAL WEATHER SERVICE CLEVELAND OH
535 AM EST MON MAR 5 2018

...................................

...THE CLEVELAND OH CLIMATE SUMMARY FOR THE SEASON, FROM
12/1/2017 TO 2/28/2018...

CLIMATE NORMAL PERIOD 1981 TO 2010
CLIMATE RECORD PERIOD 1871 TO 2018

WEATHER         OBSERVED          NORMAL  DEPART
                 VALUE   DATE(S)  VALUE   FROM
                                          NORMAL
................................................
TEMPERATURE (F)
RECORD
 HIGH              77   12/03/1982
 LOW              -20   01/19/1994
HIGHEST            73   02/20
LOWEST             -5   01/07
AVG. MAXIMUM     38.1              36.7     1.4
AVG. MINIMUM     23.0              23.9    -0.9
MEAN             30.6              30.3     0.3
DAYS MAX >= 90      0               0.0
DAYS MAX <= 32     32              31.0
DAYS MIN <= 32     72              69.4
DAYS MIN <= 0       4               2.4

PRECIPITATION (INCHES)
RECORD
 MAXIMUM        14.95   1950
 MINIMUM         3.27   1901
TOTALS           7.25              8.16   -0.91
DAYS >= .01        52              47.0
DAYS >= .10        25              22.0
DAYS >= .50         2               3.7
DAYS >= 1.00        0               0.7

SNOWFALL (INCHES)
RECORDS
 TOTAL           82.8   2003
TOTALS           36.3              47.7
DAYS >= TRACE      51
DAYS >= 1.0        15              14.4

DEGREE_DAYS
HEATING TOTAL    3097              3122     -25
COOLING TOTAL       3                 0       3
.................................................

WIND (MPH)
HIGHEST GUST SPEED/DIRECTION    53/260    DATE  02/25

SKY COVER
POSSIBLE SUNSHINE (PERCENT)   MM
AVERAGE SKY COVER           0.80
NUMBER OF DAYS FAIR            7
NUMBER OF DAYS PC             20
NUMBER OF DAYS CLOUDY         63


WEATHER CONDITIONS. NUMBER OF DAYS WITH
THUNDERSTORM              0     MIXED PRECIP               0
HEAVY RAIN                0     RAIN                       3
LIGHT RAIN               26     FREEZING RAIN              0
LT FREEZING RAIN          5     HAIL                       0
HEAVY SNOW                1     SNOW                       9
LIGHT SNOW               49     SLEET                      5
FOG                      53     FOG W/VIS <= 1/4 MILE      5
HAZE                     16

-  INDICATES NEGATIVE NUMBERS.
R  INDICATES RECORD WAS SET OR TIED.
MM INDICATES DATA IS MISSING.
T  INDICATES TRACE AMOUNT.

$$
