000
CXUS53 KARX 081323
CLSLSE

CLIMATE REPORT
NATIONAL WEATHER SERVICE LA CROSSE WI
722 AM CST THU MAR 8 2017

...LA CROSSE WI HAD A SLIGHTLY WARMER AND DRIER METEOROLOGICAL
WINTER...

DURING METEOROLOGICAL WINTER (DECEMBER 1 THROUGH FEBRUARY 28),
LA CROSSE REGIONAL AIRPORT WAS SLIGHTLY WARMER-THAN-NORMAL (+0.1F)
AND SLIGHTLY DRIER-THAN-NORMAL (-0.40 INCHES). THE INFORMATION
BELOW PROVIDES MORE DETAILS ON THESE STATISTICS.

TEMPERATURES - SLIGHTLY ABOVE NORMAL

FROM DECEMBER 1ST THROUGH FEBRUARY 28TH, THE AVERAGE TEMPERATURE AT
LA CROSSE REGIONALAIRPORT WAS 20.6F.  THIS WAS 0.1F WARMER THAN 1981-
2010 NORMAL OF 20.5F.

THE AVERAGE MAXIMUM TEMPERATURE WAS 29.2F.  THIS WAS 0.5F WARMER
THAN THE 1981-2010 NORMAL OF 28.7F.

THE AVERAGE MINIMUM TEMPERATURE WAS 11.9F.  THIS WAS 0.3F COLDER
THAN THE 1981-2010 NORMAL OF 12.2F.

THE TABLE BELOW CONTAINS THE MONTHLY TEMPERATURES AND
THEIR DEPARTURES FROM NORMAL FOR THE WINTER OF 2017-18.

          WINTER 2017-18 TEMPERATURES
               IN LA CROSSE WI

                  AVERAGE            DEPARTURE
   MONTH        TEMPERATURE         FROM NORMAL
   -----        -----------         -----------
 DECEMBER       21.9 DEGREES       + 0.3 DEGREES
 JANUARY        18.8 DEGREES       + 1.4 DEGREES
 FEBRUARY       21.0 DEGREES       - 1.5 DEGREES

 WINTER         20.6 DEGREES       + 0.1 DEGREES

THE WARMEST HIGH TEMPERATURE WAS 62F ON DECEMBER 4TH.
THE COLDEST HIGH TEMPERATURE WAS 0F ON DECEMBER 31ST.

THE WARMEST LOW TEMPERATURE WAS 35F ON DECEMBER 4TH.
THE COLDEST LOW TEMPERATURE WAS -14F ON JANUARY 5TH.

THE DAILY AVERAGE TEMPERATURES WERE ABOVE NORMAL ON 50 DAYS (55.6%),
BELOW NORMAL ON 38 DAYS (42.2%), AND NORMAL ON 2 DAYS (2.2%).

THE TEMPERATURE FELL BELOW ZERO ON 23 DAYS. ON AVERAGE, THERE ARE 21
DAYS WITH SUB-ZERO TEMPERATURES IN A WINTER.

PRECIPITATION - SLIGHTLY DRIER-THAN-NORMAL

FROM DECEMBER 1ST THROUGH FEBRUARY 28TH, LA CROSSE REGIONAL AIRPORT
RECEIVED 3.13 INCHES OF PRECIPITATION.  THIS WAS 0.40 INCHES DRIER
THAN THE 1981-2010 WINTER NORMAL OF 3.53 INCHES.  THE TABLE BELOW
CONTAINS THE MONTHLY PRECIPITATION TOTALS AND THEIR DEPARTURES FROM
NORMAL FOR THE WINTER OF 2017-18.

          WINTER 2017-18 PRECIPITATION
               IN LA CROSSE WI

                PRECIPITATION         DEPARTURE
   MONTH            TOTAL            FROM NORMAL
   -----        ------------         -----------
 DECEMBER        0.53 INCHES        -0.83 INCHES
 JANUARY         1.38 INCHES        +0.26 INCHES
 FEBRUARY        1.22 INCHES        +0.17 INCHES

 WINTER          3.13 INCHES        -0.40 INCHES

THE WETTEST DAY WAS ON JANUARY 22ND WHEN 0.85 INCHES OF
PRECIPITATION FELL.  THIS WAS THE WETTEST WINTER DAY SINCE DECEMBER
14 2015 WHEN 1.45 INCHES OF PRECIPITATION FELL.

PRECIPITATION FELL ON 56 DAYS (62.2%). MEASURABLE PRECIPITATION FELL
ON 31 DAYS (34.4%).  TRACE AMOUNTS OF PRECIPITATION FELL ON 25 DAYS
(27.8%).

SNOWFALL - LOWER-THAN-NORMAL

FROM DECEMBER 1ST THROUGH FEBRUARY 28TH, THE SNOW OBSERVER NEAR LA
CROSSE REGIONAL AIRPORT RECEIVED 24.7 INCHES OF SNOW.  THIS WAS 5.5
INCHES BELOW THE 1981-2010 NORMAL OF 30.2 INCHES.  THE TABLE BELOW
CONTAINS THE MONTHLY SNOWFALL TOTALS AND THEIR DEPARTURES FROM
NORMAL FOR THE WINTER OF 2017-18.

           WINTER 2017-18 SNOWFALL
               IN LA CROSSE WI

                  SNOWFALL            DEPARTURE
   MONTH            TOTAL            FROM NORMAL
   -----        ------------         -----------
 DECEMBER         4.4 INCHES         -6.9 INCHES
 JANUARY         10.8 INCHES         +0.1 INCHES
 FEBRUARY         9.5 INCHES         +1.3 INCHES

 WINTER          24.7 INCHES         -5.5 INCHES

THE SNOWIEST DAY WAS 5.0 INCHES ON JANUARY 14TH.

SNOW FELL ON 51 DAYS (56.7%).  MEASURABLE SNOW FELL ON 29 DAYS
(32.2%).  A TRACE OF SNOW FELL ON ANOTHER 22 DAYS (24.4%).

SNOW DEPTH - BELOW AVERAGE

FROM DECEMBER 1ST THROUGH FEBRUARY 28TH, THE OFFICIAL SNOW OBSERVER
NEAR LA CROSSE REGIONAL AIRPORT HAD AN AVERAGE SNOW DEPTH OF 1.9
INCHES. THIS WAS 2.6 INCHES LOWER THAN THE AVERAGE OF 4.4 INCHES.

THE GREATEST SNOW DEPTH WAS 5 INCHES ON 10 DIFFERENT DAYS. THIS WAS
THE FIRST WINTER SINCE 2001-02 THAT NO DAY HAD MORE THAN 5" OF SNOW
ON THE GROUND.

THERE WAS SNOW ON THE GROUND ON 77 DAYS (85.6%) THIS WINTER.
MEASURABLE SNOW WAS ON THE GROUND ON 54 DAYS (60%) AND TRACE AMOUNTS
OF SNOW ON THE GROUND ON 23 DAYS (25.6%).

...................................

...THE LA CROSSE WI CLIMATE SUMMARY FOR THE SEASON, FROM
12/1/2017 TO 2/28/2018...

CLIMATE NORMAL PERIOD 1981 TO 2010
CLIMATE RECORD PERIOD 1873 TO 2018

WEATHER         OBSERVED          NORMAL  DEPART
                 VALUE   DATE(S)  VALUE   FROM
                                          NORMAL
................................................
TEMPERATURE (F)
RECORD
 HIGH              67   12/05/1998
 LOW              -43   01/18/1873
HIGHEST            62   12/04        MM      MM
LOWEST            -14   01/05        MM      MM
AVG. MAXIMUM     29.3              28.7     0.6
AVG. MINIMUM     11.9              12.2    -0.3
MEAN             20.6              20.5     0.1
DAYS MAX >= 90      0               0.0     0.0
DAYS MAX <= 32     52              51.8     0.2
DAYS MIN <= 32     87              85.4     1.6
DAYS MIN <= 0      23              19.4     3.6

PRECIPITATION (INCHES)
RECORD
 MAXIMUM           MM   MM
 MINIMUM           MM   MM
TOTALS           3.13              3.53   -0.40
DAILY AVG.       0.03              0.04   -0.01
DAYS >= .01        30              26.3     3.7
DAYS >= .10         9              10.4    -1.4
DAYS >= .50         1               1.4    -0.4
DAYS >= 1.00        0               0.2    -0.2
GREATEST
 24 HR. TOTAL    0.85   MM
 STORM TOTAL       MM
 (MM/DD(HH))            MM

SNOWFALL (INCHES)
RECORDS
 TOTAL             MM   5
 24 HR TOTAL       MM
TOTALS           24.7              30.2    -5.5
 LIQUID EQUIV    2.47              3.00   -0.53
SINCE 7/1        24.7              34.5    -9.8
 LIQUID 7/1      2.47
DAYS >= TRACE      51              21.2    29.8
DAYS >= 1.0         9               9.6    -0.6
GREATEST
 SNOW DEPTH         5   02/12
                        02/10
                        02/11
 24 HR TOTAL      5.0   MM
 STORM TOTAL       MM
 (MM/DD(HH))            MM

DEGREE_DAYS
HEATING TOTAL    3972              4009     -37
 SINCE 7/1         MM              5509      MM
COOLING TOTAL       0                 0       0
 SINCE 1/1          0                 0       0

FREEZE DATES
RECORD
 EARLIEST     MM
 LATEST       MM
EARLIEST                        MM
LATEST                          MM
.................................................

WIND (MPH)
AVERAGE WIND SPEED              8.4
HIGHEST WIND SPEED/DIRECTION    32/310    DATE  02/01
HIGHEST GUST SPEED/DIRECTION    43/270    DATE  12/05

SKY COVER
POSSIBLE SUNSHINE (PERCENT)   MM
AVERAGE SKY COVER           0.40
NUMBER OF DAYS FAIR           36
NUMBER OF DAYS PC             31
NUMBER OF DAYS CLOUDY         23

AVERAGE RH (PERCENT)     70

WEATHER CONDITIONS. NUMBER OF DAYS WITH
THUNDERSTORM              1     MIXED PRECIP               0
HEAVY RAIN                3     RAIN                       5
LIGHT RAIN                8     FREEZING RAIN              1
LT FREEZING RAIN          2     HAIL                       0
HEAVY SNOW                0     SNOW                       6
LIGHT SNOW               50     SLEET                      0
FOG                      43     FOG W/VIS <= 1/4 MILE      4
HAZE                     30

-  INDICATES NEGATIVE NUMBERS.
R  INDICATES RECORD WAS SET OR TIED.
MM INDICATES DATA IS MISSING.
T  INDICATES TRACE AMOUNT.

$$

BOYNE
