000
CXUS52 KMLB 011639 CCA
CLSMLB
CLIMATE REPORT
NATIONAL WEATHER SERVICE MELBOURNE FL
937 AM EST FRI MAR 1 2024
...................................
...THE MELBOURNE CLIMATE SUMMARY FOR THE WINTER SEASON, FROM
12/1/2023 TO 2/29/2024...
CLIMATE NORMAL PERIOD 1991 TO 2020
CLIMATE RECORD PERIOD 1939 TO 2024
WEATHER OBSERVED NORMAL DEPART LAST YEAR`S
VALUE DATE(S) VALUE FROM VALUE
NORMAL
..............................................................
TEMPERATURE (F)
WINTER RECORDS
WARMEST 68.6 1949
COOLEST 57.3 1970
1958
DAILY RECORD
HIGH 92 02/24/1962
LOW 19 01/20/1977
WINTER 2023-2024
HIGHEST 86 12/02 88
12/03
12/04
LOWEST 40 01/21 32
AVG. MAXIMUM 72.5 73.2 -0.7 76.4
AVG. MINIMUM 55.5 53.7 1.8 56.5
MEAN 64.0 63.5 0.5 66.4
DAYS MAX >= 90 0 0.1 -0.1 0
DAYS MAX <= 32 0 0.0 0.0 0
DAYS MIN <= 32 0 1.8 -1.8 1
DAYS MIN <= 0 0 0.0 0.0 0
PRECIPITATION (INCHES)
WINTER RECORDS
MAXIMUM 18.23 1983
MINIMUM 1.33 1939
DAILY RECORD
WETTEST 5.06 12/09/2002
WINTER 2023-2024
TOTALS 12.85 6.97 5.88 4.34
DAYS >= .01 30 22.1 7.9 14
DAYS >= .10 21 11.7 9.3 9
DAYS >= .50 7 4.3 2.7 3
DAYS >= 1.00 3 1.7 1.3 2
GREATEST
24 HR. TOTAL 3.78 12/16 TO 12/17
SNOWFALL (INCHES)
TOTALS 0.0 MM MM 0.0
SINCE 7/1 0.0 MM MM MM
DAYS >= TRACE 0 0
DEGREE DAYS
HEATING TOTAL 293 374 -81 211
SINCE 7/1 313 422 -109 MM
COOLING TOTAL 219 238 -19 356
SINCE 1/1 107 137 -30 MM
..............................................................
WIND (MPH)
AVERAGE WIND SPEED 9.6
HIGHEST WIND SPEED/DIRECTION 33/340 DATE 02/06
HIGHEST GUST SPEED/DIRECTION 48/130 DATE 12/16
SKY COVER
POSSIBLE SUNSHINE (PERCENT) MM
AVERAGE SKY COVER 0.40
NUMBER OF DAYS FAIR 44
NUMBER OF DAYS PC 34
NUMBER OF DAYS CLOUDY 13
AVERAGE RH (PERCENT) 76
WEATHER CONDITIONS. NUMBER OF DAYS WITH
THUNDERSTORM 5 MIXED PRECIP 0
HEAVY RAIN 16 RAIN 19
LIGHT RAIN 39 LT FREEZING RAIN 0
HAIL 0 LIGHT SNOW 0
SLEET 0 FOG 37
FOG W/VIS <= 1/4 MILE 4 HAZE 2
- INDICATES NEGATIVE NUMBERS.
R INDICATES RECORD WAS SET OR TIED.
MM INDICATES DATA IS MISSING.
T INDICATES TRACE AMOUNT.
**5TH WETTEST WINTER ON RECORD AT MELBOURNE**
$$