000
CXUS53 KOAX 011030
CF6LNK
PRELIMINARY LOCAL CLIMATOLOGICAL DATA (WS FORM: F-6)
STATION: LINCOLN NE
MONTH: FEBRUARY
YEAR: 2024
LATITUDE: 40 50 N
LONGITUDE: 96 45 W
TEMPERATURE IN F: :PCPN: SNOW: WIND :SUNSHINE: SKY :PK WND
================================================================================
1 2 3 4 5 6A 6B 7 8 9 10 11 12 13 14 15 16 17 18
12Z AVG MX 2MIN
DY MAX MIN AVG DEP HDD CDD WTR SNW DPTH SPD SPD DIR MIN PSBL S-S WX SPD DR
================================================================================
1 65 33 49 23 16 0 0.00 0.0 0 5.7 16 50 M M 1 1 19 50
2 63 34 49 23 16 0 0.00 0.0 0 9.6 21 110 M M 2 18 29 140
3 46 40 43 17 22 0 0.49 0.0 0 9.3 16 70 M M 10 18 23 90
4 42 32 37 11 28 0 0.01 0.0 0 10.3 18 10 M M 7 18 23 10
5 50 27 39 12 26 0 0.00 0.0 0 4.1 10 270 M M 3 12 12 250
6 56 26 41 14 24 0 0.00 0.0 0 8.2 16 170 M M 0 1 21 170
7 57 45 51 24 14 0 T 0.0 0 18.9 29 170 M M 2 40 180
8 54 30 42 15 23 0 0.00 0.0 0 14.0 31 190 M M 3 8 42 190
9 49 23 36 8 29 0 0.00 0.0 0 6.0 17 330 M M 1 22 330
10 41 30 36 8 29 0 0.00 0.0 0 10.7 17 30 M M 9 22 360
11 43 25 34 6 31 0 0.00 0.0 0 3.7 10 20 M M 7 13 30
12 55 20 38 10 27 0 0.00 0.0 0 4.6 15 340 M M 1 19 340
13 57 26 42 13 23 0 0.00 0.0 0 3.9 9 100 M M 2 14 40
14 66 22 44 15 21 0 T 0.0 0 11.2 37 350 M M 2 48 350
15 43 20 32 3 33 0 0.00 0.0 0 11.5 28 350 M M 4 35 350
16 33 11 22 -8 43 0 0.01 T T 15.3 24 340 M M 8 1 32 350
17 41 10 26 -4 39 0 0.00 0.0 0 9.9 20 270 M M 0 27 260
18 54 21 38 8 27 0 0.00 0.0 0 4.8 15 270 M M 0 22 270
19 60 16 38 7 27 0 0.00 0.0 0 5.4 20 220 M M 0 26 210
20 71 22 47 16 18 0 0.00 0.0 0 8.7 24 210 M M 0 31 200
21 72 27 50 19 15 0 0.00 0.0 0 6.9 15 80 M M 0 22 50
22 66 31 49 17 16 0 T 0.0 0 8.6 24 330 M M 4 31 330
23 63 28 46 14 19 0 0.00 0.0 0 12.9 30 320 M M 0 43 310
24 67 20 44 11 21 0 0.00 0.0 0 7.1 29 240 M M 0 18 37 270
25 69 26 48 15 17 0 0.00 0.0 0 3.9 15 320 M M 0 22 270
26 81 26 54 21 11 0 0.00 0.0 0 8.1 32 260 M M 0 42 280
27 53 17 35 1 30 0 T T 0 18.5 39 350 M M 4 46 360
28 40 9 25 -9 40 0 0.00 0.0 0 11.1 25 340 M M 0 35 330
29 61 26 44 10 21 0 0.00 0.0 0 18.9 33 190 M M 0 45 210
================================================================================
SM 1618 723 706 0 0.51 T 271.8 M 70
================================================================================
AV 55.8 24.9 9.4 FASTST M M 2 MAX(MPH)
MISC ----> 39 350 48 350
================================================================================
NOTES:
# LAST OF SEVERAL OCCURRENCES
COLUMN 17 PEAK WIND IN M.P.H.
PRELIMINARY LOCAL CLIMATOLOGICAL DATA (WS FORM: F-6) , PAGE 2
STATION: LINCOLN NE
MONTH: FEBRUARY
YEAR: 2024
LATITUDE: 40 50 N
LONGITUDE: 96 45 W
[TEMPERATURE DATA] [PRECIPITATION DATA] SYMBOLS USED IN COLUMN 16
AVERAGE MONTHLY: 40.4 TOTAL FOR MONTH: 0.51 1 = FOG OR MIST
DPTR FM NORMAL: 10.9 DPTR FM NORMAL: -0.38 2 = FOG REDUCING VISIBILITY
HIGHEST: 81 ON 26 GRTST 24HR 0.50 ON 3- 4 TO 1/4 MILE OR LESS
LOWEST: 9 ON 28 3 = THUNDER
SNOW, ICE PELLETS, HAIL 4 = ICE PELLETS
TOTAL MONTH: T 5 = HAIL
GRTST 24HR T ON 16-16 6 = FREEZING RAIN OR DRIZZLE
GRTST DEPTH: T 7 = DUSTSTORM OR SANDSTORM:
VSBY 1/2 MILE OR LESS
8 = SMOKE OR HAZE
[NO. OF DAYS WITH] [WEATHER - DAYS WITH] 9 = BLOWING SNOW
X = TORNADO
MAX 32 OR BELOW: 0 0.01 INCH OR MORE: 3
MAX 90 OR ABOVE: 0 0.10 INCH OR MORE: 1
MIN 32 OR BELOW: 25 0.50 INCH OR MORE: 0
MIN 0 OR BELOW: 0 1.00 INCH OR MORE: 0
[HDD (BASE 65) ]
TOTAL THIS MO. 706 CLEAR (SCALE 0-3) 20
DPTR FM NORMAL -288 PTCLDY (SCALE 4-7) 7
TOTAL FM JUL 1 3946 CLOUDY (SCALE 8-10) 2
DPTR FM NORMAL -673
[CDD (BASE 65) ]
TOTAL THIS MO. 0
DPTR FM NORMAL 0 [PRESSURE DATA]
TOTAL FM JAN 1 0 HIGHEST SLP 30.53 ON 17
DPTR FM NORMAL 0 LOWEST SLP 29.33 ON 27
[REMARKS]
#FINAL-02-24#