000
CXUS53 KOAX 011341
CF6LNK
PRELIMINARY LOCAL CLIMATOLOGICAL DATA (WS FORM: F-6)
STATION: LINCOLN NE
MONTH: JULY
YEAR: 2021
LATITUDE: 40 50 N
LONGITUDE: 96 45 W
TEMPERATURE IN F: :PCPN: SNOW: WIND :SUNSHINE: SKY :PK WND
================================================================================
1 2 3 4 5 6A 6B 7 8 9 10 11 12 13 14 15 16 17 18
12Z AVG MX 2MIN
DY MAX MIN AVG DEP HDD CDD WTR SNW DPTH SPD SPD DIR MIN PSBL S-S WX SPD DR
================================================================================
1 87 63 75 -2 0 10 0.00 0.0 0 7.0 16 70 M M 1 8 25 60
2 90 61 76 -1 0 11 0.00 0.0 0 2.8 10 70 M M 2 14 90
3 89 63 76 -1 0 11 0.00 0.0 0 6.6 17 180 M M 0 8 21 170
4 90 63 77 -1 0 12 0.00 0.0 0 9.3 17 200 M M 0 8 22 200
5 91 67 79 1 0 14 0.00 0.0 0 8.1 15 170 M M 0 25 180
6 90 67 79 1 0 14 0.00 0.0 0 8.6 17 180 M M 2 24 170
7 79 64 72 -6 0 7 0.15 0.0 0 10.1 22 350 M M 9 138 28 340
8 86 58 72 -6 0 7 0.00 0.0 0 8.2 20 160 M M 0 18 25 170
9 97 69 83 5 0 18 0.19 0.0 0 9.6 51 330 M M 0 13 65 320
10 84 65 75 -3 0 10 0.06 0.0 0 12.6 30 360 M M 5 13 42 110
11 82 61 72 -6 0 7 0.08 0.0 0 11.7 22 30 M M 4 28 40
12 84 56 70 -8 0 5 0.00 0.0 0 4.5 10 360 M M 1 14 10
13 90 61 76 -2 0 11 0.00 0.0 0 7.8 14 160 M M 0 17 150
14 89 72 81 3 0 16 0.19 0.0 0 10.8 33 180 M M 2 18 41 190
15 79 68 74 -4 0 9 0.35 0.0 0 6.0 15 170 M M 8 1 19 170
16 83 64 74 -4 0 9 0.00 0.0 0 5.2 10 100 M M 6 1 13 60
17 87 68 78 0 0 13 T 0.0 0 6.7 18 170 M M 4 25 150
18 84 64 74 -4 0 9 0.00 0.0 0 6.4 14 70 M M 2 18 90
19 86 58 72 -6 0 7 0.00 0.0 0 4.8 13 40 M M 1 1 19 70
20 87 62 75 -3 0 10 0.00 0.0 0 4.6 13 150 M M 1 1 19 180
21 87 61 74 -4 0 9 0.00 0.0 0 7.1 15 180 M M 0 23 200
22 90 66 78 0 0 13 0.00 0.0 0 11.9 20 170 M M 0 1 28 180
23 95 71 83 5 0 18 0.00 0.0 0 12.9 21 190 M M 0 8 29 180
24 88 71 80 2 0 15 T 0.0 0 6.2 15 220 M M 2 1 19 220
25 89 64 77 -1 0 12 0.00 0.0 0 3.5 9 160 M M 1 1 12 190
26 91 60 76 -2 0 11 0.00 0.0 0 8.6 18 180 M M 1 1 24 170
27 96 69 83 5 0 18 0.00 0.0 0 6.4 16 190 M M 0 8 23 170
28 98 73 86 8 0 21 0.00 0.0 0 9.3 18 190 M M 0 32 240
29 97 74 86 8 0 21 0.00 0.0 0 7.4 16 20 M M 3 21 20
30 92 74 83 5 0 18 T 0.0 0 9.4 24 20 M M 5 138 35 40
31 82 68 75 -3 0 10 0.71 0.0 0 9.1 27 330 M M 5 138 44 350
================================================================================
SM 2739 2025 0 376 1.73 0.0 243.2 M 65
================================================================================
AV 88.4 65.3 7.8 FASTST M M 2 MAX(MPH)
MISC ----> 51 330 65 320
================================================================================
NOTES:
# LAST OF SEVERAL OCCURRENCES
COLUMN 17 PEAK WIND IN M.P.H.
PRELIMINARY LOCAL CLIMATOLOGICAL DATA (WS FORM: F-6) , PAGE 2
STATION: LINCOLN NE
MONTH: JULY
YEAR: 2021
LATITUDE: 40 50 N
LONGITUDE: 96 45 W
[TEMPERATURE DATA] [PRECIPITATION DATA] SYMBOLS USED IN COLUMN 16
AVERAGE MONTHLY: 76.8 TOTAL FOR MONTH: 1.73 1 = FOG OR MIST
DPTR FM NORMAL: -1.3 DPTR FM NORMAL: -1.52 2 = FOG REDUCING VISIBILITY
HIGHEST: 98 ON 28 GRTST 24HR 0.71 ON 30-31 TO 1/4 MILE OR LESS
LOWEST: 56 ON 12 3 = THUNDER
SNOW, ICE PELLETS, HAIL 4 = ICE PELLETS
TOTAL MONTH: 0.0 INCH 5 = HAIL
GRTST 24HR 0.0 6 = FREEZING RAIN OR DRIZZLE
GRTST DEPTH: 0 7 = DUSTSTORM OR SANDSTORM:
VSBY 1/2 MILE OR LESS
8 = SMOKE OR HAZE
[NO. OF DAYS WITH] [WEATHER - DAYS WITH] 9 = BLOWING SNOW
X = TORNADO
MAX 32 OR BELOW: 0 0.01 INCH OR MORE: 7
MAX 90 OR ABOVE: 13 0.10 INCH OR MORE: 5
MIN 32 OR BELOW: 0 0.50 INCH OR MORE: 1
MIN 0 OR BELOW: 0 1.00 INCH OR MORE: 0
[HDD (BASE 65) ]
TOTAL THIS MO. 0 CLEAR (SCALE 0-3) 23
DPTR FM NORMAL -1 PTCLDY (SCALE 4-7) 7
TOTAL FM JUL 1 0 CLOUDY (SCALE 8-10) 1
DPTR FM NORMAL 0
[CDD (BASE 65) ]
TOTAL THIS MO. 376
DPTR FM NORMAL -29 [PRESSURE DATA]
TOTAL FM JAN 1 843 HIGHEST SLP 30.21 ON 19
DPTR FM NORMAL 70 LOWEST SLP 29.69 ON 9
[REMARKS]
#FINAL-07-21#