000
CXUS53 KOAX 011252
CF6OFK
PRELIMINARY LOCAL CLIMATOLOGICAL DATA (WS FORM: F-6)
STATION: NORFOLK NE
MONTH: AUGUST
YEAR: 2022
LATITUDE: 41 58 N
LONGITUDE: 97 26 W
TEMPERATURE IN F: :PCPN: SNOW: WIND :SUNSHINE: SKY :PK WND
================================================================================
1 2 3 4 5 6A 6B 7 8 9 10 11 12 13 14 15 16 17 18
12Z AVG MX 2MIN
DY MAX MIN AVG DEP HDD CDD WTR SNW DPTH SPD SPD DIR MIN PSBL S-S WX SPD DR
================================================================================
1 94 62 78 3 0 13 T 0.0 0 7.0 16 130 M M 0 3 22 140
2 102 76 89 15 0 24 0.00 0.0 0 14.1 23 190 M M 0 33 180
3 98 67 83 9 0 18 T 0.0 0 11.1 18 340 M M 0 35 10
4 93 62 78 4 0 13 0.00 0.0 0 8.4 21 150 M M 0 26 150
5 98 65 82 8 0 17 0.00 0.0 0 13.3 23 170 M M 0 32 150
6 93 72 83 9 0 18 0.02 0.0 0 10.9 21 330 M M 5 28 340
7 78 66 72 -2 0 7 0.35 0.0 0 11.4 20 350 M M 10 138 26 320
8 82 60 71 -3 0 6 0.00 0.0 0 7.9 18 10 M M 4 25 10
9 89 55 72 -2 0 7 0.00 0.0 0 6.7 17 160 M M 0 1 22 180
10 95 65 80 6 0 15 0.00 0.0 0 8.6 20 160 M M 2 25 150
11 95 69 82 9 0 17 0.00 0.0 0 11.7 23 210 M M 0 30 200
12 96 62 79 6 0 14 0.00 0.0 0 13.6 26 190 M M 0 35 190
13 87 66 77 4 0 12 0.00 0.0 0 8.2 21 360 M M 3 24 350
14 81 60 71 -2 0 6 0.00 0.0 0 7.3 15 110 M M 0 1 21 100
15 73 64 69 -4 0 4 0.42 0.0 0 10.4 21 120 M M 9 13 26 70
16 78 61 70 -3 0 5 0.06 0.0 0 7.3 16 100 M M 7 1 21 80
17 83 57 70 -2 0 5 0.00 0.0 0 3.5 10 150 M M 2 18 14 160
18 91 61 76 4 0 11 0.00 0.0 0 11.0 25 200 M M 0 33 210
19 85 59 72 0 0 7 0.05 0.0 0 9.2 31 20 M M 3 13 42 20
20 82 61 72 0 0 7 0.00 0.0 0 9.4 18 340 M M 5 26 330
21 86 54 70 -2 0 5 0.00 0.0 0 3.5 9 80 M M 1 1 16 80
22 88 57 73 1 0 8 0.00 0.0 0 5.8 15 220 M M 0 1 20 220
23 92 62 77 6 0 12 T 0.0 0 11.1 23 200 M M 0 30 200
24 92 69 81 10 0 16 T 0.0 0 5.8 16 200 M M 2 25 210
25 87 66 77 6 0 12 T 0.0 0 6.0 13 30 M M 3 3 18 50
26 90 64 77 6 0 12 T 0.0 0 11.3 20 170 M M 1 3 27 170
27 84 68 76 6 0 11 0.04 0.0 0 13.1 22 180 M M 3 1 32 180
28 94 65 80 10 0 15 0.00 0.0 0 10.7 22 210 M M 1 29 200
29 89 63 76 6 0 11 T 0.0 0 4.6 17 330 M M 1 3 23 330
30 90 51 71 1 0 6 0.00 0.0 0 4.8 14 330 M M 0 22 350
31 96 57 77 7 0 12 0.00 0.0 0 7.5 24 260 M M 0 32 260
================================================================================
SM 2761 1946 0 346 0.94 0.0 275.2 M 62
================================================================================
AV 89.1 62.8 8.9 FASTST M M 2 MAX(MPH)
MISC ----> 31 20 42 20
================================================================================
NOTES:
# LAST OF SEVERAL OCCURRENCES
COLUMN 17 PEAK WIND IN M.P.H.
PRELIMINARY LOCAL CLIMATOLOGICAL DATA (WS FORM: F-6) , PAGE 2
STATION: NORFOLK NE
MONTH: AUGUST
YEAR: 2022
LATITUDE: 41 58 N
LONGITUDE: 97 26 W
[TEMPERATURE DATA] [PRECIPITATION DATA] SYMBOLS USED IN COLUMN 16
AVERAGE MONTHLY: 75.9 TOTAL FOR MONTH: 0.94 1 = FOG OR MIST
DPTR FM NORMAL: 3.5 DPTR FM NORMAL: -2.56 2 = FOG REDUCING VISIBILITY
HIGHEST: 102 ON 2 GRTST 24HR 0.42 ON 15-15 TO 1/4 MILE OR LESS
LOWEST: 51 ON 30 3 = THUNDER
SNOW, ICE PELLETS, HAIL 4 = ICE PELLETS
TOTAL MONTH: 0.0 INCH 5 = HAIL
GRTST 24HR 0.0 6 = FREEZING RAIN OR DRIZZLE
GRTST DEPTH: 0 7 = DUSTSTORM OR SANDSTORM:
VSBY 1/2 MILE OR LESS
8 = SMOKE OR HAZE
[NO. OF DAYS WITH] [WEATHER - DAYS WITH] 9 = BLOWING SNOW
X = TORNADO
MAX 32 OR BELOW: 0 0.01 INCH OR MORE: 6
MAX 90 OR ABOVE: 16 0.10 INCH OR MORE: 2
MIN 32 OR BELOW: 0 0.50 INCH OR MORE: 0
MIN 0 OR BELOW: 0 1.00 INCH OR MORE: 0
[HDD (BASE 65) ]
TOTAL THIS MO. 0 CLEAR (SCALE 0-3) 24
DPTR FM NORMAL -11 PTCLDY (SCALE 4-7) 5
TOTAL FM JUL 1 0 CLOUDY (SCALE 8-10) 2
DPTR FM NORMAL -11
[CDD (BASE 65) ]
TOTAL THIS MO. 346
DPTR FM NORMAL 106 [PRESSURE DATA]
TOTAL FM JAN 1 1135 HIGHEST SLP 30.19 ON 17
DPTR FM NORMAL 334 LOWEST SLP 29.54 ON 28
[REMARKS]
#FINAL-08-22#