000
CXUS53 KOAX 011101
CF6OFK
PRELIMINARY LOCAL CLIMATOLOGICAL DATA (WS FORM: F-6)
STATION: NORFOLK NE
MONTH: MARCH
YEAR: 2021
LATITUDE: 41 58 N
LONGITUDE: 97 26 W
TEMPERATURE IN F: :PCPN: SNOW: WIND :SUNSHINE: SKY :PK WND
================================================================================
1 2 3 4 5 6A 6B 7 8 9 10 11 12 13 14 15 16 17 18
12Z AVG MX 2MIN
DY MAX MIN AVG DEP HDD CDD WTR SNW DPTH SPD SPD DIR MIN PSBL S-S WX SPD DR
================================================================================
1 43 24 34 3 31 0 0.00 0.0 0 9.3 18 220 M M 0 26 220
2 68 31 50 18 15 0 0.00 0.0 0 14.2 32 220 M M 0 42 220
3 66 24 45 13 20 0 0.00 0.0 0 5.0 14 220 M M 0 18 190
4 65 29 47 14 18 0 0.00 0.0 0 8.3 21 120 M M 0 18 29 120
5 60 25 43 10 22 0 0.00 0.0 0 2.9 12 190 M M 3 128 14 180
6 70 28 49 16 16 0 0.00 0.0 0 10.1 21 170 M M 0 18 27 180
7 69 40 55 21 10 0 0.00 0.0 0 13.9 26 210 M M 0 40 210
8 70 31 51 17 14 0 0.00 0.0 0 10.4 23 150 M M 0 31 150
9 74 46 60 25 5 0 0.00 0.0 0 13.3 24 190 M M 1 33 200
10 57 32 45 10 20 0 0.06 0.0 0 14.8 26 300 M M 9 138 36 280
11 53 26 40 5 25 0 0.00 0.0 0 8.5 24 310 M M 3 35 300
12 56 24 40 4 25 0 0.00 0.0 0 6.0 16 130 M M 0 22 140
13 53 33 43 7 22 0 0.35 0.0 0 8.3 17 100 M M 7 24 110
14 44 34 39 2 26 0 2.74 0.0 0 21.1 33 90 M M 10 18 50 100
15 39 34 37 0 28 0 0.21 0.9 T 9.2 20 100 M M 10 12 27 110
16 41 34 38 1 27 0 0.21 0.0 0 7.3 16 330 M M 10 1 20 330
17 38 32 35 -3 30 0 0.00 0.0 0 16.1 25 360 M M 10 33 360
18 52 25 39 1 26 0 0.00 0.0 0 12.2 23 20 M M 4 30 30
19 55 20 38 -1 27 0 0.00 0.0 0 9.0 23 160 M M 0 18 32 160
20 65 36 51 12 14 0 0.00 0.0 0 19.5 31 170 M M 0 45 160
21 64 39 52 13 13 0 0.00 0.0 0 17.2 35 200 M M 3 47 170
22 50 36 43 3 22 0 0.75 0.0 0 7.7 23 70 M M 6 1 35 70
23 50 40 45 5 20 0 1.27 0.0 0 15.2 28 350 M M 10 1 36 340
24 50 34 42 1 23 0 0.01 0.0 0 16.6 31 330 M M 7 40 340
25 51 29 40 -1 25 0 0.00 0.0 0 4.3 13 120 M M 5 16 120
26 56 29 43 2 22 0 0.03 0.0 0 7.6 18 110 M M 5 1 24 110
27 54 32 43 1 22 0 0.01 0.0 0 13.1 35 320 M M 6 1 47 330
28 62 29 46 4 19 0 0.00 0.0 0 11.4 23 190 M M 1 30 170
29 78 46 62 19 3 0 0.00 0.0 0 22.2 27 330 M M 0 45 330
30 49 32 41 -2 24 0 0.00 0.0 0 18.0 35 340 M M 3 48 340
31 47 22 35 -8 30 0 0.00 0.0 0 14.1 30 320 M M 0 42 330
================================================================================
SM 1749 976 644 0 5.64 0.9 366.8 M 113
================================================================================
AV 56.4 31.5 11.8 FASTST M M 4 MAX(MPH)
MISC ----> # 35 200 50 100
================================================================================
NOTES:
# LAST OF SEVERAL OCCURRENCES
COLUMN 17 PEAK WIND IN M.P.H.
PRELIMINARY LOCAL CLIMATOLOGICAL DATA (WS FORM: F-6) , PAGE 2
STATION: NORFOLK NE
MONTH: MARCH
YEAR: 2021
LATITUDE: 41 58 N
LONGITUDE: 97 26 W
[TEMPERATURE DATA] [PRECIPITATION DATA] SYMBOLS USED IN COLUMN 16
AVERAGE MONTHLY: 44.0 TOTAL FOR MONTH: 5.64 1 = FOG OR MIST
DPTR FM NORMAL: 6.6 DPTR FM NORMAL: 3.87 2 = FOG REDUCING VISIBILITY
HIGHEST: 78 ON 29 GRTST 24HR 2.82 ON 13-14 TO 1/4 MILE OR LESS
LOWEST: 20 ON 19 3 = THUNDER
SNOW, ICE PELLETS, HAIL 4 = ICE PELLETS
TOTAL MONTH: 0.9 INCH 5 = HAIL
GRTST 24HR 0.9 ON 15-15 6 = FREEZING RAIN OR DRIZZLE
GRTST DEPTH: T 7 = DUSTSTORM OR SANDSTORM:
VSBY 1/2 MILE OR LESS
8 = SMOKE OR HAZE
[NO. OF DAYS WITH] [WEATHER - DAYS WITH] 9 = BLOWING SNOW
X = TORNADO
MAX 32 OR BELOW: 0 0.01 INCH OR MORE: 10
MAX 90 OR ABOVE: 0 0.10 INCH OR MORE: 6
MIN 32 OR BELOW: 19 0.50 INCH OR MORE: 3
MIN 0 OR BELOW: 0 1.00 INCH OR MORE: 2
[HDD (BASE 65) ]
TOTAL THIS MO. 644 CLEAR (SCALE 0-3) 17
DPTR FM NORMAL -212 PTCLDY (SCALE 4-7) 8
TOTAL FM JUL 1 5609 CLOUDY (SCALE 8-10) 6
DPTR FM NORMAL -340
[CDD (BASE 65) ]
TOTAL THIS MO. 0
DPTR FM NORMAL 0 [PRESSURE DATA]
TOTAL FM JAN 1 0 HIGHEST SLP 30.56 ON 31
DPTR FM NORMAL 0 LOWEST SLP 29.35 ON 29
[REMARKS]
#FINAL-03-21#