000
CXUS53 KOAX 010930
CF6OMA
PRELIMINARY LOCAL CLIMATOLOGICAL DATA (WS FORM: F-6)
STATION: OMAHA NE
MONTH: SEPTEMBER
YEAR: 2022
LATITUDE: 41 17 N
LONGITUDE: 95 54 W
TEMPERATURE IN F: :PCPN: SNOW: WIND :SUNSHINE: SKY :PK WND
================================================================================
1 2 3 4 5 6A 6B 7 8 9 10 11 12 13 14 15 16 17 18
12Z AVG MX 2MIN
DY MAX MIN AVG DEP HDD CDD WTR SNW DPTH SPD SPD DIR MIN PSBL S-S WX SPD DR
================================================================================
1 83 69 76 4 0 11 0.00 0.0 0 9.1 15 150 M M 6 20 150
2 95 67 81 9 0 16 0.00 0.0 0 9.2 20 170 M M 2 26 160
3 83 58 71 -1 0 6 0.00 0.0 0 10.8 18 10 M M 3 26 20
4 82 53 68 -4 0 3 0.00 0.0 0 6.8 14 100 M M 3 18 50
5 82 63 73 2 0 8 0.00 0.0 0 7.2 13 160 M M 4 17 100
6 87 64 76 5 0 11 0.00 0.0 0 10.8 20 140 M M 1 27 130
7 88 63 76 5 0 11 0.00 0.0 0 6.1 14 150 M M 0 17 150
8 90 63 77 7 0 12 0.00 0.0 0 15.1 26 170 M M 0 32 170
9 85 62 74 4 0 9 0.00 0.0 0 11.4 26 350 M M 5 35 340
10 68 49 59 -11 6 0 0.65 0.0 0 10.2 24 350 M M 8 13 33 350
11 78 46 62 -7 3 0 0.00 0.0 0 5.4 15 340 M M 1 1 21 330
12 83 47 65 -4 0 0 0.00 0.0 0 2.5 10 340 M M 0 1 14 300
13 86 50 68 -1 0 3 0.00 0.0 0 8.1 18 170 M M 0 23 150
14 90 60 75 7 0 10 0.00 0.0 0 12.5 25 150 M M 5 32 130
15 88 67 78 10 0 13 0.00 0.0 0 15.7 28 160 M M 6 3 36 160
16 83 63 73 5 0 8 0.08 0.0 0 11.7 22 160 M M 6 3 27 160
17 82 66 74 7 0 9 0.63 0.0 0 12.0 25 180 M M 8 13 35 180
18 86 62 74 7 0 9 T 0.0 0 5.2 14 20 M M 4 16 40
19 90 61 76 10 0 11 0.00 0.0 0 10.5 24 140 M M 2 29 130
20 100 71 86 20 0 21 0.00 0.0 0 9.3 18 220 M M 3 27 210
21 75 53 64 -2 1 0 T 0.0 0 12.0 22 360 M M 6 31 360
22 63 50 57 -8 8 0 0.01 0.0 0 5.9 12 170 M M 9 14 170
23 60 53 57 -8 8 0 0.18 0.0 0 12.6 26 160 M M 10 1 32 160
24 87 52 70 6 0 5 0.00 0.0 0 8.9 23 300 M M 4 1 31 310
25 79 49 64 0 1 0 0.00 0.0 0 11.4 31 350 M M 1 41 310
26 76 44 60 -4 5 0 0.00 0.0 0 4.5 17 300 M M 4 8 25 320
27 80 43 62 -1 3 0 0.00 0.0 0 6.7 20 70 M M 2 1 28 80
28 69 40 55 -8 10 0 0.00 0.0 0 7.4 15 110 M M 1 21 140
29 74 44 59 -3 6 0 0.00 0.0 0 14.4 22 160 M M 2 28 170
30 79 51 65 3 0 0 0.00 0.0 0 14.1 25 140 M M 5 30 140
================================================================================
SM 2451 1683 51 176 1.55 0.0 287.5 M 111
================================================================================
AV 81.7 56.1 9.6 FASTST M M 4 MAX(MPH)
MISC ----> 31 350 41 310
================================================================================
NOTES:
# LAST OF SEVERAL OCCURRENCES
COLUMN 17 PEAK WIND IN M.P.H.
PRELIMINARY LOCAL CLIMATOLOGICAL DATA (WS FORM: F-6) , PAGE 2
STATION: OMAHA NE
MONTH: SEPTEMBER
YEAR: 2022
LATITUDE: 41 17 N
LONGITUDE: 95 54 W
[TEMPERATURE DATA] [PRECIPITATION DATA] SYMBOLS USED IN COLUMN 16
AVERAGE MONTHLY: 68.9 TOTAL FOR MONTH: 1.55 1 = FOG OR MIST
DPTR FM NORMAL: 1.3 DPTR FM NORMAL: -1.41 2 = FOG REDUCING VISIBILITY
HIGHEST: 100 ON 20 GRTST 24HR 0.65 ON 10-10 TO 1/4 MILE OR LESS
LOWEST: 40 ON 28 3 = THUNDER
SNOW, ICE PELLETS, HAIL 4 = ICE PELLETS
TOTAL MONTH: 0.0 INCH 5 = HAIL
GRTST 24HR 0.0 6 = FREEZING RAIN OR DRIZZLE
GRTST DEPTH: 0 7 = DUSTSTORM OR SANDSTORM:
VSBY 1/2 MILE OR LESS
8 = SMOKE OR HAZE
[NO. OF DAYS WITH] [WEATHER - DAYS WITH] 9 = BLOWING SNOW
X = TORNADO
MAX 32 OR BELOW: 0 0.01 INCH OR MORE: 5
MAX 90 OR ABOVE: 5 0.10 INCH OR MORE: 3
MIN 32 OR BELOW: 0 0.50 INCH OR MORE: 2
MIN 0 OR BELOW: 0 1.00 INCH OR MORE: 0
[HDD (BASE 65) ]
TOTAL THIS MO. 51 CLEAR (SCALE 0-3) 15
DPTR FM NORMAL -19 PTCLDY (SCALE 4-7) 12
TOTAL FM JUL 1 51 CLOUDY (SCALE 8-10) 3
DPTR FM NORMAL -23
[CDD (BASE 65) ]
TOTAL THIS MO. 176
DPTR FM NORMAL 28 [PRESSURE DATA]
TOTAL FM JAN 1 1446 HIGHEST SLP 30.49 ON 28
DPTR FM NORMAL 174 LOWEST SLP 29.71 ON 8
[REMARKS]
#FINAL-09-22#