000
CXUS53 KOAX 011917
CLAOMA
CLIMATE REPORT
NATIONAL WEATHER SERVICE OMAHA/VALLEY NE
152 PM CST SUN JAN 01 2023
...................................
...THE OMAHA NE CLIMATE SUMMARY FOR THE YEAR OF 2022...
CLIMATE NORMAL PERIOD 1991 TO 2020
CLIMATE RECORD PERIOD 1871 TO 2022
WEATHER OBSERVED NORMAL DEPART
VALUE DATE(S) VALUE FROM
NORMAL
................................................
TEMPERATURE (F)
HIGHEST 101 06/13
08/02
LOWEST -14 12/22
AVG. MAXIMUM 63.8 62.8 1.0
AVG. MINIMUM 39.8 42.1 -2.3
MEAN 51.8 52.4 -0.6
DAYS MAX >= 90 49
DAYS MAX <= 32 43
DAYS MIN <= 32 156
DAYS MIN <= 0 12
PRECIPITATION (INCHES)
TOTALS 22.54 31.86 -9.32
DAYS >= .01 88
DAYS >= .10 48
DAYS >= .50 18
DAYS >= 1.00 3
GREATEST
24 HR. TOTAL 1.82
STORM TOTAL 1.13
(MM/DD(HH))
SNOWFALL (INCHES)
TOTALS 14.8 27.1 -12.3
DAYS >= TRACE 39
DAYS >= 1.0 6
GREATEST
SNOW DEPTH 4 01/15
01/16
24 HR TOTAL 4.4
STORM TOTAL 4.4
(MM/DD(HH))
DEGREE DAYS
HEATING TOTAL 6161 5833 328
COOLING TOTAL 1471 1294 177
................................................
WIND (MPH)
HIGHEST WIND SPEED/DIRECTION 45/180 DATE 04/23
HIGHEST GUST SPEED/DIRECTION 63/180 DATE 04/23
WEATHER CONDITIONS. NUMBER OF DAYS WITH
THUNDERSTORM 52 MIXED PRECIP 0
HEAVY RAIN 24 RAIN 32
LIGHT RAIN 107 FREEZING RAIN 1
LT FREEZING RAIN 8 HAIL 4
HEAVY SNOW 1 SNOW 5
LIGHT SNOW 35 SLEET 1
FOG 93 FOG W/VIS <= 1/4 MILE 8
HAZE 21
- INDICATES NEGATIVE NUMBERS.
R INDICATES RECORD WAS SET OR TIED.
MM INDICATES DATA IS MISSING.
T INDICATES TRACE AMOUNT.
&&
2022 IN OMAHA WAS COOLER AND MUCH DRIER THAN NORMAL. THE YEAR ENDED
UP 0.6 DEGREES BELOW NORMAL FOR AVERAGE TEMPERATURE AND 9.32 INCHES
BELOW NORMAL FOR PRECIPITATION. SNOWFALL FOR THE YEAR MEASURED 14.8
INCHES AND WAS 12.3 INCHES BELOW NORMAL. IT WAS THE 18TH LEAST
SNOWIEST YEAR ON RECORD. THE PEAK WIND FOR THE YEAR 63 MPH ON APRIL
23. THE HOTTEST DAY OF THE YEAR WAS 101 AND THE COLDEST WAS -14.
TEMPERATURES PRECIPITATION
AVG. DEPART MAX MIN TOTAL DEPART SNOW/SLEET DEPART TSTORM PEAK
DAYS WIND
JAN22.8 -1.6 58 -8 0.52 -0.23 7.0 -0.2 0 60
FEB28.3 -0.6 70 -2 0.22 -0.73 0.5 -7.3 0 50
MAR41.0 -0.3 79 7 2.68 0.89 2.5 -0.5 2 54
APR52.6 -2.4 91 22 1.72 -1.45 T -1.0 7 63
MAY63.6 1.1 97 37 5.32 0.66 0.0 -0.1 8 62
JUN75.0 1.1 101 45 2.95 -1.49 0.0 0.0 8 49
JUL78.2 0.1 100 55 2.73 -0.82 0.0 0.0 10 51
AUG76.7 1.0 101 57 2.67 -1.93 0.0 0.0 9 38
SEP68.9 1.3 100 40 1.55 -1.41 0.0 0.0 4 41
OCT54.2 -0.2 87 16 0.56 -1.76 T -0.5 2 52
NOV37.6 -2.6 78 11 0.57 -0.88 0.2 -1.5 1 52
DEC24.3 -4.4 59 -14 1.05 -0.17 4.6 -1.2 1 51
YEAR 51.8 -0.6101-14 22.54 -9.32 14.8 -12.3 52 63
DAILY RECORDS
DATE RECORD TYPE READINGPREVIOUS RECORD
MARCH 2 MAXIMUM TEMPERATURE 79 76 IN 1992
APRIL 12 MAXIMUM TEMPERATURE 91 86 IN 1916
APRIL 26 MINIMUM TEMPERATURE 28 29 IN 1931
MAY 2 MIN MAXIMUM TEMP 45 45 IN 1954/1953
MAY 11 MAX MINIMUM TEMP 70 67 IN 1879
MAY 11 MAXIMUM TEMPERATURE 96 93 IN 2000
MAY 12 MAXIMUM TEMPERATURE 97 93 IN 1956
JUNE 13 MAX MINIMUM TEMP 79 78 IN 1952
JUNE 13 MAXIMUM TEMPERATURE 101 101 IN 1952
JUNE 20 MAX MINIMUM TEMP 76 76 IN 1937
SEPTEMBER 20 MAXIMUM TEMPERATURE 100 95 IN 2018
OCTOBER 18 MINIMUM TEMPERATURE 16 20 IN 1972
OCTOBER 23 MAXIMUM TEMPERATURE 87 84 IN 1899
NOVEMBER 9 MAX MINIMUM TEMP 60 50 IN 1917
NOVEMBER 9 MAXIMUM TEMPERATURE 75 73 IN 1999
MONTHLY RANKINGS
TEMPERATURE PRECIPITATION SNOWFALL
JAN -- -- --
FEB -- -- 8TH DRIEST
MAR -- -- --
APR -- -- --
MAY -- -- --
JUN -- -- --
JUL -- -- --
AUG -- -- --
SEP -- -- --
OCT -- -- --
NOV -- -- --
DEC -- -- --
SEASONAL RANKINGS
13TH DRIEST DEC-JAN-FEB FOR PRECIPITATION
12TH DRIEST DEC-JAN-FEB FOR SNOWFALL
8TH DRIEST SEP-OCT-NOV FOR PRECIPITATION
YEARLY RANKINGS
18TH LEAST SNOWIEST YEAR
$$
DEWALD