000
CXUS53 KOAX 011030
CF6TQE
PRELIMINARY LOCAL CLIMATOLOGICAL DATA (WS FORM: F-6)
STATION: TEKAMAH NE
MONTH: DECEMBER
YEAR: 2022
LATITUDE: 41 46 N
LONGITUDE: 96 11 W
TEMPERATURE IN F: :PCPN: SNOW: WIND :SUNSHINE: SKY :PK WND
================================================================================
1 2 3 4 5 6A 6B 7 8 9 10 11 12 13 14 15 16 17 18
12Z AVG MX 2MIN
DY MAX MIN AVG DEP HDD CDD WTR SNW DPTH SPD SPD DIR MIN PSBL S-S WX SPD DR
================================================================================
1 49 5 27 -4 38 0 0.00 M M 17.4 35 180 M M 0 43 180
2 52 16 34 4 31 0 T M M 19.9 37 320 M M 2 49 310
3 34 1 18 -12 47 0 0.00 M M 10.4 29 320 M M 0 36 330
4 49 10 30 0 35 0 0.00 M M 8.1 14 170 M M 0 16 180
5 42 23 33 4 32 0 0.00 M M 11.3 26 360 M M 3 8 33 350
6 44 15 30 1 35 0 0.00 M M 4.6 16 210 M M 3 23 190
7 36 10 23 -6 42 0 0.00 M M 8.7 22 350 M M 0 27 340
8 35 13 24 -4 41 0 0.28 M M 5.8 12 360 M M 7 1368 14 360
9 37 34 36 8 29 0 0.01 M M 6.8 12 330 M M 10 1 M M
10 42 21 32 4 33 0 0.00 M M 8.0 15 300 M M 5 1 20 270
11 45 17 31 4 34 0 0.00 M M 9.0 22 140 M M 2 27 140
12 37 32 35 8 30 0 0.56 M M 17.0 24 120 M M 10 13 32 120
13 47 33 40 13 25 0 0.66 M M 20.1 32 100 M M 8 13 40 100
14 35 30 33 7 32 0 T M M 15.6 25 180 M M 10 33 170
15 32 22 27 1 38 0 T M M 23.4 36 300 M M 9 8 50 300
16 25 17 21 -5 44 0 T M M 19.7 31 290 M M 9 39 300
17 23 8 16 -9 49 0 0.00 M M 15.2 26 320 M M 4 35 300
18 24 3 14 -11 51 0 0.00 M M 5.2 9 290 M M 0 M M
19 25 11 18 -7 47 0 0.06 M M 10.7 22 330 M M 8 168 30 330
20 12 -1 6 -19 59 0 0.00 M M 9.7 22 320 M M 1 25 320
21 14 -3 6 -18 59 0 T M M 11.7 33 320 M M 8 1689 42 320
22 -3 -15 -9 -33 74 0 T M M 27.2 36 310 M M 9 8 45 320
23 2 -8 -3 -27 68 0 T M M 24.7 37 310 M M 8 89 48 320
24 13 -2 6 -18 59 0 0.00 M M 12.7 22 320 M M 0 27 300
25 34 -6 14 -10 51 0 T M M 11.3 33 310 M M 4 8 42 300
26 23 2 13 -10 52 0 T M M 14.8 36 310 M M 4 47 300
27 36 13 25 2 40 0 0.00 M M 18.0 29 190 M M 0 34 180
28 45 27 36 13 29 0 T M M 11.2 23 180 M M 2 28 190
29 44 25 35 12 30 0 0.01 M M 11.3 26 310 M M 9 16 37 310
30 45 17 31 8 34 0 0.00 M M 6.4 15 230 M M 1 1 18 200
31 46 23 35 12 30 0 0.00 M M 7.3 17 180 M M 4 20 180
================================================================================
SM 1024 393 1298 0 1.58 M 403.2 M 140
================================================================================
AV 33.0 12.7 13.0 FASTST M M 5 MAX(MPH)
MISC ----> # 37 320 50 300
================================================================================
NOTES:
# LAST OF SEVERAL OCCURRENCES
COLUMN 17 PEAK WIND IN M.P.H.
PRELIMINARY LOCAL CLIMATOLOGICAL DATA (WS FORM: F-6) , PAGE 2
STATION: TEKAMAH NE
MONTH: DECEMBER
YEAR: 2022
LATITUDE: 41 46 N
LONGITUDE: 96 11 W
[TEMPERATURE DATA] [PRECIPITATION DATA] SYMBOLS USED IN COLUMN 16
AVERAGE MONTHLY: 22.9 TOTAL FOR MONTH: 1.58 1 = FOG OR MIST
DPTR FM NORMAL: -3.2 DPTR FM NORMAL: 0.69 2 = FOG REDUCING VISIBILITY
HIGHEST: 52 ON 2 GRTST 24HR 1.22 ON 12-13 TO 1/4 MILE OR LESS
LOWEST: -15 ON 22 3 = THUNDER
SNOW, ICE PELLETS, HAIL 4 = ICE PELLETS
TOTAL MONTH: M 5 = HAIL
GRTST 24HR M ON M 6 = FREEZING RAIN OR DRIZZLE
GRTST DEPTH: M ON M 7 = DUSTSTORM OR SANDSTORM:
VSBY 1/2 MILE OR LESS
8 = SMOKE OR HAZE
[NO. OF DAYS WITH] [WEATHER - DAYS WITH] 9 = BLOWING SNOW
X = TORNADO
MAX 32 OR BELOW: 11 0.01 INCH OR MORE: 6
MAX 90 OR ABOVE: 0 0.10 INCH OR MORE: 3
MIN 32 OR BELOW: 29 0.50 INCH OR MORE: 2
MIN 0 OR BELOW: 6 1.00 INCH OR MORE: 0
[HDD (BASE 65) ]
TOTAL THIS MO. 1298 CLEAR (SCALE 0-3) 14
DPTR FM NORMAL 92 PTCLDY (SCALE 4-7) 8
TOTAL FM JUL 1 2649 CLOUDY (SCALE 8-10) 9
DPTR FM NORMAL 90
[CDD (BASE 65) ]
TOTAL THIS MO. 0
DPTR FM NORMAL 0 [PRESSURE DATA]
TOTAL FM JAN 1 1305 HIGHEST SLP 30.74 ON 20
DPTR FM NORMAL 291 LOWEST SLP 29.38 ON 28
[REMARKS]
#FINAL-12-22#